216.35.103.51 - - [22/Mar/2000:22:56:49 +0000] "GET /people/nicr/ HTTP/1.0" 200 1839
216.35.116.57 - - [22/Mar/2000:22:56:52 +0000] "GET /partners/airflow/PFE/subject_38.shtml HTTP/1.0" 200 7532
216.35.103.78 - - [22/Mar/2000:22:57:24 +0000] "GET /people/colinr/subject_10.shtml HTTP/1.0" 200 2278
216.35.103.75 - - [22/Mar/2000:22:58:56 +0000] "GET /people HTTP/1.0" 301 185
216.35.103.57 - - [22/Mar/2000:23:01:53 +0000] "GET /partners/intermail/subject.shtml HTTP/1.0" 200 2852
216.35.103.57 - - [22/Mar/2000:23:01:56 +0000] "GET /bobfest/1997/dos.html HTTP/1.0" 404 174
216.35.103.56 - - [22/Mar/2000:23:02:22 +0000] "GET /partners/intermail/beano/proposal.html HTTP/1.0" 200 37402
216.35.116.68 - - [22/Mar/2000:23:03:56 +0000] "GET /partners/airflow/silvermans/mailform_4.txt HTTP/1.0" 200 749
216.35.116.79 - - [22/Mar/2000:23:04:17 +0000] "GET /system/messages/81.shtml HTTP/1.0" 200 4484
216.35.116.67 - - [22/Mar/2000:23:05:32 +0000] "GET /partners/xstreammedia/theroom/sitev2/checkout_bod.htm HTTP/1.0" 200 596
216.35.103.60 - - [22/Mar/2000:23:06:26 +0000] "GET /people/williamc/customer.html HTTP/1.0" 200 1930
216.35.116.60 - - [22/Mar/2000:23:06:58 +0000] "GET /partners/chameleon/archive/dos.html HTTP/1.0" 200 7711
216.35.116.73 - - [22/Mar/2000:23:07:17 +0000] "GET /partners/airflow/login/subject_3.shtml HTTP/1.0" 404 191
216.35.103.60 - - [22/Mar/2000:23:09:50 +0000] "GET /partners/hoop/buxtons/navigate.html HTTP/1.0" 200 1662
216.35.103.56 - - [22/Mar/2000:23:11:49 +0000] "GET /people/keithh/contents.html HTTP/1.0" 200 2768
216.35.116.54 - - [22/Mar/2000:23:12:15 +0000] "GET /partners/context/consortia/subject_11.shtml HTTP/1.0" 200 4669
216.35.116.56 - - [22/Mar/2000:23:13:10 +0000] "GET /partners/keyhaven/sendmail/development/navigate.html HTTP/1.0" 200 1666
207.240.216.78 - - [22/Mar/2000:23:13:18 +0000] "GET /partners/winsql/subject_4.shtml HTTP/1.0" 200 2085
207.240.216.78 - - [22/Mar/2000:23:13:20 +0000] "GET /images/redball.gif HTTP/1.0" 200 380
207.240.216.78 - - [22/Mar/2000:23:13:23 +0000] "GET /images/greenball.gif HTTP/1.0" 200 104
216.35.116.76 - - [22/Mar/2000:23:14:06 +0000] "GET /partners/context/custs.shtml HTTP/1.0" 200 3102
216.35.103.75 - - [22/Mar/2000:23:14:18 +0000] "GET /people/ HTTP/1.0" 200 1834
216.35.103.54 - - [22/Mar/2000:23:14:36 +0000] "GET /partners/virtualstaff/dos.html HTTP/1.0" 200 7994
216.35.116.66 - - [22/Mar/2000:23:16:24 +0000] "GET /partners/xstreammedia/theroom/sitev2/index_bod.htm HTTP/1.0" 200 3171
216.35.103.74 - - [22/Mar/2000:23:16:41 +0000] "GET /system/PMS/contents.html HTTP/1.0" 200 2759
216.35.116.72 - - [22/Mar/2000:23:18:03 +0000] "GET /partners/context/DXpress/aatest.html HTTP/1.0" 200 1407
195.102.201.166 - - [22/Mar/2000:23:18:17 +0000] "GET /system/setup/dos.html HTTP/1.1" 200 13383
216.35.116.58 - - [22/Mar/2000:23:20:26 +0000] "GET /partners/hoop/whitewilson/site.old/contact/gifs/customer.html HTTP/1.0" 200 1994
216.35.116.58 - - [22/Mar/2000:23:20:58 +0000] "GET /partners/hoop/whitewilson/skeleton/menu/contents.html HTTP/1.0" 200 2566
216.35.116.53 - - [22/Mar/2000:23:23:00 +0000] "GET /partners/context/airflow/subject_6.shtml HTTP/1.0" 404 193
216.35.116.70 - - [22/Mar/2000:23:23:20 +0000] "GET /partners/context/apologia.shtml HTTP/1.0" 200 4924
216.35.103.53 - - [22/Mar/2000:23:23:21 +0000] "GET /people/danielh/subject_8.shtml HTTP/1.0" 200 7376
216.35.103.57 - - [22/Mar/2000:23:25:20 +0000] "GET /partners/hoop/whitewilson/site.old/menu_gifs HTTP/1.0" 301 223
216.35.103.51 - - [22/Mar/2000:23:26:06 +0000] "GET /system/test/subject_9.shtml HTTP/1.0" 200 1426
216.35.103.57 - - [22/Mar/2000:23:28:13 +0000] "GET /partners/netalliance/TVlistings/demo/navigate.html HTTP/1.0" 200 1659
216.35.103.74 - - [22/Mar/2000:23:29:05 +0000] "GET /partners/GP/greenworld/subject_1.shtml HTTP/1.0" 200 3326
24.226.192.53 - - [22/Mar/2000:23:29:17 +0000] "GET /people/mylesc/newpan/dos.html HTTP/1.0" 200 9784
24.226.192.53 - - [22/Mar/2000:23:29:22 +0000] "GET /people/mylesc/newpan/example_urls.txt HTTP/1.0" 200 157
216.35.116.57 - - [22/Mar/2000:23:29:41 +0000] "GET /system/messages/206.shtml HTTP/1.0" 200 4639
216.35.116.57 - - [22/Mar/2000:23:30:53 +0000] "GET /partners/hoop/whitewilson/site/claims/gifs/actions.shtml HTTP/1.0" 200 18765
216.35.103.57 - - [22/Mar/2000:23:31:01 +0000] "GET /tim/diary/1999/19990711/customer.html HTTP/1.0" 200 1949
216.35.116.55 - - [22/Mar/2000:23:31:30 +0000] "GET /system/messages/160.shtml HTTP/1.0" 200 4487
216.35.116.57 - - [22/Mar/2000:23:31:31 +0000] "GET /robots.txt HTTP/1.0" 200 180
216.35.116.60 - - [22/Mar/2000:23:33:25 +0000] "GET /partners/sparks/logo.html HTTP/1.0" 200 1088
216.35.103.57 - - [22/Mar/2000:23:34:10 +0000] "GET /system/setup/hardware/subject_10.shtml HTTP/1.0" 200 7265
216.35.116.73 - - [22/Mar/2000:23:34:11 +0000] "GET /partners/create_node_11.template HTTP/1.0" 200 3310
216.35.103.76 - - [22/Mar/2000:23:34:47 +0000] "GET /partners/JPS/commonwealth/report/gifs/dos.html HTTP/1.0" 200 12814
216.35.103.54 - - [22/Mar/2000:23:35:36 +0000] "GET /people/danielh/subject_5.shtml HTTP/1.0" 200 7564
216.35.116.67 - - [22/Mar/2000:23:35:39 +0000] "GET /partners/xstreammedia/theroom/sitev2/silver/contents.html HTTP/1.0" 200 2805
216.35.116.51 - - [22/Mar/2000:23:37:48 +0000] "GET /partners/context/archive/casio HTTP/1.0" 301 209
216.35.103.57 - - [22/Mar/2000:23:39:17 +0000] "GET /partners/hoop/whitewilson/site.old/menu_gifs/ HTTP/1.0" 200 1872
216.35.116.62 - - [22/Mar/2000:23:39:26 +0000] "GET /companies/iway/ebc/messages HTTP/1.0" 404 180
216.35.116.77 - - [22/Mar/2000:23:39:52 +0000] "GET /system/technology/webmacro/subject_6.shtml HTTP/1.0" 200 2905
216.35.103.75 - - [22/Mar/2000:23:40:43 +0000] "GET /system/CVS HTTP/1.0" 301 189
216.35.116.76 - - [22/Mar/2000:23:41:32 +0000] "GET /partners/netalliance/installation/quiz/logo.html HTTP/1.0" 200 1088
216.35.116.50 - - [22/Mar/2000:23:42:56 +0000] "GET /Ruth/logo.html HTTP/1.0" 200 1088
216.35.103.55 - - [22/Mar/2000:23:43:47 +0000] "GET /partners/netalliance/TVlistings/demo/dos.html HTTP/1.0" 200 9230
205.188.208.12 - - [22/Mar/2000:23:44:13 +0000] "GET /house/subject_13.shtml HTTP/1.0" 200 3961
216.35.103.54 - - [22/Mar/2000:23:44:15 +0000] "GET /partners/airflow/cmc/subject.shtml HTTP/1.0" 200 3073
205.188.208.44 - - [22/Mar/2000:23:44:17 +0000] "GET /images/pe.gif HTTP/1.0" 200 417
205.188.208.8 - - [22/Mar/2000:23:44:17 +0000] "GET /javascript/floater.js HTTP/1.0" 200 2611
205.188.208.70 - - [22/Mar/2000:23:44:17 +0000] "GET /images/greenball.gif HTTP/1.0" 200 104
216.35.103.78 - - [22/Mar/2000:23:45:26 +0000] "GET /partners/netalliance/installation/crossword/contents.html HTTP/1.0" 200 2804
216.35.103.51 - - [22/Mar/2000:23:46:15 +0000] "GET /system/test/subject_24.shtml HTTP/1.0" 200 3300
216.35.103.56 - - [22/Mar/2000:23:46:52 +0000] "GET /partners/airflow/PFE/implementation_3.shtml HTTP/1.0" 200 8657
216.35.103.75 - - [22/Mar/2000:23:47:00 +0000] "GET /partners/fortune/customer.html HTTP/1.0" 404 183
216.35.116.58 - - [22/Mar/2000:23:47:29 +0000] "GET /partners/netalliance/quiz/dos.html HTTP/1.0" 200 11022
216.35.103.74 - - [22/Mar/2000:23:48:46 +0000] "GET /system/setup/hardware/customer.html HTTP/1.0" 200 1942
216.35.103.56 - - [22/Mar/2000:23:49:49 +0000] "GET /partners/hoop/whitewilson/site.old/contact/gifs/logo.html HTTP/1.0" 200 1088
216.35.103.57 - - [22/Mar/2000:23:50:02 +0000] "GET /partners/keyhaven/eclipse/subject_4.shtml HTTP/1.0" 200 2930
216.35.103.56 - - [22/Mar/2000:23:50:05 +0000] "GET /partners/hoop/whitewilson/site.old/clients/gifs/navigate.html HTTP/1.0" 200 1659
216.35.116.71 - - [22/Mar/2000:23:50:13 +0000] "GET /partners/airflow/PFE/quality_5.shtml HTTP/1.0" 200 16160
216.35.103.60 - - [22/Mar/2000:23:50:37 +0000] "GET /partners/GP/greenworld/development/navigate.html HTTP/1.0" 200 1666
216.35.116.53 - - [22/Mar/2000:23:52:03 +0000] "GET /partners/keyhaven/sterling/logo.html HTTP/1.0" 200 1076
216.35.116.55 - - [22/Mar/2000:23:52:52 +0000] "GET /people/timp/subject_5.shtml HTTP/1.0" 200 2629
216.35.116.61 - - [22/Mar/2000:23:53:24 +0000] "GET /companies/context/archive/casio HTTP/1.0" 404 184
216.35.116.70 - - [22/Mar/2000:23:53:32 +0000] "GET /partners/hoop/Adrift/contents.html HTTP/1.0" 200 2775
216.35.103.75 - - [22/Mar/2000:23:54:34 +0000] "GET /system/CVS/ HTTP/1.0" 200 1838
62.60.4.152 - - [22/Mar/2000:23:54:42 +0000] "GET /images/pe.gif HTTP/1.1" 304 -
216.35.116.51 - - [22/Mar/2000:23:56:47 +0000] "GET /partners/context/archive/casio/ HTTP/1.0" 200 1858
216.35.116.68 - - [22/Mar/2000:23:57:04 +0000] "GET /tim/diary/subject_2.shtml HTTP/1.0" 200 695
216.35.103.77 - - [22/Mar/2000:23:58:35 +0000] "GET /people/keithh HTTP/1.0" 301 192
216.35.103.59 - - [22/Mar/2000:23:59:42 +0000] "GET /system/messages/59.shtml HTTP/1.0" 200 5247
216.35.103.75 - - [23/Mar/2000:00:00:33 +0000] "GET /partners/airflow/cmc/navigate.html HTTP/1.0" 200 1658
195.7.235.208 - - [23/Mar/2000:00:02:11 +0000] "GET /partners/keyhaven/corps/costs.html HTTP/1.1" 200 5450
195.44.20.239 - - [23/Mar/2000:00:03:40 +0000] "GET /house/subject.shtml HTTP/1.0" 200 4214
195.44.20.239 - - [23/Mar/2000:00:03:42 +0000] "GET /images/greenball.gif HTTP/1.0" 304 -
195.44.20.239 - - [23/Mar/2000:00:03:42 +0000] "GET /images/pe.gif HTTP/1.0" 304 -
195.44.20.239 - - [23/Mar/2000:00:03:42 +0000] "GET /javascript/floater.js HTTP/1.0" 200 2611
216.35.103.52 - - [23/Mar/2000:00:04:14 +0000] "GET /partners/M4T/londonforless/customer.html HTTP/1.0" 200 1952
216.35.103.51 - - [23/Mar/2000:00:04:17 +0000] "GET /partners/context/archive/catis/logo.html HTTP/1.0" 200 832
216.35.103.60 - - [23/Mar/2000:00:06:25 +0000] "GET /partners/context/DXpress/input/navigate.html HTTP/1.0" 200 1660
216.35.103.55 - - [23/Mar/2000:00:06:37 +0000] "GET /philosophy/contents.html HTTP/1.0" 200 2930
216.35.103.56 - - [23/Mar/2000:00:09:44 +0000] "GET /partners/idealnet/auction/quality_5.shtml HTTP/1.0" 200 16434
195.44.20.239 - - [23/Mar/2000:00:09:53 +0000] "GET /house/subject.shtml HTTP/1.0" 200 4214
195.44.20.239 - - [23/Mar/2000:00:09:54 +0000] "GET /house/subject.shtml HTTP/1.0" 200 4214
216.35.103.77 - - [23/Mar/2000:00:10:53 +0000] "GET /people/keithh/ HTTP/1.0" 200 1841
216.35.103.60 - - [23/Mar/2000:00:11:42 +0000] "GET /partners/keyhaven/corps/site/gifs/2ndary/logo.html HTTP/1.0" 200 1076
216.35.103.76 - - [23/Mar/2000:00:13:21 +0000] "GET /house/gfront/dos.html HTTP/1.0" 200 9581
216.35.103.76 - - [23/Mar/2000:00:14:25 +0000] "GET /people/money_13.shtml HTTP/1.0" 200 6411
216.35.103.77 - - [23/Mar/2000:00:16:30 +0000] "GET /partners/hoop/whitewilson/skeleton/menu/dos.html HTTP/1.0" 200 6456
216.35.103.57 - - [23/Mar/2000:00:16:58 +0000] "GET /partners/idealnet/auction/subject_7.shtml HTTP/1.0" 200 4015
216.35.103.78 - - [23/Mar/2000:00:19:22 +0000] "GET /partners/keyhaven/corps/site/gifs/logo.html HTTP/1.0" 200 1076
216.35.103.54 - - [23/Mar/2000:00:22:49 +0000] "GET /partners/M4T/m4t/dos.html HTTP/1.0" 200 7801
203.18.240.4 - - [23/Mar/2000:00:23:19 +0000] "GET /partners/airflow/PFE/requirements_6.shtml HTTP/1.0" 200 3901
203.18.240.4 - - [23/Mar/2000:00:23:24 +0000] "GET /images/pe.gif HTTP/1.0" 200 417
203.18.240.4 - - [23/Mar/2000:00:23:24 +0000] "GET /javascript/floater.js HTTP/1.0" 200 2611
203.18.240.4 - - [23/Mar/2000:00:23:31 +0000] "GET /partners/airflow/PFE/' HTTP/1.0" 404 175
203.18.240.4 - - [23/Mar/2000:00:23:31 +0000] "GET /partners/airflow/PFE/'/partners/airflow/PFE/requirements_5.shtml' HTTP/1.0" 404 218
203.18.240.4 - - [23/Mar/2000:00:23:31 +0000] "GET /partners/airflow/PFE/actions.shtml HTTP/1.0" 200 18457
63.198.45.14 - - [23/Mar/2000:00:23:33 +0000] "GET /mylesc.html HTTP/1.1" 200 713
63.198.45.14 - - [23/Mar/2000:00:23:33 +0000] "GET /menu.html HTTP/1.1" 200 2410
63.198.45.14 - - [23/Mar/2000:00:23:33 +0000] "GET /index2.html HTTP/1.1" 200 12513
63.198.45.14 - - [23/Mar/2000:00:23:33 +0000] "GET /affiliations.gif HTTP/1.1" 200 2327
63.198.45.14 - - [23/Mar/2000:00:23:34 +0000] "GET /affiliations2.gif HTTP/1.1" 200 2253
63.198.45.14 - - [23/Mar/2000:00:23:34 +0000] "GET /biography.gif HTTP/1.1" 200 2224
63.198.45.14 - - [23/Mar/2000:00:23:34 +0000] "GET /biography2.gif HTTP/1.1" 200 2148
63.198.45.14 - - [23/Mar/2000:00:23:34 +0000] "GET /experience.gif HTTP/1.1" 200 4049
63.198.45.14 - - [23/Mar/2000:00:23:34 +0000] "GET /experience2.gif HTTP/1.1" 200 3926
63.198.45.14 - - [23/Mar/2000:00:23:34 +0000] "GET /project.gif HTTP/1.1" 200 3610
63.198.45.14 - - [23/Mar/2000:00:23:35 +0000] "GET /project2.gif HTTP/1.1" 200 3495
63.198.45.14 - - [23/Mar/2000:00:23:35 +0000] "GET /cv.gif HTTP/1.1" 200 1963
63.198.45.14 - - [23/Mar/2000:00:23:35 +0000] "GET /cv2.gif HTTP/1.1" 200 1878
63.198.45.14 - - [23/Mar/2000:00:23:35 +0000] "GET /contact.gif HTTP/1.1" 200 2231
63.198.45.14 - - [23/Mar/2000:00:23:35 +0000] "GET /contact2.gif HTTP/1.1" 200 2147
63.198.45.14 - - [23/Mar/2000:00:23:35 +0000] "GET /banner2.gif HTTP/1.1" 200 7731
63.198.45.14 - - [23/Mar/2000:00:23:35 +0000] "GET /heading.gif HTTP/1.1" 200 9896
216.35.103.52 - - [23/Mar/2000:00:24:40 +0000] "GET /partners/hoop/whitewilson/site/2000/gifs/contents.html HTTP/1.0" 200 2798
155.69.1.44 - - [23/Mar/2000:00:24:48 +0000] "GET /index2.html HTTP/1.0" 200 12513
155.69.1.44 - - [23/Mar/2000:00:24:49 +0000] "GET /banner2.gif HTTP/1.0" 200 7731
155.69.1.44 - - [23/Mar/2000:00:24:49 +0000] "GET /heading.gif HTTP/1.0" 200 9896
216.35.103.58 - - [23/Mar/2000:00:24:56 +0000] "GET /people/danielh/subject_1.shtml HTTP/1.0" 200 2577
216.35.103.53 - - [23/Mar/2000:00:25:57 +0000] "GET /Owen HTTP/1.0" 301 183
216.35.103.78 - - [23/Mar/2000:00:29:21 +0000] "GET /people/williamc/contents.html HTTP/1.0" 200 2774
216.35.103.51 - - [23/Mar/2000:00:31:02 +0000] "GET /partners/hoop/whitewilson/site/menu_gifs/up/navigate.html HTTP/1.0" 200 1657
216.35.103.57 - - [23/Mar/2000:00:31:45 +0000] "GET /partners/hoop/powerhouse/subject_2.shtml HTTP/1.0" 200 2276
216.35.140.147 - - [23/Mar/2000:00:35:19 +0000] "GET /system/messages/178.shtml HTTP/1.1" 200 7631
216.35.116.68 - - [23/Mar/2000:00:37:38 +0000] "GET /tim/diary/subject_2.shtml HTTP/1.0" 200 695
216.35.116.76 - - [23/Mar/2000:00:37:57 +0000] "GET /partners/netalliance/installation/quiz/logo.html HTTP/1.0" 200 1088
216.35.116.77 - - [23/Mar/2000:00:37:58 +0000] "GET /system/technology/webmacro/subject_6.shtml HTTP/1.0" 200 2905
216.35.116.62 - - [23/Mar/2000:00:38:08 +0000] "GET /companies/iway/ebc/messages HTTP/1.0" 404 180
216.35.116.61 - - [23/Mar/2000:00:38:09 +0000] "GET /companies/context/archive/casio HTTP/1.0" 404 184
204.98.106.66 - - [23/Mar/2000:00:38:13 +0000] "GET /system/newbox/newbox.txt HTTP/1.0" 200 4235
216.35.116.50 - - [23/Mar/2000:00:39:17 +0000] "GET /Ruth/logo.html HTTP/1.0" 200 1088
216.35.116.58 - - [23/Mar/2000:00:39:34 +0000] "GET /partners/netalliance/quiz/dos.html HTTP/1.0" 200 11022
216.35.116.57 - - [23/Mar/2000:00:39:48 +0000] "GET /partners/chameleon/archive/dba/messages/3.shtml HTTP/1.0" 404 200
216.35.103.53 - - [23/Mar/2000:00:40:00 +0000] "GET /Owen/ HTTP/1.0" 200 1840
216.35.116.71 - - [23/Mar/2000:00:40:02 +0000] "GET /partners/airflow/PFE/quality_5.shtml HTTP/1.0" 200 16160
216.35.116.70 - - [23/Mar/2000:00:40:29 +0000] "GET /partners/hoop/Adrift/contents.html HTTP/1.0" 200 2775
216.35.116.51 - - [23/Mar/2000:00:40:58 +0000] "GET /partners/context/archive/casio HTTP/1.0" 301 209
216.35.103.78 - - [23/Mar/2000:00:41:37 +0000] "GET /partners/airflow/PFE/quality_3.shtml HTTP/1.0" 200 15981
216.35.116.53 - - [23/Mar/2000:00:42:01 +0000] "GET /partners/keyhaven/sterling/logo.html HTTP/1.0" 200 1076
216.35.103.59 - - [23/Mar/2000:00:42:02 +0000] "GET /partners/context/navigate.html HTTP/1.0" 200 1662
216.35.103.52 - - [23/Mar/2000:00:42:13 +0000] "GET /partners/hoop/whitewilson/skeleton/gifs HTTP/1.0" 301 218
216.35.116.55 - - [23/Mar/2000:00:42:22 +0000] "GET /people/timp/subject_5.shtml HTTP/1.0" 200 2629
216.35.116.64 - - [23/Mar/2000:00:42:26 +0000] "GET /partners/hoop/saa/site/navigate.html HTTP/1.0" 200 1659
216.35.103.77 - - [23/Mar/2000:00:42:58 +0000] "GET /tim/diary/1998/19980212 HTTP/1.0" 301 202
216.35.116.60 - - [23/Mar/2000:00:44:02 +0000] "GET /partners/sparks/logo.html HTTP/1.0" 200 1088
212.140.46.36 - - [23/Mar/2000:00:44:08 +0000] "GET /system/messages/105.shtml HTTP/1.1" 200 5268
216.35.103.51 - - [23/Mar/2000:00:47:50 +0000] "GET /partners/netalliance/installation/crossword HTTP/1.0" 301 222
216.35.103.55 - - [23/Mar/2000:00:52:00 +0000] "GET /partners/netalliance/installation/customer.html HTTP/1.0" 200 1966
212.188.138.250 - - [23/Mar/2000:00:52:12 +0000] "GET /images/pe.gif HTTP/1.1" 304 -
212.188.138.250 - - [23/Mar/2000:00:53:35 +0000] "GET /actions.shtml HTTP/1.1" 200 18203
216.35.103.77 - - [23/Mar/2000:00:54:10 +0000] "GET /tim/diary/1998/19980212/ HTTP/1.0" 200 1927
216.192.207.77 - - [23/Mar/2000:00:54:52 +0000] "GET /mylesc.html HTTP/1.1" 200 713
216.192.207.77 - - [23/Mar/2000:00:54:53 +0000] "GET /menu.html HTTP/1.1" 200 2410
216.192.207.77 - - [23/Mar/2000:00:54:53 +0000] "GET /index2.html HTTP/1.1" 200 12513
216.192.207.77 - - [23/Mar/2000:00:54:54 +0000] "GET /affiliations.gif HTTP/1.1" 200 2327
212.188.138.250 - - [23/Mar/2000:00:54:54 +0000] "GET /paneris/cgi-bin/modify_page.pl HTTP/1.1" 302 391
216.192.207.77 - - [23/Mar/2000:00:54:54 +0000] "GET /affiliations2.gif HTTP/1.1" 200 2253
216.192.207.77 - - [23/Mar/2000:00:54:55 +0000] "GET /biography.gif HTTP/1.1" 200 2224
216.192.207.77 - - [23/Mar/2000:00:54:56 +0000] "GET /biography2.gif HTTP/1.1" 200 2148
216.192.207.77 - - [23/Mar/2000:00:54:57 +0000] "GET /experience.gif HTTP/1.1" 200 4049
216.192.207.77 - - [23/Mar/2000:00:54:57 +0000] "GET /experience2.gif HTTP/1.1" 200 3926
216.192.207.77 - - [23/Mar/2000:00:54:58 +0000] "GET /project2.gif HTTP/1.1" 200 3495
216.192.207.77 - - [23/Mar/2000:00:54:59 +0000] "GET /project.gif HTTP/1.1" 200 3610
216.192.207.77 - - [23/Mar/2000:00:54:59 +0000] "GET /cv.gif HTTP/1.1" 200 1963
216.192.207.77 - - [23/Mar/2000:00:55:00 +0000] "GET /cv2.gif HTTP/1.1" 200 1878
216.192.207.77 - - [23/Mar/2000:00:55:00 +0000] "GET /contact.gif HTTP/1.1" 200 2231
216.192.207.77 - - [23/Mar/2000:00:55:01 +0000] "GET /contact2.gif HTTP/1.1" 200 2147
216.192.207.77 - - [23/Mar/2000:00:55:01 +0000] "GET /banner2.gif HTTP/1.1" 200 7731
216.192.207.77 - - [23/Mar/2000:00:55:02 +0000] "GET /heading.gif HTTP/1.1" 200 9896
216.35.103.52 - - [23/Mar/2000:00:57:29 +0000] "GET /partners/hoop/whitewilson/skeleton/gifs/ HTTP/1.0" 200 1946
209.192.166.34 - - [23/Mar/2000:00:57:50 +0000] "GET /partners/netalliance/TVlistings HTTP/1.1" 301 222
209.192.166.34 - - [23/Mar/2000:00:57:50 +0000] "GET /partners/netalliance/TVlistings/ HTTP/1.1" 200 1859
209.192.166.34 - - [23/Mar/2000:00:57:51 +0000] "GET /partners/netalliance/TVlistings/logo.html HTTP/1.1" 200 1088
209.192.166.34 - - [23/Mar/2000:00:57:51 +0000] "GET /partners/netalliance/TVlistings/contents.html HTTP/1.1" 200 2974
209.192.166.34 - - [23/Mar/2000:00:57:51 +0000] "GET /images/www.paneris.co.uk.gif HTTP/1.1" 200 1416
209.192.166.34 - - [23/Mar/2000:00:57:51 +0000] "GET /partners/netalliance/TVlistings/subject.shtml HTTP/1.1" 200 1817
209.192.166.34 - - [23/Mar/2000:00:57:51 +0000] "GET /images/uptriangle.gif HTTP/1.1" 200 933
209.192.166.34 - - [23/Mar/2000:00:57:51 +0000] "GET /images/text.gif HTTP/1.1" 200 926
209.192.166.34 - - [23/Mar/2000:00:57:51 +0000] "GET /images/greenball.gif HTTP/1.1" 200 104
209.192.166.34 - - [23/Mar/2000:00:57:52 +0000] "GET /javascript/floater.js HTTP/1.1" 200 2611
209.192.166.34 - - [23/Mar/2000:00:57:52 +0000] "GET /images/pe.gif HTTP/1.1" 200 417
195.92.67.52 - - [23/Mar/2000:00:58:02 +0000] "GET /glastonbury/1999/ HTTP/1.0" 200 2529
195.92.67.50 - - [23/Mar/2000:00:58:03 +0000] "GET /glastonbury/1999/bg.jpg HTTP/1.0" 200 11463
195.92.67.53 - - [23/Mar/2000:00:58:03 +0000] "GET /glastonbury/1999/PIC00008.jpg HTTP/1.0" 200 19740
195.92.67.51 - - [23/Mar/2000:00:58:03 +0000] "GET /glastonbury/1999/PIC00006.jpg HTTP/1.0" 200 39284
195.92.67.55 - - [23/Mar/2000:00:58:03 +0000] "GET /glastonbury/1999/PIC00022.jpg HTTP/1.0" 200 47351
195.92.67.41 - - [23/Mar/2000:00:58:09 +0000] "GET /paneris/cgi-bin/refresh.pl?rate=4 HTTP/1.0" 200 663
195.92.67.55 - - [23/Mar/2000:00:58:09 +0000] "GET /glastonbury/1999/1999_icon.jpg HTTP/1.0" 200 2709
195.92.67.41 - - [23/Mar/2000:00:58:14 +0000] "GET /paneris/cgi-bin/refresh.pl?node=/glastonbury/1999/&leaf=index.html&file=bg.jpg&rate=4 HTTP/1.0" 200 657
195.92.67.41 - - [23/Mar/2000:00:58:14 +0000] "GET /glastonbury/1999/bg.jpg HTTP/1.0" 206 3918
195.92.67.41 - - [23/Mar/2000:00:58:18 +0000] "GET /paneris/cgi-bin/refresh.pl?node=/glastonbury/1999/&leaf=index.html&file=30Jun99006.JPG&rate=4 HTTP/1.0" 200 673
195.92.67.51 - - [23/Mar/2000:00:58:19 +0000] "GET /glastonbury/1999/30Jun99006.JPG HTTP/1.0" 200 13357
195.92.67.41 - - [23/Mar/2000:00:58:23 +0000] "GET /paneris/cgi-bin/refresh.pl?node=/glastonbury/1999/&leaf=index.html&file=30Jun99007.JPG&rate=4 HTTP/1.0" 200 673
195.92.67.52 - - [23/Mar/2000:00:58:24 +0000] "GET /glastonbury/1999/30Jun99007.JPG HTTP/1.0" 200 16446
195.92.67.41 - - [23/Mar/2000:00:58:29 +0000] "GET /paneris/cgi-bin/refresh.pl?node=/glastonbury/1999/&leaf=index.html&file=30Jun99008.JPG&rate=4 HTTP/1.0" 200 673
195.92.67.53 - - [23/Mar/2000:00:58:30 +0000] "GET /glastonbury/1999/30Jun99008.JPG HTTP/1.0" 200 24760
195.92.67.41 - - [23/Mar/2000:00:58:35 +0000] "GET /paneris/cgi-bin/refresh.pl?node=/glastonbury/1999/&leaf=index.html&file=30Jun99009.JPG&rate=4 HTTP/1.0" 200 673
195.92.67.54 - - [23/Mar/2000:00:58:35 +0000] "GET /glastonbury/1999/30Jun99009.JPG HTTP/1.0" 200 16056
195.92.67.41 - - [23/Mar/2000:00:58:40 +0000] "GET /paneris/cgi-bin/refresh.pl?node=/glastonbury/1999/&leaf=index.html&file=30Jun99010.JPG&rate=4 HTTP/1.0" 200 673
195.92.67.52 - - [23/Mar/2000:00:58:40 +0000] "GET /glastonbury/1999/30Jun99010.JPG HTTP/1.0" 200 15304
195.92.67.41 - - [23/Mar/2000:00:58:44 +0000] "GET /paneris/cgi-bin/refresh.pl?node=/glastonbury/1999/&leaf=index.html&file=30Jun99011.JPG&rate=4 HTTP/1.0" 200 673
195.92.67.53 - - [23/Mar/2000:00:58:45 +0000] "GET /glastonbury/1999/30Jun99011.JPG HTTP/1.0" 200 26931
195.92.67.41 - - [23/Mar/2000:00:58:50 +0000] "GET /paneris/cgi-bin/refresh.pl?node=/glastonbury/1999/&leaf=index.html&file=30Jun99012.JPG&rate=4 HTTP/1.0" 200 673
195.92.67.54 - - [23/Mar/2000:00:58:51 +0000] "GET /glastonbury/1999/30Jun99012.JPG HTTP/1.0" 200 27763
195.92.67.41 - - [23/Mar/2000:00:58:57 +0000] "GET /paneris/cgi-bin/refresh.pl?node=/glastonbury/1999/&leaf=index.html&file=30Jun99013.JPG&rate=4 HTTP/1.0" 200 673
195.92.67.55 - - [23/Mar/2000:00:58:57 +0000] "GET /glastonbury/1999/30Jun99013.JPG HTTP/1.0" 200 25744
216.35.103.56 - - [23/Mar/2000:00:58:58 +0000] "GET /partners/keyhaven/corps/site/gifs/off/navigate.html HTTP/1.0" 200 1658
195.92.67.41 - - [23/Mar/2000:00:59:03 +0000] "GET /paneris/cgi-bin/refresh.pl?node=/glastonbury/1999/&leaf=index.html&file=30Jun99014.JPG&rate=4 HTTP/1.0" 200 673
195.92.67.50 - - [23/Mar/2000:00:59:03 +0000] "GET /glastonbury/1999/30Jun99014.JPG HTTP/1.0" 200 10711
195.92.67.41 - - [23/Mar/2000:00:59:07 +0000] "GET /paneris/cgi-bin/refresh.pl?node=/glastonbury/1999/&leaf=index.html&file=30Jun99015.JPG&rate=4 HTTP/1.0" 200 673
195.92.67.51 - - [23/Mar/2000:00:59:08 +0000] "GET /glastonbury/1999/30Jun99015.JPG HTTP/1.0" 200 19521
195.92.67.41 - - [23/Mar/2000:00:59:13 +0000] "GET /paneris/cgi-bin/refresh.pl?node=/glastonbury/1999/&leaf=index.html&file=30Jun99016.JPG&rate=4 HTTP/1.0" 200 673
195.92.67.52 - - [23/Mar/2000:00:59:14 +0000] "GET /glastonbury/1999/30Jun99016.JPG HTTP/1.0" 200 27657
195.92.67.41 - - [23/Mar/2000:00:59:19 +0000] "GET /paneris/cgi-bin/refresh.pl?node=/glastonbury/1999/&leaf=index.html&file=30Jun99017.JPG&rate=4 HTTP/1.0" 200 673
195.92.67.53 - - [23/Mar/2000:00:59:20 +0000] "GET /glastonbury/1999/30Jun99017.JPG HTTP/1.0" 200 21974
195.92.67.41 - - [23/Mar/2000:00:59:25 +0000] "GET /paneris/cgi-bin/refresh.pl?node=/glastonbury/1999/&leaf=index.html&file=30Jun99018.JPG&rate=4 HTTP/1.0" 200 673
195.92.67.54 - - [23/Mar/2000:00:59:26 +0000] "GET /glastonbury/1999/30Jun99018.JPG HTTP/1.0" 200 22559
195.92.67.41 - - [23/Mar/2000:00:59:32 +0000] "GET /paneris/cgi-bin/refresh.pl?node=/glastonbury/1999/&leaf=index.html&file=30Jun99019.JPG&rate=4 HTTP/1.0" 200 673
195.92.67.55 - - [23/Mar/2000:00:59:32 +0000] "GET /glastonbury/1999/30Jun99019.JPG HTTP/1.0" 200 8251
195.92.67.41 - - [23/Mar/2000:00:59:37 +0000] "GET /paneris/cgi-bin/refresh.pl?node=/glastonbury/1999/&leaf=index.html&file=30Jun99020.JPG&rate=4 HTTP/1.0" 200 673
195.92.67.53 - - [23/Mar/2000:00:59:37 +0000] "GET /glastonbury/1999/30Jun99020.JPG HTTP/1.0" 200 11293
195.92.67.41 - - [23/Mar/2000:00:59:42 +0000] "GET /paneris/cgi-bin/refresh.pl?node=/glastonbury/1999/&leaf=index.html&file=30Jun99021.JPG&rate=4 HTTP/1.0" 200 673
195.92.67.54 - - [23/Mar/2000:00:59:42 +0000] "GET /glastonbury/1999/30Jun99021.JPG HTTP/1.0" 200 12858
195.92.67.41 - - [23/Mar/2000:00:59:46 +0000] "GET /paneris/cgi-bin/refresh.pl?node=/glastonbury/1999/&leaf=index.html&file=30Jun99022.JPG&rate=4 HTTP/1.0" 200 673
195.92.67.55 - - [23/Mar/2000:00:59:47 +0000] "GET /glastonbury/1999/30Jun99022.JPG HTTP/1.0" 200 17207
195.92.67.41 - - [23/Mar/2000:00:59:51 +0000] "GET /paneris/cgi-bin/refresh.pl?node=/glastonbury/1999/&leaf=index.html&file=30Jun99023.JPG&rate=4 HTTP/1.0" 200 671
216.35.116.51 - - [23/Mar/2000:00:59:52 +0000] "GET /partners/context/archive/casio/ HTTP/1.0" 200 1858
195.92.67.50 - - [23/Mar/2000:00:59:52 +0000] "GET /glastonbury/1999/30Jun99023.JPG HTTP/1.0" 200 24060
195.92.67.41 - - [23/Mar/2000:00:59:58 +0000] "GET /paneris/cgi-bin/refresh.pl?node=/glastonbury/1999/&leaf=index.html&file=PIC00001.jpg&rate=4 HTTP/1.0" 200 667
195.92.67.52 - - [23/Mar/2000:00:59:59 +0000] "GET /glastonbury/1999/PIC00001.jpg HTTP/1.0" 200 9502
195.92.67.41 - - [23/Mar/2000:01:00:04 +0000] "GET /paneris/cgi-bin/refresh.pl?node=/glastonbury/1999/&leaf=index.html&file=PIC00002.jpg&rate=4 HTTP/1.0" 200 667
195.92.67.53 - - [23/Mar/2000:01:00:05 +0000] "GET /glastonbury/1999/PIC00002.jpg HTTP/1.0" 200 11504
195.92.67.41 - - [23/Mar/2000:01:00:09 +0000] "GET /paneris/cgi-bin/refresh.pl?node=/glastonbury/1999/&leaf=index.html&file=PIC00003.jpg&rate=4 HTTP/1.0" 200 667
195.92.67.54 - - [23/Mar/2000:01:00:09 +0000] "GET /glastonbury/1999/PIC00003.jpg HTTP/1.0" 200 10867
195.92.67.41 - - [23/Mar/2000:01:00:14 +0000] "GET /paneris/cgi-bin/refresh.pl?node=/glastonbury/1999/&leaf=index.html&file=PIC00004.jpg&rate=4 HTTP/1.0" 200 667
195.92.67.55 - - [23/Mar/2000:01:00:14 +0000] "GET /glastonbury/1999/PIC00004.jpg HTTP/1.0" 200 11869
195.92.67.41 - - [23/Mar/2000:01:00:18 +0000] "GET /paneris/cgi-bin/refresh.pl?node=/glastonbury/1999/&leaf=index.html&file=PIC00005.jpg&rate=4 HTTP/1.0" 200 667
195.92.67.50 - - [23/Mar/2000:01:00:19 +0000] "GET /glastonbury/1999/PIC00005.jpg HTTP/1.0" 200 10913
195.92.67.41 - - [23/Mar/2000:01:00:23 +0000] "GET /paneris/cgi-bin/refresh.pl?node=/glastonbury/1999/&leaf=index.html&file=PIC00006.jpg&rate=4 HTTP/1.0" 200 667
195.92.67.41 - - [23/Mar/2000:01:00:30 +0000] "GET /paneris/cgi-bin/refresh.pl?node=/glastonbury/1999/&leaf=index.html&file=PIC00007.jpg&rate=4 HTTP/1.0" 200 667
195.92.67.52 - - [23/Mar/2000:01:00:31 +0000] "GET /glastonbury/1999/PIC00007.jpg HTTP/1.0" 200 76409
195.92.67.41 - - [23/Mar/2000:01:00:36 +0000] "GET /paneris/cgi-bin/refresh.pl?node=/glastonbury/1999/&leaf=index.html&file=PIC00008.jpg&rate=4 HTTP/1.0" 200 667
195.92.67.41 - - [23/Mar/2000:01:00:37 +0000] "GET /glastonbury/1999/PIC00008.jpg HTTP/1.0" 206 17987
216.35.103.74 - - [23/Mar/2000:01:01:04 +0000] "GET /subject_51.shtml HTTP/1.0" 200 3935
195.92.67.52 - - [23/Mar/2000:01:01:26 +0000] "GET /glastonbury/1999/PIC00025.jpg HTTP/1.0" 200 52215
216.35.103.76 - - [23/Mar/2000:01:02:20 +0000] "GET /partners/keyhaven/eclipse/dos.html HTTP/1.0" 200 10082
216.35.103.51 - - [23/Mar/2000:01:03:11 +0000] "GET /partners/netalliance/installation/crossword/ HTTP/1.0" 200 1871
208.224.5.9 - - [23/Mar/2000:01:03:47 +0000] "GET /partners/winsql/subject_4.shtml HTTP/1.1" 200 2097
208.224.5.9 - - [23/Mar/2000:01:03:48 +0000] "GET /images/greenball.gif HTTP/1.1" 200 104
208.224.5.9 - - [23/Mar/2000:01:03:49 +0000] "GET /images/redball.gif HTTP/1.1" 200 380
216.35.103.78 - - [23/Mar/2000:01:08:05 +0000] "GET /partners/context/DXpress/output/customer.html HTTP/1.0" 200 1962
216.35.103.75 - - [23/Mar/2000:01:08:36 +0000] "GET /partners/hoop/afl/subject_11.shtml HTTP/1.0" 200 3680
216.35.103.75 - - [23/Mar/2000:01:08:43 +0000] "GET /people/colinr/subject_15.shtml HTTP/1.0" 200 3992
216.35.116.76 - - [23/Mar/2000:01:11:12 +0000] "GET /partners/netalliance/installation/jigsaw/five/actions.shtml HTTP/1.0" 200 18807
216.35.116.52 - - [23/Mar/2000:01:11:52 +0000] "GET /partners/netalliance/puzzles/five/dos.html HTTP/1.0" 200 18495
216.35.103.53 - - [23/Mar/2000:01:11:56 +0000] "GET /partners/hoop/whitewilson/site/weather/gifs/dos.html HTTP/1.0" 200 10630
216.35.116.62 - - [23/Mar/2000:01:12:19 +0000] "GET /system/test/actions.template HTTP/1.0" 200 21108
216.35.116.50 - - [23/Mar/2000:01:12:23 +0000] "GET /partners/xstreammedia/theroom/sitev2/frgnce_nav.htm HTTP/1.0" 200 12796
216.35.116.71 - - [23/Mar/2000:01:12:50 +0000] "GET /partners/tsl/editsys/prototype/nov98/features HTTP/1.0" 301 224
216.35.116.64 - - [23/Mar/2000:01:13:04 +0000] "GET /partners/bloomsbury/subject_1.shtml HTTP/1.0" 200 3601
216.35.116.64 - - [23/Mar/2000:01:13:51 +0000] "GET /contents.template HTTP/1.0" 200 2784
216.35.116.74 - - [23/Mar/2000:01:14:05 +0000] "GET /partners/hoop/whitewilson/site.old/links/paneris_view.html HTTP/1.0" 200 1868
216.35.116.78 - - [23/Mar/2000:01:14:07 +0000] "GET /system/test/customer.html HTTP/1.0" 200 1922
216.35.116.65 - - [23/Mar/2000:01:14:12 +0000] "GET /partners/zedzed/subject.shtml HTTP/1.0" 200 2157
216.35.116.73 - - [23/Mar/2000:01:14:32 +0000] "GET /partners/alpha/funerals/subject.shtml HTTP/1.0" 200 2280
216.35.116.74 - - [23/Mar/2000:01:14:36 +0000] "GET /partners/iway/archive/metrodata/photos.shtml HTTP/1.0" 401 350
216.35.116.58 - - [23/Mar/2000:01:14:37 +0000] "GET /companies/keyhaven/skyguard/messages/4.htm HTTP/1.0" 404 195
216.35.116.51 - - [23/Mar/2000:01:14:39 +0000] "GET /partners/airflow/silvermans/subject_17.shtml HTTP/1.0" 200 4323
216.35.116.61 - - [23/Mar/2000:01:15:20 +0000] "GET /partners/airflow/PFE/db_structurePage3.html HTTP/1.0" 200 12526
216.35.116.70 - - [23/Mar/2000:01:15:21 +0000] "GET /system/technology/dos.html HTTP/1.0" 200 7906
216.35.116.67 - - [23/Mar/2000:01:16:52 +0000] "GET /partners/airflow/PFE/phase2/error.html HTTP/1.0" 200 1854
216.35.103.57 - - [23/Mar/2000:01:17:53 +0000] "GET /tim/diary/1996/customer.html HTTP/1.0" 200 1928
216.35.103.57 - - [23/Mar/2000:01:18:38 +0000] "GET /system/test/subject_23.shtml HTTP/1.0" 200 3544
209.185.143.81 - - [23/Mar/2000:01:22:13 +0000] "GET /system/test/subject_24.shtml HTTP/1.0" 200 3300
170.140.91.58 - - [23/Mar/2000:01:23:18 +0000] "GET /system/messages/178.shtml HTTP/1.1" 200 7631
170.140.91.58 - - [23/Mar/2000:01:23:30 +0000] "GET /system/messages/216.shtml HTTP/1.1" 200 8080
216.35.103.57 - - [23/Mar/2000:01:27:37 +0000] "GET /people/money_4.shtml HTTP/1.0" 200 4055
62.252.236.21 - - [23/Mar/2000:01:31:22 +0000] "GET /system/messages/178.shtml HTTP/1.1" 200 7631
216.35.116.71 - - [23/Mar/2000:01:33:19 +0000] "GET /partners/tsl/editsys/prototype/nov98/features/ HTTP/1.0" 200 663
208.236.45.63 - - [23/Mar/2000:01:33:58 +0000] "GET /partners/idealnet/auction/subject_11.shtml HTTP/1.0" 200 3922
216.35.103.77 - - [23/Mar/2000:01:36:33 +0000] "GET /philosophy/aims_11.shtml HTTP/1.0" 200 2040
216.35.103.58 - - [23/Mar/2000:01:37:48 +0000] "GET /partners/keyhaven/corps/site/gifs/off/dos.html HTTP/1.0" 200 10797
216.35.103.75 - - [23/Mar/2000:01:38:13 +0000] "GET /partners/M4T/m4t/site/navigate.html HTTP/1.0" 200 1659
216.35.103.52 - - [23/Mar/2000:01:38:26 +0000] "GET /partners/keyhaven/lips/contents.html HTTP/1.0" 200 2773
216.35.103.54 - - [23/Mar/2000:01:38:47 +0000] "GET /partners/airflow/PFE/architecture_2.shtml HTTP/1.0" 200 2012
216.35.116.67 - - [23/Mar/2000:01:39:16 +0000] "GET /partners/apr/iglu/searchengines/Iglu.com.insurance10-25-1998.txt HTTP/1.0" 401 350
216.35.116.70 - - [23/Mar/2000:01:39:22 +0000] "GET /partners/iway/archive/metrodata/customer_plan.htm HTTP/1.0" 401 350
216.35.116.56 - - [23/Mar/2000:01:40:52 +0000] "GET /partners/context/DXpress/subject_4.shtml HTTP/1.0" 200 2545
216.35.103.75 - - [23/Mar/2000:01:41:15 +0000] "GET /partners/M4T/envy HTTP/1.0" 301 196
216.35.103.78 - - [23/Mar/2000:01:42:53 +0000] "GET /partners/chameleon/fff/contents.html HTTP/1.0" 200 2771
216.35.116.66 - - [23/Mar/2000:01:43:14 +0000] "GET /partners/tsl/editsys/prototype/nov98/help HTTP/1.0" 301 220
216.35.116.65 - - [23/Mar/2000:01:43:22 +0000] "GET /partners/catalyst/NS/iso.htm HTTP/1.0" 401 350
216.35.103.53 - - [23/Mar/2000:01:44:56 +0000] "GET /people/customer.html HTTP/1.0" 200 1912
216.35.116.52 - - [23/Mar/2000:01:45:03 +0000] "GET /system/lurker/subject_3.shtml HTTP/1.0" 200 2027
216.35.116.59 - - [23/Mar/2000:01:45:22 +0000] "GET /partners/catalyst/NS/subject.shtml HTTP/1.0" 401 350
216.35.103.57 - - [23/Mar/2000:01:47:13 +0000] "GET /people/money_1.shtml HTTP/1.0" 200 3439
216.35.103.74 - - [23/Mar/2000:01:48:06 +0000] "GET /people/danielh/subject_12.shtml HTTP/1.0" 200 8192
216.35.103.75 - - [23/Mar/2000:01:48:07 +0000] "GET /partners/M4T/envy/ HTTP/1.0" 200 1845
216.35.116.57 - - [23/Mar/2000:01:48:15 +0000] "GET /partners/hoop/subject_6.shtml HTTP/1.0" 200 2033
216.35.116.74 - - [23/Mar/2000:01:48:20 +0000] "GET /partners/JPS/subject_4.shtml HTTP/1.0" 200 1808
216.35.103.57 - - [23/Mar/2000:01:49:04 +0000] "GET /tim/diary/subject_4.shtml HTTP/1.0" 200 1444
216.35.116.64 - - [23/Mar/2000:01:49:05 +0000] "GET /partners/OCS/LSN/proposal.htm HTTP/1.0" 404 182
216.35.103.57 - - [23/Mar/2000:01:50:45 +0000] "GET /tim/diary/1999/contents.html HTTP/1.0" 200 3396
216.35.103.56 - - [23/Mar/2000:01:51:10 +0000] "GET /partners/hoop/whitewilson/site/claims/dos.html HTTP/1.0" 200 9161
216.35.103.57 - - [23/Mar/2000:01:55:33 +0000] "GET /bobfest/customer.html HTTP/1.0" 404 174
216.35.116.66 - - [23/Mar/2000:01:59:40 +0000] "GET /partners/tsl/editsys/prototype/nov98/help/ HTTP/1.0" 200 578
216.35.116.68 - - [23/Mar/2000:02:00:04 +0000] "GET /house/mback/navigate.html HTTP/1.0" 200 1982
216.35.103.76 - - [23/Mar/2000:02:00:19 +0000] "GET /partners/keyhaven/corps/site/dos.html HTTP/1.0" 200 7316
216.35.103.52 - - [23/Mar/2000:02:01:49 +0000] "GET /partners/hoop/finsbury/customer.html HTTP/1.0" 200 1944
216.35.116.66 - - [23/Mar/2000:02:07:05 +0000] "GET /partners/chameleon/fff/messages/3.shtml HTTP/1.0" 200 6855
216.35.116.62 - - [23/Mar/2000:02:08:59 +0000] "GET /partners/catalyst/solomon/log.html HTTP/1.0" 401 350
216.35.116.63 - - [23/Mar/2000:02:09:08 +0000] "GET /partners/chameleon/archive/dba/messages/23.shtml HTTP/1.0" 404 201
216.35.103.75 - - [23/Mar/2000:02:09:50 +0000] "GET /people/money_11.shtml HTTP/1.0" 200 5901
216.35.116.66 - - [23/Mar/2000:02:10:21 +0000] "GET /glastonbury/1998/before/subject.shtml HTTP/1.0" 200 1641
216.35.103.54 - - [23/Mar/2000:02:11:02 +0000] "GET /partners/context/archive/timber/contents.html HTTP/1.0" 200 2786
216.35.116.70 - - [23/Mar/2000:02:12:04 +0000] "GET /partners/M4T/m4t/site/logo.html HTTP/1.0" 200 1088
216.35.116.63 - - [23/Mar/2000:02:12:47 +0000] "GET /partners/intermail/intermail_p/designs/design02.htm HTTP/1.0" 200 327
216.35.103.55 - - [23/Mar/2000:02:13:00 +0000] "GET /sales/introduction_2.shtml HTTP/1.0" 200 3909
216.35.103.59 - - [23/Mar/2000:02:13:15 +0000] "GET /partners/hoop/whitewilson/site/links/customer.html HTTP/1.0" 200 1972
216.35.116.65 - - [23/Mar/2000:02:13:49 +0000] "GET /system/messageboard/org.paneris.messageboard.MessageThread.html HTTP/1.0" 200 3524
216.35.116.51 - - [23/Mar/2000:02:14:27 +0000] "GET /partners/keyhaven/sendmail/development/clients.html HTTP/1.0" 404 204
216.35.116.77 - - [23/Mar/2000:02:14:56 +0000] "GET /partners/context/archive/taxireland/mail_1.html HTTP/1.0" 200 1061
216.35.103.57 - - [23/Mar/2000:02:15:20 +0000] "GET /partners/sparks/dos.html HTTP/1.0" 200 8069
216.35.116.74 - - [23/Mar/2000:02:16:48 +0000] "GET /people/patrickg/cards/java/font/subject.shtml HTTP/1.0" 404 198
216.35.103.76 - - [23/Mar/2000:02:17:10 +0000] "GET /partners/hoop/whitewilson/site/links/gifs/contents.html HTTP/1.0" 200 2799
216.35.116.74 - - [23/Mar/2000:02:17:22 +0000] "GET /tim/diary/1997/19971217/contents.html HTTP/1.0" 200 2548
216.35.116.74 - - [23/Mar/2000:02:17:53 +0000] "GET /house/navigate_2.template HTTP/1.0" 200 2339
216.35.116.53 - - [23/Mar/2000:02:18:14 +0000] "GET /projects/netalliance/puzzles/three/jigsaw.html HTTP/1.0" 404 199
216.35.103.56 - - [23/Mar/2000:02:19:46 +0000] "GET /people/money_12.shtml HTTP/1.0" 200 5903
216.35.103.57 - - [23/Mar/2000:02:21:12 +0000] "GET /people/mylesc/newpan/navigate.html HTTP/1.0" 200 1661
216.35.103.75 - - [23/Mar/2000:02:25:18 +0000] "GET /partners/sterling HTTP/1.0" 301 196
216.35.103.78 - - [23/Mar/2000:02:29:49 +0000] "GET /Mum/customer.html HTTP/1.0" 200 1906
216.35.103.54 - - [23/Mar/2000:02:31:24 +0000] "GET /system/technology/webmacro/subject_3.shtml HTTP/1.0" 200 2292
216.35.103.75 - - [23/Mar/2000:02:31:28 +0000] "GET /partners/context/archive/fff2html/navigate.html HTTP/1.0" 200 1663
216.35.103.54 - - [23/Mar/2000:02:38:10 +0000] "GET /partners/M4T/motorola/dos.html HTTP/1.0" 200 7273
216.35.103.75 - - [23/Mar/2000:02:40:24 +0000] "GET /partners/sterling/ HTTP/1.0" 200 1845
216.35.103.55 - - [23/Mar/2000:02:40:30 +0000] "GET /bobfest/1998/dos.html HTTP/1.0" 404 174
216.35.116.75 - - [23/Mar/2000:02:41:24 +0000] "GET /partners/catalyst/customer.html HTTP/1.0" 401 350
216.35.116.53 - - [23/Mar/2000:02:42:02 +0000] "GET /philosophy/messages HTTP/1.0" 301 198
216.35.116.62 - - [23/Mar/2000:02:42:17 +0000] "GET /partners/catalyst/subject.shtml HTTP/1.0" 401 350
216.35.116.65 - - [23/Mar/2000:02:42:27 +0000] "GET /companies/chameleon/journals/messages/7.htm HTTP/1.0" 404 196
209.185.143.81 - - [23/Mar/2000:02:43:36 +0000] "GET /partners/hoop/afl/subject.shtml HTTP/1.0" 200 3805
216.35.116.62 - - [23/Mar/2000:02:44:17 +0000] "GET /partners/iway/impaired_life/charts/netcharts/examples/Diagram1.html HTTP/1.0" 401 350
216.35.116.58 - - [23/Mar/2000:02:45:55 +0000] "GET /people/alexh/messages.template HTTP/1.0" 200 1339
216.35.116.78 - - [23/Mar/2000:02:48:34 +0000] "GET /system/messages/217.shtml HTTP/1.0" 200 5555
216.35.116.72 - - [23/Mar/2000:02:49:23 +0000] "GET /menu.html HTTP/1.0" 200 2410
216.35.103.51 - - [23/Mar/2000:02:58:25 +0000] "GET /partners/context/archive/fff2html/fffspec.htm HTTP/1.0" 200 5300
216.35.103.51 - - [23/Mar/2000:02:58:46 +0000] "GET /partners/polestar/subject.shtml HTTP/1.0" 200 2088
216.35.116.68 - - [23/Mar/2000:02:59:01 +0000] "GET /partners/iway/mansoft/subject.shtml HTTP/1.0" 401 350
216.35.103.74 - - [23/Mar/2000:03:00:09 +0000] "GET /sales/navigate.html HTTP/1.0" 200 1660
216.35.103.76 - - [23/Mar/2000:03:02:25 +0000] "GET /partners/hoop/whitewilson/site.old/claims/gifs/dos.html HTTP/1.0" 200 10759
216.35.103.74 - - [23/Mar/2000:03:02:26 +0000] "GET /partners/hoop/whitewilson/site/claims/gifs/navigate.html HTTP/1.0" 200 1659
216.35.116.53 - - [23/Mar/2000:03:02:39 +0000] "GET /philosophy/messages/ HTTP/1.0" 200 20961
216.35.103.77 - - [23/Mar/2000:03:09:04 +0000] "GET /bobfest/1997/customer.html HTTP/1.0" 404 179
216.35.116.75 - - [23/Mar/2000:03:11:10 +0000] "GET /partners/create_node_14.template HTTP/1.0" 200 5025
216.35.116.69 - - [23/Mar/2000:03:11:31 +0000] "GET /partners/chameleon/messages/2.htm HTTP/1.0" 404 186
216.35.116.78 - - [23/Mar/2000:03:14:53 +0000] "GET /partners/iway/impaired_life/charts/netcharts/examples/Barchart2.html HTTP/1.0" 401 350
216.35.116.51 - - [23/Mar/2000:03:15:03 +0000] "GET /partners/hoop/whitewilson/site/weather/gifs/contents.html HTTP/1.0" 200 2801
216.35.116.74 - - [23/Mar/2000:03:15:52 +0000] "GET /partners/intermail/intermail_p/subject_2.shtml HTTP/1.0" 200 2309
216.35.103.77 - - [23/Mar/2000:03:15:53 +0000] "GET /partners/sparks HTTP/1.0" 301 194
216.35.116.50 - - [23/Mar/2000:03:16:11 +0000] "GET /partners/context/subject_16.shtml HTTP/1.0" 200 3830
216.35.116.56 - - [23/Mar/2000:03:16:18 +0000] "GET /partners/IA/TSR/dos.html HTTP/1.0" 200 6412
216.35.116.50 - - [23/Mar/2000:03:16:43 +0000] "GET /partners/iway/usn/bae-samp.csv HTTP/1.0" 401 350
216.35.103.78 - - [23/Mar/2000:03:16:58 +0000] "GET /system/test/subject_3.shtml HTTP/1.0" 200 1477
216.35.103.53 - - [23/Mar/2000:03:19:16 +0000] "GET /partners/MJCS/navigate.html HTTP/1.0" 200 1659
216.35.116.58 - - [23/Mar/2000:03:19:44 +0000] "GET /system/technology/wasp/navigate.html HTTP/1.0" 200 1659
216.35.116.57 - - [23/Mar/2000:03:19:59 +0000] "GET /partners/context/consortia HTTP/1.0" 301 205
216.35.103.52 - - [23/Mar/2000:03:20:51 +0000] "GET /partners/MJCS/5star/implementation.shtml HTTP/1.0" 200 2512
216.35.103.78 - - [23/Mar/2000:03:21:27 +0000] "GET /partners/chameleon/archive/journals/development/navigate.html HTTP/1.0" 200 1666
216.35.103.53 - - [23/Mar/2000:03:22:11 +0000] "GET /house/basement/dos.html HTTP/1.0" 200 9299
216.35.103.51 - - [23/Mar/2000:03:22:29 +0000] "GET /partners/shuttle/subject.shtml HTTP/1.0" 200 2390
216.35.103.77 - - [23/Mar/2000:03:24:15 +0000] "GET /partners/sparks/ HTTP/1.0" 200 1843
216.35.103.74 - - [23/Mar/2000:03:26:15 +0000] "GET /people/colinr/subject_8.shtml HTTP/1.0" 200 2221
216.35.103.59 - - [23/Mar/2000:03:31:20 +0000] "GET /partners/hoop/afl HTTP/1.0" 301 196
209.83.84.2 - - [23/Mar/2000:03:31:33 +0000] "GET /mylesc.html HTTP/1.1" 200 713
209.83.84.2 - - [23/Mar/2000:03:31:33 +0000] "GET /menu.html HTTP/1.1" 200 2410
209.83.84.2 - - [23/Mar/2000:03:31:33 +0000] "GET /index2.html HTTP/1.1" 200 12513
209.83.84.2 - - [23/Mar/2000:03:31:34 +0000] "GET /affiliations.gif HTTP/1.1" 200 2327
209.83.84.2 - - [23/Mar/2000:03:31:35 +0000] "GET /affiliations2.gif HTTP/1.1" 200 2253
209.83.84.2 - - [23/Mar/2000:03:31:35 +0000] "GET /biography.gif HTTP/1.1" 200 2224
209.83.84.2 - - [23/Mar/2000:03:31:36 +0000] "GET /biography2.gif HTTP/1.1" 200 2148
209.83.84.2 - - [23/Mar/2000:03:31:36 +0000] "GET /experience.gif HTTP/1.1" 200 4049
209.83.84.2 - - [23/Mar/2000:03:31:36 +0000] "GET /experience2.gif HTTP/1.1" 200 3926
209.83.84.2 - - [23/Mar/2000:03:31:37 +0000] "GET /project.gif HTTP/1.1" 200 3610
209.83.84.2 - - [23/Mar/2000:03:31:37 +0000] "GET /project2.gif HTTP/1.1" 200 3495
209.83.84.2 - - [23/Mar/2000:03:31:37 +0000] "GET /cv.gif HTTP/1.1" 200 1963
209.83.84.2 - - [23/Mar/2000:03:31:38 +0000] "GET /cv2.gif HTTP/1.1" 200 1878
209.83.84.2 - - [23/Mar/2000:03:31:38 +0000] "GET /contact.gif HTTP/1.1" 200 2231
209.83.84.2 - - [23/Mar/2000:03:31:38 +0000] "GET /contact2.gif HTTP/1.1" 200 2147
209.83.84.2 - - [23/Mar/2000:03:31:39 +0000] "GET /banner2.gif HTTP/1.1" 200 7731
209.83.84.2 - - [23/Mar/2000:03:31:39 +0000] "GET /heading.gif HTTP/1.1" 200 9896
216.35.103.56 - - [23/Mar/2000:03:32:47 +0000] "GET /partners/keyhaven/ems HTTP/1.0" 301 200
216.35.116.75 - - [23/Mar/2000:03:39:09 +0000] "GET /webmonkey/98/43/index0a.html HTTP/1.0" 404 181
216.35.116.63 - - [23/Mar/2000:03:39:35 +0000] "GET /partners/alpha/vonmatt/customer.html HTTP/1.0" 200 1944
216.35.103.77 - - [23/Mar/2000:03:41:24 +0000] "GET /partners/context/unigate/navigate.html HTTP/1.0" 200 1662
216.35.116.57 - - [23/Mar/2000:03:41:52 +0000] "GET /partners/context/consortia/ HTTP/1.0" 200 1854
216.35.103.52 - - [23/Mar/2000:03:42:20 +0000] "GET /partners/airflow/PFE/subject_6.shtml HTTP/1.0" 200 4703
216.35.103.59 - - [23/Mar/2000:03:42:24 +0000] "GET /partners/hoop/afl/ HTTP/1.0" 200 1845
216.35.116.75 - - [23/Mar/2000:03:42:29 +0000] "GET /bookmark.htm HTTP/1.0" 200 1027
209.185.143.81 - - [23/Mar/2000:03:43:44 +0000] "GET /partners/keyhaven/sterling/requirements.shtml HTTP/1.0" 200 7323
216.35.103.77 - - [23/Mar/2000:03:43:49 +0000] "GET /people/timj/subject_8.shtml HTTP/1.0" 200 4157
216.35.116.69 - - [23/Mar/2000:03:44:44 +0000] "GET /partners/winsql/subject_2.shtml HTTP/1.0" 200 2035
216.35.103.74 - - [23/Mar/2000:03:45:42 +0000] "GET /partners/JPS/commonwealth/report2/gifs HTTP/1.0" 301 217
216.35.103.78 - - [23/Mar/2000:03:45:56 +0000] "GET /system/technology/java/contents.html HTTP/1.0" 200 2773
216.35.103.56 - - [23/Mar/2000:03:48:39 +0000] "GET /partners/keyhaven/ems/ HTTP/1.0" 200 1849
216.35.116.57 - - [23/Mar/2000:03:52:00 +0000] "GET /tim/diary/1996 HTTP/1.0" 301 193
209.185.143.81 - - [23/Mar/2000:03:52:18 +0000] "GET /system/tools_1.htm HTTP/1.0" 404 171
216.35.103.53 - - [23/Mar/2000:03:52:59 +0000] "GET /partners/hoop/whitewilson/site.old/profile/gifs/navigate.html HTTP/1.0" 200 1659
216.35.103.76 - - [23/Mar/2000:03:54:43 +0000] "GET /partners/alpha/Intraform HTTP/1.0" 301 203
216.35.103.74 - - [23/Mar/2000:03:57:45 +0000] "GET /partners/JPS/commonwealth/report2/gifs/ HTTP/1.0" 200 1866
216.35.103.57 - - [23/Mar/2000:03:57:48 +0000] "GET /philosophy/messages/70.shtml HTTP/1.0" 200 24991
216.35.103.55 - - [23/Mar/2000:03:59:54 +0000] "GET /partners/chameleon/archive/journals/development/logo.html HTTP/1.0" 200 1086
216.35.103.56 - - [23/Mar/2000:04:06:25 +0000] "GET /partners/airflow/PFE/quality.shtml HTTP/1.0" 200 16909
216.35.103.56 - - [23/Mar/2000:04:07:49 +0000] "GET /people/williamc/subject.shtml HTTP/1.0" 200 1832
216.35.103.60 - - [23/Mar/2000:04:07:55 +0000] "GET /system/reference/navigate.html HTTP/1.0" 200 1664
216.35.103.76 - - [23/Mar/2000:04:08:40 +0000] "GET /partners/alpha/Intraform/ HTTP/1.0" 200 1852
209.185.143.81 - - [23/Mar/2000:04:09:31 +0000] "GET /partners/hoop/afl/subject_9.shtml HTTP/1.0" 200 3542
62.157.5.47 - - [23/Mar/2000:04:09:35 +0000] "GET /system/setup/tools.shtml HTTP/1.1" 200 2852
216.35.103.52 - - [23/Mar/2000:04:09:36 +0000] "GET /partners/netalliance/puzzles/subject.shtml HTTP/1.0" 200 2044
62.157.5.47 - - [23/Mar/2000:04:09:36 +0000] "GET /images/pe.gif HTTP/1.1" 200 417
62.157.5.47 - - [23/Mar/2000:04:09:36 +0000] "GET /javascript/floater.js HTTP/1.1" 200 2611
216.35.116.57 - - [23/Mar/2000:04:09:40 +0000] "GET /tim/diary/1996/ HTTP/1.0" 200 1918
216.35.103.53 - - [23/Mar/2000:04:11:35 +0000] "GET /partners/BRI/subject.shtml HTTP/1.0" 200 2156
216.35.116.50 - - [23/Mar/2000:04:12:14 +0000] "GET /partners/hoop/whitewilson/site.old/home/gifs/dos.html HTTP/1.0" 200 9855
216.35.103.74 - - [23/Mar/2000:04:13:37 +0000] "GET /partners/keyhaven/pandamonium/message.template HTTP/1.0" 200 2351
216.35.116.51 - - [23/Mar/2000:04:14:24 +0000] "GET /partners/airflow/PFE/skeleton/shippingagent.html HTTP/1.0" 200 1884
216.35.103.53 - - [23/Mar/2000:04:15:40 +0000] "GET /partners/context/archive/casio/navigate.html HTTP/1.0" 200 1660
209.209.13.227 - - [23/Mar/2000:04:17:30 +0000] "GET /tim/webcam/readme.htm HTTP/1.0" 200 2762
209.209.13.227 - - [23/Mar/2000:04:17:30 +0000] "GET /images/background.gif HTTP/1.0" 200 470
216.35.103.54 - - [23/Mar/2000:04:18:18 +0000] "GET /partners/xstreammedia/theroom/waterhouse/contents.html HTTP/1.0" 200 2803
216.35.103.75 - - [23/Mar/2000:04:20:17 +0000] "GET /house/subject_7.shtml HTTP/1.0" 200 2876
205.188.208.42 - - [23/Mar/2000:04:24:06 +0000] "GET /omni.htm HTTP/1.0" 200 523
63.209.225.16 - - [23/Mar/2000:04:25:28 +0000] "GET /system/setup/hardware/subject_10.shtml HTTP/1.1" 200 7284
63.209.225.16 - - [23/Mar/2000:04:25:29 +0000] "GET /images/redball.gif HTTP/1.1" 200 380
216.35.103.77 - - [23/Mar/2000:04:25:47 +0000] "GET /partners/keyhaven/pcc/logo.html HTTP/1.0" 200 1076
216.35.103.77 - - [23/Mar/2000:04:27:27 +0000] "GET /partners/hoop/saa/subject.shtml HTTP/1.0" 200 2192
216.35.103.59 - - [23/Mar/2000:04:27:34 +0000] "GET /partners/hoop/whitewilson/site.old/services/paneris_view.html HTTP/1.0" 200 1871
216.35.103.57 - - [23/Mar/2000:04:27:48 +0000] "GET /people/williamc/subject_4.shtml HTTP/1.0" 200 1398
216.35.103.56 - - [23/Mar/2000:04:28:57 +0000] "GET /tim HTTP/1.0" 301 182
209.253.57.56 - - [23/Mar/2000:04:30:05 +0000] "GET /system/messages/178.shtml HTTP/1.1" 200 7631
216.35.103.56 - - [23/Mar/2000:04:30:51 +0000] "GET /people/jennyp/navigate.html HTTP/1.0" 200 1661
216.35.103.77 - - [23/Mar/2000:04:31:09 +0000] "GET /partners/keyhaven HTTP/1.0" 301 196
209.253.57.56 - - [23/Mar/2000:04:32:14 +0000] "GET /system/messages/178.shtml HTTP/1.1" 200 7631
209.185.143.81 - - [23/Mar/2000:04:36:11 +0000] "GET /partners/idealnet/auction/subject_1.shtml HTTP/1.0" 200 2094
216.35.103.74 - - [23/Mar/2000:04:37:40 +0000] "GET /system/technology/dos.html HTTP/1.0" 200 7906
216.35.103.56 - - [23/Mar/2000:04:39:51 +0000] "GET /tim/ HTTP/1.0" 200 1907
216.35.116.51 - - [23/Mar/2000:04:40:10 +0000] "GET /partners/hoop/whitewilson/site.old/profile/paneris_view.html HTTP/1.0" 200 1870
216.35.103.51 - - [23/Mar/2000:04:40:56 +0000] "GET /partners/hoop/bmc/customer.html HTTP/1.0" 200 1934
216.35.103.77 - - [23/Mar/2000:04:41:31 +0000] "GET /partners/keyhaven/ HTTP/1.0" 200 1845
216.35.103.74 - - [23/Mar/2000:04:41:34 +0000] "GET /partners/xstreammedia/theroom/subject_5.shtml HTTP/1.0" 200 2479
209.253.57.56 - - [23/Mar/2000:04:44:41 +0000] "GET /system/messages/178.shtml HTTP/1.1" 200 7631
216.35.116.51 - - [23/Mar/2000:04:45:11 +0000] "GET /Owen/subject_7.shtml HTTP/1.0" 200 1536
216.35.103.76 - - [23/Mar/2000:04:46:19 +0000] "GET /partners/customer.html HTTP/1.0" 200 1916
209.253.57.56 - - [23/Mar/2000:04:46:29 +0000] "GET /system/messages/178.shtml HTTP/1.1" 200 7631
216.35.116.57 - - [23/Mar/2000:04:47:05 +0000] "GET /partners/ncco/customer.html HTTP/1.0" 200 1926
216.35.103.76 - - [23/Mar/2000:04:50:18 +0000] "GET /system/setup/isdn_1.html HTTP/1.0" 200 4392
216.35.103.76 - - [23/Mar/2000:04:50:21 +0000] "GET /tim/diary/1999/customer.html HTTP/1.0" 200 1931
216.35.103.75 - - [23/Mar/2000:04:53:22 +0000] "GET /partners/alpha/funerals/subject.shtml HTTP/1.0" 200 2280
216.35.103.55 - - [23/Mar/2000:04:56:34 +0000] "GET /system/setup/tools_3.htm HTTP/1.0" 200 1372
