216.35.103.48 - - [17/Mar/2000:20:17:41 +0000] "GET /people/timp/navigate.template HTTP/1.0" 200 2494
128.177.243.155 - - [17/Mar/2000:20:19:59 +0000] "HEAD /partners/keithhagandesign/customer.html HTTP/1.0" 200 0
129.215.216.12 - - [17/Mar/2000:20:21:15 +0000] "GET /system/messages/178.shtml HTTP/1.0" 200 7612
195.41.45.170 - - [17/Mar/2000:20:22:07 +0000] "GET /contact.shtml HTTP/1.0" 200 6548
216.35.103.46 - - [17/Mar/2000:20:27:47 +0000] "GET /partners/keyhaven/rapport/todo.dat HTTP/1.0" 200 228
211.45.245.162 - - [17/Mar/2000:20:27:47 +0000] "GET /system/PMS/subject.shtml HTTP/1.0" 200 1683
128.177.243.155 - - [17/Mar/2000:20:29:26 +0000] "HEAD /tim/diary/1997/19971101/dos.html HTTP/1.0" 200 0
128.177.243.155 - - [17/Mar/2000:20:30:16 +0000] "HEAD /people/timj/timesheets/1998-01-11.html HTTP/1.0" 200 0
211.45.245.162 - - [17/Mar/2000:20:32:27 +0000] "GET /system/PMS/contents.html HTTP/1.0" 304 -
193.113.185.166 - - [17/Mar/2000:20:35:37 +0000] "POST /paneris/cgi-bin/silverman-DepotPostcodeLocator.cgi HTTP/1.0" 302 188
216.35.103.45 - - [17/Mar/2000:20:38:10 +0000] "GET /partners/chameleon/dos.html HTTP/1.0" 200 14979
216.67.4.236 - - [17/Mar/2000:20:38:12 +0000] "GET /system/messages/178.shtml HTTP/1.1" 200 7631
216.93.41.144 - - [17/Mar/2000:20:40:27 +0000] "GET /mylesc.html HTTP/1.0" 200 713
216.93.41.144 - - [17/Mar/2000:20:40:29 +0000] "GET /menu.html HTTP/1.0" 200 2410
216.93.41.144 - - [17/Mar/2000:20:40:29 +0000] "GET /index2.html HTTP/1.0" 200 12513
216.93.41.144 - - [17/Mar/2000:20:40:30 +0000] "GET /affiliations.gif HTTP/1.0" 200 2327
216.93.41.144 - - [17/Mar/2000:20:40:31 +0000] "GET /affiliations2.gif HTTP/1.0" 200 2253
216.93.41.144 - - [17/Mar/2000:20:40:32 +0000] "GET /biography2.gif HTTP/1.0" 200 2148
216.93.41.144 - - [17/Mar/2000:20:40:33 +0000] "GET /experience2.gif HTTP/1.0" 200 3926
216.93.41.144 - - [17/Mar/2000:20:40:33 +0000] "GET /biography.gif HTTP/1.0" 200 2224
216.93.41.144 - - [17/Mar/2000:20:40:34 +0000] "GET /banner2.gif HTTP/1.0" 200 7731
216.93.41.144 - - [17/Mar/2000:20:40:34 +0000] "GET /project2.gif HTTP/1.0" 200 3495
216.93.41.144 - - [17/Mar/2000:20:40:34 +0000] "GET /cv2.gif HTTP/1.0" 200 1878
216.93.41.144 - - [17/Mar/2000:20:40:34 +0000] "GET /heading.gif HTTP/1.0" 200 9896
216.93.41.144 - - [17/Mar/2000:20:40:37 +0000] "GET /project.gif HTTP/1.0" 200 3610
216.93.41.144 - - [17/Mar/2000:20:40:37 +0000] "GET /contact.gif HTTP/1.0" 200 2231
216.93.41.144 - - [17/Mar/2000:20:40:38 +0000] "GET /experience.gif HTTP/1.0" 200 4049
216.93.41.144 - - [17/Mar/2000:20:40:38 +0000] "GET /contact2.gif HTTP/1.0" 200 2147
216.93.41.144 - - [17/Mar/2000:20:40:40 +0000] "GET /cv.gif HTTP/1.0" 200 1963
128.177.243.155 - - [17/Mar/2000:20:43:12 +0000] "HEAD /system/util/dos.html HTTP/1.0" 404 0
128.177.243.155 - - [17/Mar/2000:20:44:28 +0000] "HEAD /partners/context/DXpress/dos.html HTTP/1.0" 200 0
204.176.206.253 - - [17/Mar/2000:20:44:49 +0000] "GET /partners/intermail/subject_4.shtml HTTP/1.0" 200 2858
204.176.206.253 - - [17/Mar/2000:20:44:50 +0000] "GET /images/greenball.gif HTTP/1.0" 304 -
204.176.206.253 - - [17/Mar/2000:20:44:50 +0000] "GET /images/redball.gif HTTP/1.0" 304 -
204.176.206.253 - - [17/Mar/2000:20:44:50 +0000] "GET /javascript/floater.js HTTP/1.0" 200 2611
204.176.206.253 - - [17/Mar/2000:20:44:50 +0000] "GET /images/pe.gif HTTP/1.0" 200 417
204.176.206.253 - - [17/Mar/2000:20:45:03 +0000] "GET /partners/intermail/subject.shtml HTTP/1.0" 200 2852
128.177.243.155 - - [17/Mar/2000:20:45:55 +0000] "HEAD /sales/promotion/dos.html HTTP/1.0" 200 0
195.41.45.170 - - [17/Mar/2000:20:47:29 +0000] "GET /partners HTTP/1.0" 301 187
211.45.245.162 - - [17/Mar/2000:20:47:32 +0000] "GET /system/PMS/subject.shtml HTTP/1.0" 200 1683
208.195.54.98 - - [17/Mar/2000:20:52:12 +0000] "GET /partners/airflow/PFE/requirements_6.shtml HTTP/1.0" 200 3901
208.195.54.98 - - [17/Mar/2000:20:52:12 +0000] "GET /images/pe.gif HTTP/1.0" 200 417
208.195.54.98 - - [17/Mar/2000:20:52:13 +0000] "GET /javascript/floater.js HTTP/1.0" 200 2611
216.35.103.50 - - [17/Mar/2000:20:52:26 +0000] "GET /tim/diary/todo.dat HTTP/1.0" 200 125
216.102.45.20 - - [17/Mar/2000:21:02:50 +0000] "GET /navigate.html HTTP/1.1" 200 1662
216.102.45.20 - - [17/Mar/2000:21:02:55 +0000] "GET /paneris/cgi-bin/index.pl? HTTP/1.1" 200 3898
216.35.103.48 - - [17/Mar/2000:21:05:28 +0000] "GET /bobfest/1998/contents.html HTTP/1.0" 404 179
211.45.245.162 - - [17/Mar/2000:21:06:43 +0000] "GET /system/PMS/subject.shtml HTTP/1.0" 200 1683
216.35.103.46 - - [17/Mar/2000:21:08:23 +0000] "GET /philosophy/aims_4.shtml HTTP/1.0" 200 1882
136.199.55.153 - - [17/Mar/2000:21:09:17 +0000] "HEAD /index2.html HTTP/1.0" 200 0
216.35.103.46 - - [17/Mar/2000:21:13:25 +0000] "GET /philosophy/money_9.shtml HTTP/1.0" 200 2792
216.35.103.41 - - [17/Mar/2000:21:22:53 +0000] "GET /partners/keyhaven/tcs/customer.html HTTP/1.0" 200 1942
211.45.245.162 - - [17/Mar/2000:21:26:02 +0000] "GET /system/PMS/subject.shtml HTTP/1.0" 200 1683
216.35.103.45 - - [17/Mar/2000:21:26:29 +0000] "GET /people/jennyp HTTP/1.0" 301 192
216.35.103.43 - - [17/Mar/2000:21:32:18 +0000] "GET /system/test/subject_2.shtml HTTP/1.0" 200 1529
131.225.231.31 - - [17/Mar/2000:21:39:43 +0000] "GET /paneris/cgi-bin/env.pl HTTP/1.1" 200 4690
195.41.45.170 - - [17/Mar/2000:21:44:21 +0000] "GET /system/quality HTTP/1.0" 301 193
211.45.245.162 - - [17/Mar/2000:21:45:04 +0000] "GET /system/PMS/subject.shtml HTTP/1.0" 200 1683
216.35.103.45 - - [17/Mar/2000:21:45:12 +0000] "GET /people/jennyp/ HTTP/1.0" 200 1841
216.35.103.48 - - [17/Mar/2000:21:46:19 +0000] "GET /partners/context/consortia/subject_4.shtml HTTP/1.0" 200 4482
216.35.103.48 - - [17/Mar/2000:21:53:22 +0000] "GET /partners/OCS/LSN/contents.html HTTP/1.0" 200 2765
216.35.103.44 - - [17/Mar/2000:21:56:15 +0000] "GET /partners/hoop/whitewilson/site.old/claims/gifs/actions.shtml HTTP/1.0" 200 18821
216.35.103.45 - - [17/Mar/2000:21:57:33 +0000] "GET /partners/BRI/dos.html HTTP/1.0" 200 7083
195.41.45.170 - - [17/Mar/2000:22:01:55 +0000] "GET /people/nicr/subject.shtml HTTP/1.0" 200 1804
211.45.245.162 - - [17/Mar/2000:22:04:12 +0000] "GET /system/PMS/subject.shtml HTTP/1.0" 200 1683
206.5.31.136 - - [17/Mar/2000:22:08:34 +0000] "GET /system/messages/178.shtml HTTP/1.0" 200 7612
216.35.103.41 - - [17/Mar/2000:22:14:02 +0000] "GET /partners/airflow/PFE/quality_10.shtml HTTP/1.0" 200 16821
24.27.161.3 - - [17/Mar/2000:22:15:11 +0000] "GET /partners/airflow/silvermans/goto.html HTTP/1.1" 200 3390
206.5.31.136 - - [17/Mar/2000:22:15:22 +0000] "GET /system/messages/215.shtml HTTP/1.0" 200 8763
206.5.31.136 - - [17/Mar/2000:22:15:49 +0000] "GET /system/messages/216.shtml HTTP/1.0" 200 8054
216.35.103.50 - - [17/Mar/2000:22:22:55 +0000] "GET /people/mylesc/contact.gif.LCK HTTP/1.0" 200 24
211.45.245.162 - - [17/Mar/2000:22:23:21 +0000] "GET /system/PMS/subject.shtml HTTP/1.0" 200 1683
216.35.103.49 - - [17/Mar/2000:22:36:43 +0000] "GET /partners/context/consortia/subject_11.shtml HTTP/1.0" 200 4669
216.35.103.47 - - [17/Mar/2000:22:38:51 +0000] "GET /house/navigate_4.template HTTP/1.0" 200 2120
216.35.103.48 - - [17/Mar/2000:22:40:47 +0000] "GET /partners/context/archive/catis/messages/index.shtml HTTP/1.0" 200 4046
211.45.245.162 - - [17/Mar/2000:22:42:30 +0000] "GET /system/PMS/subject.shtml HTTP/1.0" 200 1683
216.35.103.47 - - [17/Mar/2000:22:45:03 +0000] "GET /people/subject_23.shtml HTTP/1.0" 200 1982
211.45.245.162 - - [17/Mar/2000:23:01:37 +0000] "GET /system/PMS/subject.shtml HTTP/1.0" 200 1683
24.9.59.81 - - [17/Mar/2000:23:02:14 +0000] "GET /partners/M4T/londonforless/customer.html HTTP/1.0" 200 1952
24.9.59.81 - - [17/Mar/2000:23:02:16 +0000] "GET /partners/M4T/londonforless/logo.html HTTP/1.0" 200 1088
24.9.59.81 - - [17/Mar/2000:23:02:16 +0000] "GET /partners/M4T/londonforless/contents.html HTTP/1.0" 200 2795
24.9.59.79 - - [17/Mar/2000:23:02:17 +0000] "GET /images/uptriangle.gif HTTP/1.0" 200 933
24.9.59.81 - - [17/Mar/2000:23:02:17 +0000] "GET /partners/M4T/londonforless/subject.shtml HTTP/1.0" 200 1672
24.9.59.79 - - [17/Mar/2000:23:02:17 +0000] "GET /paneris/cgi-bin/index.pl?/partners/M4T/londonforless/ HTTP/1.0" 200 3805
24.9.59.81 - - [17/Mar/2000:23:02:17 +0000] "GET /images/www.paneris.co.uk.gif HTTP/1.0" 200 1416
24.9.59.81 - - [17/Mar/2000:23:02:17 +0000] "GET /images/greenball.gif HTTP/1.0" 200 104
24.9.59.79 - - [17/Mar/2000:23:02:37 +0000] "GET /paneris/cgi-bin/index.pl?/partners/M4T/londonforless/ HTTP/1.0" 200 3805
216.35.103.42 - - [17/Mar/2000:23:07:22 +0000] "GET /people/patrickg/cards/java/font/mathlow.jhf HTTP/1.0" 200 3737
216.35.103.50 - - [17/Mar/2000:23:09:44 +0000] "GET /partners/hoop/whitewilson/site.old/gifs/actions.shtml HTTP/1.0" 200 18723
211.45.245.162 - - [17/Mar/2000:23:20:43 +0000] "GET /system/PMS/subject.shtml HTTP/1.0" 200 1683
216.35.103.48 - - [17/Mar/2000:23:21:25 +0000] "GET /partners/netalliance/installation/quiz/dos.html HTTP/1.0" 200 12424
216.35.103.50 - - [17/Mar/2000:23:22:45 +0000] "GET /people/williamc/subject_2.shtml HTTP/1.0" 200 1328
216.35.103.47 - - [17/Mar/2000:23:22:50 +0000] "GET /tim/diary/1997 HTTP/1.0" 301 193
216.35.103.46 - - [17/Mar/2000:23:23:45 +0000] "GET /partners/hoop/whitewilson/site/claims/l_head.html HTTP/1.0" 200 233
216.35.103.46 - - [17/Mar/2000:23:30:52 +0000] "GET /philosophy/equality.shtml HTTP/1.0" 200 2362
209.185.143.81 - - [17/Mar/2000:23:34:30 +0000] "GET /partners/airflow/subject_4.shtml HTTP/1.0" 200 2481
195.44.201.216 - - [17/Mar/2000:23:34:47 +0000] "GET /house HTTP/1.0" 301 184
195.44.201.216 - - [17/Mar/2000:23:34:47 +0000] "GET /house/ HTTP/1.0" 200 1909
195.44.201.216 - - [17/Mar/2000:23:34:50 +0000] "GET /house/logo.html HTTP/1.0" 200 1212
195.44.201.216 - - [17/Mar/2000:23:34:50 +0000] "GET /house/navigate.html HTTP/1.0" 200 1982
195.44.201.216 - - [17/Mar/2000:23:34:50 +0000] "GET /house/contents.html HTTP/1.0" 200 4492
195.44.201.216 - - [17/Mar/2000:23:34:51 +0000] "GET /house/subject.shtml HTTP/1.0" 200 4214
195.44.201.216 - - [17/Mar/2000:23:34:51 +0000] "GET /house/images/background.gif HTTP/1.0" 200 462
195.44.201.216 - - [17/Mar/2000:23:34:51 +0000] "GET /house/images/houselogo.gif HTTP/1.0" 200 1017
195.44.201.216 - - [17/Mar/2000:23:34:52 +0000] "GET /images/greenball.gif HTTP/1.0" 200 104
195.44.201.216 - - [17/Mar/2000:23:34:52 +0000] "GET /images/greenball.gif HTTP/1.0" 200 104
195.44.201.216 - - [17/Mar/2000:23:34:52 +0000] "GET /images/greenball.gif HTTP/1.0" 200 104
195.44.201.216 - - [17/Mar/2000:23:34:53 +0000] "GET /house/images/background.gif HTTP/1.0" 200 462
195.44.201.216 - - [17/Mar/2000:23:34:53 +0000] "GET /house/images/background.gif HTTP/1.0" 200 462
195.44.201.216 - - [17/Mar/2000:23:34:53 +0000] "GET /images/greenball.gif HTTP/1.0" 200 104
195.44.201.216 - - [17/Mar/2000:23:34:53 +0000] "GET /images/pe.gif HTTP/1.0" 200 417
195.44.201.216 - - [17/Mar/2000:23:34:54 +0000] "GET /images/greenball.gif HTTP/1.0" 200 104
195.44.201.216 - - [17/Mar/2000:23:34:54 +0000] "GET /images/greenball.gif HTTP/1.0" 200 104
195.44.201.216 - - [17/Mar/2000:23:34:55 +0000] "GET /images/uptriangle.gif HTTP/1.0" 200 933
195.44.201.216 - - [17/Mar/2000:23:34:56 +0000] "GET /javascript/floater.js HTTP/1.0" 200 2611
205.166.37.100 - - [17/Mar/2000:23:35:15 +0000] "GET /partners/winsql/subject_4.shtml HTTP/1.1" 200 2097
205.166.37.100 - - [17/Mar/2000:23:35:15 +0000] "GET /images/greenball.gif HTTP/1.1" 200 104
205.166.37.100 - - [17/Mar/2000:23:35:16 +0000] "GET /images/redball.gif HTTP/1.1" 200 380
211.45.245.162 - - [17/Mar/2000:23:39:53 +0000] "GET /system/PMS/subject.shtml HTTP/1.0" 200 1683
216.35.103.41 - - [17/Mar/2000:23:42:49 +0000] "GET /partners/hoop/whitewilson/site/claims/actions.shtml HTTP/1.0" 200 18695
216.35.103.41 - - [17/Mar/2000:23:47:52 +0000] "GET /partners/alpha/Intraform/navigate.html HTTP/1.0" 200 1664
216.35.103.44 - - [17/Mar/2000:23:48:39 +0000] "GET /philosophy/agm/subject.shtml HTTP/1.0" 200 1533
216.35.103.47 - - [17/Mar/2000:23:48:46 +0000] "GET /tim/diary/1997/ HTTP/1.0" 200 1918
211.45.245.162 - - [17/Mar/2000:23:59:01 +0000] "GET /system/PMS/subject.shtml HTTP/1.0" 200 1683
216.35.103.48 - - [17/Mar/2000:23:59:53 +0000] "GET /partners/alpha/Intraform/actions.shtml HTTP/1.0" 200 18513
216.35.103.47 - - [18/Mar/2000:00:00:17 +0000] "GET /partners/hoop/whitewilson/skeleton/menu/customer.html HTTP/1.0" 200 1981
216.35.103.50 - - [18/Mar/2000:00:03:38 +0000] "GET /partners/hoop/whitewilson/site/menu_gifs/up/customer.html HTTP/1.0" 200 1986
216.35.103.47 - - [18/Mar/2000:00:05:36 +0000] "GET /people/colinr HTTP/1.0" 301 192
209.185.143.81 - - [18/Mar/2000:00:13:15 +0000] "GET /partners/hoop/vip/subject_2.shtml HTTP/1.0" 200 2316
216.35.103.47 - - [18/Mar/2000:00:13:49 +0000] "GET /philosophy/messages/60.shtml HTTP/1.0" 200 9558
24.24.3.244 - - [18/Mar/2000:00:15:00 +0000] "GET /mylesc.html HTTP/1.1" 200 713
24.24.3.244 - - [18/Mar/2000:00:15:00 +0000] "GET /menu.html HTTP/1.1" 200 2410
24.24.3.244 - - [18/Mar/2000:00:15:00 +0000] "GET /index2.html HTTP/1.1" 200 12513
24.24.3.244 - - [18/Mar/2000:00:15:00 +0000] "GET /affiliations.gif HTTP/1.1" 200 2327
24.24.3.244 - - [18/Mar/2000:00:15:01 +0000] "GET /affiliations2.gif HTTP/1.1" 200 2253
24.24.3.244 - - [18/Mar/2000:00:15:01 +0000] "GET /biography.gif HTTP/1.1" 200 2224
24.24.3.244 - - [18/Mar/2000:00:15:01 +0000] "GET /biography2.gif HTTP/1.1" 200 2148
24.24.3.244 - - [18/Mar/2000:00:15:01 +0000] "GET /experience.gif HTTP/1.1" 200 4049
24.24.3.244 - - [18/Mar/2000:00:15:01 +0000] "GET /experience2.gif HTTP/1.1" 200 3926
24.24.3.244 - - [18/Mar/2000:00:15:02 +0000] "GET /project.gif HTTP/1.1" 200 3610
24.24.3.244 - - [18/Mar/2000:00:15:02 +0000] "GET /project2.gif HTTP/1.1" 200 3495
24.24.3.244 - - [18/Mar/2000:00:15:02 +0000] "GET /cv.gif HTTP/1.1" 200 1963
24.24.3.244 - - [18/Mar/2000:00:15:02 +0000] "GET /cv2.gif HTTP/1.1" 200 1878
24.24.3.244 - - [18/Mar/2000:00:15:02 +0000] "GET /contact.gif HTTP/1.1" 200 2231
24.24.3.244 - - [18/Mar/2000:00:15:02 +0000] "GET /contact2.gif HTTP/1.1" 200 2147
24.24.3.244 - - [18/Mar/2000:00:15:02 +0000] "GET /banner2.gif HTTP/1.1" 200 7731
24.24.3.244 - - [18/Mar/2000:00:15:02 +0000] "GET /heading.gif HTTP/1.1" 200 9896
211.45.245.162 - - [18/Mar/2000:00:18:07 +0000] "GET /system/PMS/subject.shtml HTTP/1.0" 200 1683
216.35.103.49 - - [18/Mar/2000:00:20:38 +0000] "GET /partners/xstreammedia/theroom/Sitev1/glass_bod.htm HTTP/1.0" 200 1516
171.64.16.74 - - [18/Mar/2000:00:23:05 +0000] "GET /partners/hoop/saa/design.jpg HTTP/1.0" 200 25153
216.35.103.41 - - [18/Mar/2000:00:27:16 +0000] "GET /partners/M4T/contents.html HTTP/1.0" 200 3761
24.9.59.81 - - [18/Mar/2000:00:29:30 +0000] "GET /partners/M4T/londonforless/subject.shtml HTTP/1.0" 200 1672
24.9.59.79 - - [18/Mar/2000:00:29:30 +0000] "GET /paneris/cgi-bin/index.pl?/partners/M4T/londonforless/ HTTP/1.0" 200 3805
216.35.103.49 - - [18/Mar/2000:00:30:58 +0000] "GET /people/colinr/subject_3.shtml HTTP/1.0" 200 1951
216.35.103.50 - - [18/Mar/2000:00:31:54 +0000] "GET /partners/idealnet/subject_1.shtml HTTP/1.0" 200 2413
216.35.103.47 - - [18/Mar/2000:00:34:22 +0000] "GET /people/colinr/ HTTP/1.0" 200 1841
211.45.245.162 - - [18/Mar/2000:00:35:40 +0000] "GET /system/PMS/subject.shtml HTTP/1.0" 200 1683
216.35.103.50 - - [18/Mar/2000:00:37:02 +0000] "GET /partners/netalliance/subject_3.shtml HTTP/1.0" 200 1442
216.35.103.48 - - [18/Mar/2000:00:37:24 +0000] "GET /people/alexh/subject_4.shtml HTTP/1.0" 200 939
216.35.103.50 - - [18/Mar/2000:00:42:07 +0000] "GET /partners/hoop/AtlanticCouncil/subject.shtml HTTP/1.0" 200 1508
216.35.103.49 - - [18/Mar/2000:00:43:53 +0000] "GET /system/test/functional_1.shtml HTTP/1.0" 200 6008
199.172.149.139 - - [18/Mar/2000:00:46:01 +0000] "GET /glastonbury/ HTTP/1.0" 200 1303
216.35.103.43 - - [18/Mar/2000:00:46:12 +0000] "GET /partners/context/unigate/subject_1.shtml HTTP/1.0" 200 793
216.35.103.50 - - [18/Mar/2000:00:47:12 +0000] "GET /glastonbury/1998/after/ecotrip2.htm HTTP/1.0" 200 568
216.35.103.45 - - [18/Mar/2000:00:49:16 +0000] "GET /partners/hoop/whitewilson/site/clients/main.html HTTP/1.0" 200 2128
216.35.103.50 - - [18/Mar/2000:00:52:10 +0000] "GET /partners/context/archive/fff2html/actions.shtml HTTP/1.0" 200 18639
216.35.103.46 - - [18/Mar/2000:00:53:59 +0000] "GET /philosophy/messages/5.shtml HTTP/1.0" 200 22061
216.35.103.45 - - [18/Mar/2000:00:54:08 +0000] "GET /openness.shtml HTTP/1.0" 200 1144
202.101.21.18 - - [18/Mar/2000:00:55:38 +0000] "GET /partners/hoop/saa/design.jpg HTTP/1.0" 200 25153
211.45.245.162 - - [18/Mar/2000:00:56:23 +0000] "GET /system/PMS/subject.shtml HTTP/1.0" 200 1683
216.35.103.41 - - [18/Mar/2000:01:11:08 +0000] "GET /partners/airflow/ismr/dos.html HTTP/1.0" 200 8731
211.45.245.162 - - [18/Mar/2000:01:15:33 +0000] "GET /system/PMS/subject.shtml HTTP/1.0" 200 1683
128.177.243.155 - - [18/Mar/2000:01:17:32 +0000] "HEAD /glastonbury/1998/after/sunset.htm HTTP/1.0" 200 0
216.35.103.45 - - [18/Mar/2000:01:18:22 +0000] "GET /system/reference/perldocs/perldebug.htm HTTP/1.0" 200 9492
195.92.198.83 - - [18/Mar/2000:01:19:40 +0000] "GET /tim/webcam HTTP/1.1" 301 201
195.92.198.82 - - [18/Mar/2000:01:19:40 +0000] "GET /tim/webcam/ HTTP/1.1" 200 1914
195.92.198.82 - - [18/Mar/2000:01:19:41 +0000] "GET /tim/webcam/logo.html HTTP/1.1" 200 1208
195.92.198.84 - - [18/Mar/2000:01:19:41 +0000] "GET /tim/webcam/navigate.html HTTP/1.1" 200 2218
195.92.198.83 - - [18/Mar/2000:01:19:41 +0000] "GET /tim/webcam/contents.html HTTP/1.1" 200 2533
195.92.198.84 - - [18/Mar/2000:01:19:41 +0000] "GET /tim/webcam/subject.shtml HTTP/1.1" 200 1779
195.92.198.81 - - [18/Mar/2000:01:19:41 +0000] "GET /tim/tim.jpg HTTP/1.1" 200 5551
195.92.198.82 - - [18/Mar/2000:01:19:42 +0000] "GET /images/msdos.gif HTTP/1.1" 200 428
195.92.198.83 - - [18/Mar/2000:01:19:43 +0000] "GET /images/uptriangle.gif HTTP/1.1" 200 933
195.92.198.82 - - [18/Mar/2000:01:19:43 +0000] "GET /images/smile.gif HTTP/1.1" 200 879
195.92.198.84 - - [18/Mar/2000:01:19:56 +0000] "GET /tim/webcam/subject.shtml HTTP/1.1" 200 1779
216.35.103.41 - - [18/Mar/2000:01:22:49 +0000] "GET /philosophy/agm/dos.html HTTP/1.0" 200 17646
204.179.134.146 - - [18/Mar/2000:01:26:18 +0000] "GET /people/patrickg/cards/java/contents.html HTTP/1.1" 200 2960
204.179.134.146 - - [18/Mar/2000:01:26:21 +0000] "GET /images/uptriangle.gif HTTP/1.1" 200 933
216.35.103.46 - - [18/Mar/2000:01:26:25 +0000] "GET /actions_6.template HTTP/1.0" 200 21113
63.248.55.4 - - [18/Mar/2000:01:30:02 +0000] "GET /partners/airflow/PFE/architecture_8.shtml HTTP/1.0" 200 4838
63.248.55.4 - - [18/Mar/2000:01:30:03 +0000] "GET /images/pe.gif HTTP/1.0" 200 417
63.248.55.4 - - [18/Mar/2000:01:30:03 +0000] "GET /javascript/floater.js HTTP/1.0" 200 2611
207.87.178.66 - - [18/Mar/2000:01:32:43 +0000] "GET /people/danielh/subject.shtml HTTP/1.1" 200 6467
216.35.103.46 - - [18/Mar/2000:01:32:56 +0000] "GET /system/messages/65.shtml HTTP/1.0" 200 4841
211.45.245.162 - - [18/Mar/2000:01:34:43 +0000] "GET /system/PMS/subject.shtml HTTP/1.0" 200 1683
216.35.103.43 - - [18/Mar/2000:01:35:45 +0000] "GET /partners/hoop/whitewilson/site.old/services HTTP/1.0" 301 222
216.35.103.43 - - [18/Mar/2000:01:41:10 +0000] "GET /tim/diary/1997/contents.html HTTP/1.0" 200 3561
128.177.243.155 - - [18/Mar/2000:01:45:02 +0000] "HEAD /philosophy/agm/index.html HTTP/1.0" 200 0
216.35.103.44 - - [18/Mar/2000:01:52:17 +0000] "GET /partners/MJCS/mosques/requirements.shtml HTTP/1.0" 200 5012
194.168.246.104 - - [18/Mar/2000:01:53:07 +0000] "GET /partners/polestar HTTP/1.1" 301 208
194.168.246.104 - - [18/Mar/2000:01:53:08 +0000] "GET /partners/polestar/ HTTP/1.1" 200 1845
194.168.246.104 - - [18/Mar/2000:01:53:08 +0000] "GET /partners/polestar/logo.html HTTP/1.1" 200 1088
194.168.246.104 - - [18/Mar/2000:01:53:09 +0000] "GET /partners/polestar/contents.html HTTP/1.1" 200 2776
194.168.246.104 - - [18/Mar/2000:01:53:09 +0000] "GET /partners/polestar/subject.shtml HTTP/1.1" 200 2100
194.168.246.104 - - [18/Mar/2000:01:53:10 +0000] "GET /images/www.paneris.co.uk.gif HTTP/1.1" 200 1416
194.168.246.104 - - [18/Mar/2000:01:53:10 +0000] "GET /images/greenball.gif HTTP/1.1" 200 104
194.168.246.104 - - [18/Mar/2000:01:53:10 +0000] "GET /images/redball.gif HTTP/1.1" 200 380
194.168.246.104 - - [18/Mar/2000:01:53:10 +0000] "GET /images/uptriangle.gif HTTP/1.1" 200 933
211.45.245.162 - - [18/Mar/2000:01:53:52 +0000] "GET /system/PMS/subject.shtml HTTP/1.0" 200 1683
216.35.103.43 - - [18/Mar/2000:01:57:54 +0000] "GET /partners/hoop/whitewilson/site.old/services/ HTTP/1.0" 200 1127
209.185.143.81 - - [18/Mar/2000:02:02:22 +0000] "GET /tim/webcam/readme.htm HTTP/1.0" 200 2762
209.185.143.81 - - [18/Mar/2000:02:02:43 +0000] "GET /partners/polestar/subject.shtml HTTP/1.0" 200 2088
216.35.103.41 - - [18/Mar/2000:02:04:36 +0000] "GET /system/technology/databases/logo.html HTTP/1.0" 200 1088
216.35.103.49 - - [18/Mar/2000:02:10:12 +0000] "GET /partners/context/archive/acm HTTP/1.0" 301 207
216.35.103.43 - - [18/Mar/2000:02:12:25 +0000] "GET /partners/hoop/bmc/demo/Book-Month.html HTTP/1.0" 200 3766
211.45.245.162 - - [18/Mar/2000:02:12:59 +0000] "GET /system/PMS/subject.shtml HTTP/1.0" 200 1683
216.35.103.42 - - [18/Mar/2000:02:16:08 +0000] "GET /partners/hoop/vip HTTP/1.0" 301 196
216.35.103.47 - - [18/Mar/2000:02:20:08 +0000] "GET /partners/sparks/upload/subject.htm HTTP/1.0" 200 1567
205.188.209.38 - - [18/Mar/2000:02:21:39 +0000] "GET /partners/hoop/whitewilson/site.old/weather/gifs/dos.html HTTP/1.0" 200 10375
205.188.209.16 - - [18/Mar/2000:02:21:48 +0000] "GET /partners/hoop/whitewilson/site.old/weather/gifs/anim.gif HTTP/1.0" 200 8543
216.35.103.47 - - [18/Mar/2000:02:25:13 +0000] "GET /system/messages/53.shtml HTTP/1.0" 200 4548
216.35.103.43 - - [18/Mar/2000:02:28:38 +0000] "GET /sales/questions/todo.dat HTTP/1.0" 200 125
216.35.103.48 - - [18/Mar/2000:02:28:45 +0000] "GET /partners/archive/actions.shtml HTTP/1.0" 200 18401
128.177.243.155 - - [18/Mar/2000:02:28:50 +0000] "HEAD /partners/airflow/index.html HTTP/1.0" 200 0
211.45.245.162 - - [18/Mar/2000:02:32:09 +0000] "GET /system/PMS/subject.shtml HTTP/1.0" 200 1683
216.35.103.46 - - [18/Mar/2000:02:33:18 +0000] "GET /partners/netalliance/TVlistings/demo/actions.shtml HTTP/1.0" 200 18681
128.177.243.155 - - [18/Mar/2000:02:33:35 +0000] "HEAD /system/test/logo.html HTTP/1.0" 200 0
128.177.243.155 - - [18/Mar/2000:02:35:29 +0000] "HEAD /partners/M4T/m4t/site/logo.html HTTP/1.0" 200 0
203.197.131.205 - - [18/Mar/2000:02:37:42 +0000] "GET /people/patrickg/cards/java/index.html HTTP/1.0" 200 1854
203.197.131.205 - - [18/Mar/2000:02:37:48 +0000] "GET /people/patrickg/cards/java/contents.html HTTP/1.0" 200 2960
203.197.131.205 - - [18/Mar/2000:02:37:48 +0000] "GET /people/patrickg/cards/java/logo.html HTTP/1.0" 200 1088
203.197.131.205 - - [18/Mar/2000:02:37:48 +0000] "GET /people/patrickg/cards/java/subject.shtml HTTP/1.0" 404 193
203.197.131.205 - - [18/Mar/2000:02:37:50 +0000] "GET /images/uptriangle.gif HTTP/1.0" 200 933
203.197.131.205 - - [18/Mar/2000:02:37:52 +0000] "GET /images/www.paneris.co.uk.gif HTTP/1.0" 200 1416
203.197.131.205 - - [18/Mar/2000:02:38:09 +0000] "GET /people/patrickg/cards/java/subject.shtml HTTP/1.0" 404 193
216.35.103.45 - - [18/Mar/2000:02:40:24 +0000] "GET /partners/MJCS/contents.html HTTP/1.0" 200 3258
216.35.103.49 - - [18/Mar/2000:02:46:07 +0000] "GET /partners/context/archive/acm/ HTTP/1.0" 200 1856
128.177.243.155 - - [18/Mar/2000:02:47:37 +0000] "HEAD /partners/HA/index.html HTTP/1.0" 200 0
128.177.243.155 - - [18/Mar/2000:02:47:45 +0000] "HEAD /system/lurker/contents.html HTTP/1.0" 200 0
211.45.245.162 - - [18/Mar/2000:02:51:17 +0000] "GET /system/PMS/subject.shtml HTTP/1.0" 200 1683
216.35.103.42 - - [18/Mar/2000:02:51:32 +0000] "GET /partners/hoop/vip/ HTTP/1.0" 200 1845
128.177.243.155 - - [18/Mar/2000:02:53:05 +0000] "HEAD /partners/harmonics/contents.html HTTP/1.0" 200 0
216.35.103.44 - - [18/Mar/2000:02:54:57 +0000] "GET /people/timp/navigate.html HTTP/1.0" 200 2240
128.177.243.155 - - [18/Mar/2000:02:55:22 +0000] "HEAD /partners/M4T/m4t/site/main.html HTTP/1.0" 200 0
216.35.103.46 - - [18/Mar/2000:02:59:23 +0000] "GET /system/messages/190.shtml HTTP/1.0" 200 7027
216.35.103.42 - - [18/Mar/2000:03:05:13 +0000] "GET /partners/hoop/afl/visuals/customer.html HTTP/1.0" 200 1950
209.185.143.81 - - [18/Mar/2000:03:05:38 +0000] "GET /people/johnr/subject.shtml HTTP/1.0" 200 3090
216.35.103.46 - - [18/Mar/2000:03:07:54 +0000] "GET /partners/context/radcliffe/subject_3.shtml HTTP/1.0" 200 4606
211.45.245.162 - - [18/Mar/2000:03:10:28 +0000] "GET /system/PMS/subject.shtml HTTP/1.0" 200 1683
216.35.103.49 - - [18/Mar/2000:03:14:23 +0000] "GET /partners/hoop/illustrators/customer.html HTTP/1.0" 200 1952
128.177.243.155 - - [18/Mar/2000:03:16:16 +0000] "HEAD /system/technology/ HTTP/1.0" 200 0
128.177.243.155 - - [18/Mar/2000:03:17:35 +0000] "HEAD /system/test/expander3.html HTTP/1.0" 200 0
216.35.103.48 - - [18/Mar/2000:03:20:44 +0000] "GET /partners/xstreammedia/theroom/subject_3.shtml HTTP/1.0" 200 2476
216.35.103.43 - - [18/Mar/2000:03:21:41 +0000] "GET /partners/hoop/whitewilson/site/profile/l_head.html HTTP/1.0" 200 233
216.35.103.49 - - [18/Mar/2000:03:24:02 +0000] "GET /partners/xstreammedia/theroom/customer.html HTTP/1.0" 200 1958
216.35.103.48 - - [18/Mar/2000:03:25:37 +0000] "GET /system/test/expander.html HTTP/1.0" 200 240
216.35.103.45 - - [18/Mar/2000:03:27:38 +0000] "GET /partners/hoop/subject_5.shtml HTTP/1.0" 200 2024
216.35.103.49 - - [18/Mar/2000:03:28:46 +0000] "GET /partners/xstreammedia/contents.html HTTP/1.0" 200 2964
216.35.103.41 - - [18/Mar/2000:03:28:50 +0000] "GET /system/messages/137.shtml HTTP/1.0" 200 4796
211.45.245.162 - - [18/Mar/2000:03:29:53 +0000] "GET /system/PMS/subject.shtml HTTP/1.0" 200 1683
24.64.220.74 - - [18/Mar/2000:03:30:25 +0000] "GET /partners/netalliance/TVlistings/customer.html HTTP/1.1" 200 1962
24.64.220.74 - - [18/Mar/2000:03:30:25 +0000] "GET /partners/netalliance/TVlistings/logo.html HTTP/1.1" 200 1088
24.64.220.74 - - [18/Mar/2000:03:30:26 +0000] "GET /partners/netalliance/TVlistings/contents.html HTTP/1.1" 200 2974
24.64.220.74 - - [18/Mar/2000:03:30:27 +0000] "GET /partners/netalliance/TVlistings/subject.shtml HTTP/1.1" 200 1817
24.64.220.74 - - [18/Mar/2000:03:30:27 +0000] "GET /paneris/cgi-bin/index.pl?/partners/netalliance/TVlistings/ HTTP/1.1" 200 3895
24.64.220.74 - - [18/Mar/2000:03:30:27 +0000] "GET / HTTP/1.1" 200 1827
24.64.220.74 - - [18/Mar/2000:03:30:27 +0000] "GET / HTTP/1.1" 200 1827
24.64.220.74 - - [18/Mar/2000:03:30:28 +0000] "GET / HTTP/1.1" 200 1827
24.64.220.74 - - [18/Mar/2000:03:30:28 +0000] "GET / HTTP/1.1" 200 1827
24.64.220.74 - - [18/Mar/2000:03:30:28 +0000] "GET / HTTP/1.1" 200 1827
24.64.220.74 - - [18/Mar/2000:03:30:28 +0000] "GET /images/www.paneris.co.uk.gif HTTP/1.1" 200 1416
24.64.220.74 - - [18/Mar/2000:03:30:28 +0000] "GET /images/uptriangle.gif HTTP/1.1" 200 933
24.64.220.74 - - [18/Mar/2000:03:30:28 +0000] "GET /images/text.gif HTTP/1.1" 200 926
24.64.220.74 - - [18/Mar/2000:03:30:28 +0000] "GET /images/greenball.gif HTTP/1.1" 200 104
24.64.220.74 - - [18/Mar/2000:03:30:29 +0000] "GET /images/pe.gif HTTP/1.1" 200 417
24.64.220.74 - - [18/Mar/2000:03:30:29 +0000] "GET /javascript/floater.js HTTP/1.1" 200 2611
24.64.220.74 - - [18/Mar/2000:03:30:33 +0000] "GET /partners/netalliance/TVlistings/subject.shtml HTTP/1.1" 200 1817
24.64.220.74 - - [18/Mar/2000:03:30:33 +0000] "GET / HTTP/1.1" 200 1827
24.64.220.74 - - [18/Mar/2000:03:30:36 +0000] "GET /partners/netalliance/TVlistings/subject.shtml HTTP/1.1" 200 1817
24.64.220.74 - - [18/Mar/2000:03:30:36 +0000] "GET / HTTP/1.1" 200 1827
24.64.220.74 - - [18/Mar/2000:03:30:41 +0000] "GET /partners/netalliance/TVlistings/subject.shtml HTTP/1.1" 200 1817
24.64.220.74 - - [18/Mar/2000:03:30:41 +0000] "GET / HTTP/1.1" 200 1827
128.177.243.155 - - [18/Mar/2000:03:32:39 +0000] "HEAD /people/colinr/ HTTP/1.0" 200 0
209.130.137.172 - - [18/Mar/2000:03:35:39 +0000] "GET /system/newbox/newbox.txt HTTP/1.0" 200 4235
216.35.103.44 - - [18/Mar/2000:03:39:48 +0000] "GET /partners/keyhaven/lips/dos.html HTTP/1.0" 200 7319
128.177.243.155 - - [18/Mar/2000:03:40:11 +0000] "HEAD /people/patrickg/cards/index.html HTTP/1.0" 200 0
211.45.245.162 - - [18/Mar/2000:03:48:49 +0000] "GET /system/PMS/subject.shtml HTTP/1.0" 200 1683
128.177.243.155 - - [18/Mar/2000:03:50:56 +0000] "HEAD /navigate.html HTTP/1.0" 200 0
216.35.103.42 - - [18/Mar/2000:03:56:32 +0000] "GET /sales/messages/26.shtml HTTP/1.0" 200 6758
128.177.243.155 - - [18/Mar/2000:03:57:25 +0000] "HEAD /people/terryr/index.html HTTP/1.0" 200 0
128.177.243.155 - - [18/Mar/2000:03:57:32 +0000] "HEAD /system/technology/html/navigate.html HTTP/1.0" 200 0
128.177.243.155 - - [18/Mar/2000:03:59:47 +0000] "HEAD /system/quality/ProjectDocs_1.html HTTP/1.0" 200 0
216.35.103.43 - - [18/Mar/2000:04:00:03 +0000] "GET /system/reference/perldocs/perlpod.htm HTTP/1.0" 200 3235
128.177.243.155 - - [18/Mar/2000:04:02:34 +0000] "HEAD /tim/diary/1997/19970809/ HTTP/1.0" 200 0
128.177.243.155 - - [18/Mar/2000:04:05:13 +0000] "HEAD /partners/alpha/funerals/index.html HTTP/1.0" 200 0
128.177.243.155 - - [18/Mar/2000:04:05:49 +0000] "HEAD /partners/airflow/gemforum.html HTTP/1.0" 200 0
63.65.145.87 - - [18/Mar/2000:04:07:44 +0000] "GET /system/messages/178.shtml HTTP/1.1" 200 7631
216.35.103.45 - - [18/Mar/2000:04:07:53 +0000] "GET /sales/questions/messages/3.htm HTTP/1.0" 200 6783
211.45.245.162 - - [18/Mar/2000:04:07:57 +0000] "GET /system/PMS/subject.shtml HTTP/1.0" 200 1683
63.65.145.87 - - [18/Mar/2000:04:08:25 +0000] "GET /system/messages/216.shtml HTTP/1.1" 200 8080
128.177.243.155 - - [18/Mar/2000:04:10:13 +0000] "HEAD /people/johnr/contents.html HTTP/1.0" 200 0
216.35.103.49 - - [18/Mar/2000:04:14:46 +0000] "GET /partners/xstreammedia/theroom/Sitev1/paneris_view.html HTTP/1.0" 200 1864
128.177.243.155 - - [18/Mar/2000:04:16:01 +0000] "HEAD /partners/xstreammedia/customer.html HTTP/1.0" 200 0
144.132.185.69 - - [18/Mar/2000:04:16:22 +0000] "GET /glastonbury/ HTTP/1.0" 200 1303
144.132.185.69 - - [18/Mar/2000:04:16:23 +0000] "GET /glastonbury/images/map_icon.jpg HTTP/1.0" 200 5715
144.132.185.69 - - [18/Mar/2000:04:16:23 +0000] "GET /glastonbury/1998/after/Helen_and_Roddy.jpg HTTP/1.0" 200 15793
144.132.185.69 - - [18/Mar/2000:04:16:23 +0000] "GET /glastonbury/1997/greenpeace_icon.jpg HTTP/1.0" 200 3699
144.132.185.69 - - [18/Mar/2000:04:16:24 +0000] "GET /glastonbury/1998/after/site_icon.jpg HTTP/1.0" 200 3209
144.132.185.69 - - [18/Mar/2000:04:16:24 +0000] "GET /glastonbury/1999/1999_icon.jpg HTTP/1.0" 200 2709
144.132.185.69 - - [18/Mar/2000:04:16:25 +0000] "GET /glastonbury/1998/before/orchid_icon.jpg HTTP/1.0" 200 3928
144.132.185.69 - - [18/Mar/2000:04:16:38 +0000] "GET /glastonbury/1998/after/view.gif HTTP/1.0" 200 138256
152.163.189.136 - - [18/Mar/2000:04:18:33 +0000] "GET /boon/ HTTP/1.0" 200 840
128.177.243.155 - - [18/Mar/2000:04:21:24 +0000] "HEAD /system/PMS/logo.html HTTP/1.0" 200 0
204.138.180.19 - - [18/Mar/2000:04:21:51 +0000] "GET /system/messages/178.shtml HTTP/1.1" 200 7631
216.35.103.50 - - [18/Mar/2000:04:22:07 +0000] "GET /partners/context/archive/catis/dos.html HTTP/1.0" 200 6726
128.177.243.155 - - [18/Mar/2000:04:24:03 +0000] "HEAD /people/krugerd/contents.html HTTP/1.0" 200 0
128.177.243.155 - - [18/Mar/2000:04:26:24 +0000] "HEAD /people/timj/timesheets/1998-02-29.html HTTP/1.0" 200 0
211.45.245.162 - - [18/Mar/2000:04:27:06 +0000] "GET /system/PMS/subject.shtml HTTP/1.0" 200 1683
208.190.61.80 - - [18/Mar/2000:04:27:10 +0000] "GET /system/newbox/newbox.txt HTTP/1.1" 200 4235
216.35.103.47 - - [18/Mar/2000:04:33:43 +0000] "GET /partners/airflow/PFE/subject_15.shtml HTTP/1.0" 200 5377
216.35.103.44 - - [18/Mar/2000:04:34:53 +0000] "GET /partners/hoop/saa/site/jakeman.html HTTP/1.0" 200 2463
216.35.103.46 - - [18/Mar/2000:04:35:39 +0000] "GET /partners/chameleon/archive/journals/navigate.html HTTP/1.0" 200 1663
128.177.243.155 - - [18/Mar/2000:04:38:39 +0000] "HEAD /system/conventions_2.htm HTTP/1.0" 200 0
128.177.243.155 - - [18/Mar/2000:04:42:25 +0000] "HEAD /partners/harmonics/mia/index.html HTTP/1.0" 200 0
128.177.243.155 - - [18/Mar/2000:04:42:28 +0000] "HEAD /tim/diary/1998/19980212/ HTTP/1.0" 200 0
128.177.243.155 - - [18/Mar/2000:04:42:39 +0000] "HEAD /people/edr/index.html HTTP/1.0" 200 0
128.177.243.155 - - [18/Mar/2000:04:43:46 +0000] "HEAD /partners/OCS/index.html HTTP/1.0" 200 0
216.35.103.46 - - [18/Mar/2000:04:45:47 +0000] "GET /partners/context/DXpress/input/1.html HTTP/1.0" 200 283
211.45.245.162 - - [18/Mar/2000:04:46:21 +0000] "GET /system/PMS/subject.shtml HTTP/1.0" 200 1683
128.177.243.155 - - [18/Mar/2000:04:52:25 +0000] "HEAD /people/willr/logo.html HTTP/1.0" 200 0
211.45.245.162 - - [18/Mar/2000:05:05:30 +0000] "GET /system/PMS/subject.shtml HTTP/1.0" 200 1683
208.191.182.48 - - [18/Mar/2000:05:08:43 +0000] "GET /partners/winsql/subject_4.shtml HTTP/1.1" 200 2097
208.191.182.48 - - [18/Mar/2000:05:08:43 +0000] "GET /images/greenball.gif HTTP/1.1" 200 104
208.191.182.48 - - [18/Mar/2000:05:08:43 +0000] "GET /images/redball.gif HTTP/1.1" 200 380
128.177.243.155 - - [18/Mar/2000:05:08:49 +0000] "HEAD /partners/alpha/schwab/brainstorm.html HTTP/1.0" 200 0
128.177.243.155 - - [18/Mar/2000:05:10:57 +0000] "HEAD /partners/williamc/dos.html HTTP/1.0" 200 0
128.177.243.155 - - [18/Mar/2000:05:14:30 +0000] "HEAD /system/util/scripts/logo.html HTTP/1.0" 404 0
216.35.103.44 - - [18/Mar/2000:05:16:18 +0000] "GET /partners/airflow/GlobalPwr/requirements.shtml HTTP/1.0" 200 12435
128.177.243.155 - - [18/Mar/2000:05:16:33 +0000] "HEAD /partners/M4T/londonforless/navigate.html HTTP/1.0" 200 0
128.177.243.155 - - [18/Mar/2000:05:18:25 +0000] "HEAD /partners/hoop/index.html HTTP/1.0" 200 0
216.35.103.46 - - [18/Mar/2000:05:23:49 +0000] "GET /tim/diary/logo.html HTTP/1.0" 200 1208
211.45.245.162 - - [18/Mar/2000:05:24:40 +0000] "GET /system/PMS/subject.shtml HTTP/1.0" 200 1683
211.45.245.162 - - [18/Mar/2000:05:28:28 +0000] "GET /system/PMS/contents.html HTTP/1.0" 304 -
198.3.103.69 - - [18/Mar/2000:05:30:28 +0000] "GET /subject.shtml HTTP/1.0" 200 4465
216.35.103.48 - - [18/Mar/2000:05:31:19 +0000] "GET /people/keithh/subject_1.shtml HTTP/1.0" 200 2334
128.177.243.155 - - [18/Mar/2000:05:33:41 +0000] "HEAD /people/mylesc/newpan/demo2.html HTTP/1.0" 200 0
128.177.243.155 - - [18/Mar/2000:05:36:14 +0000] "HEAD /glastonbury/1998/after/rainbow.htm HTTP/1.0" 200 0
128.177.243.155 - - [18/Mar/2000:05:40:23 +0000] "HEAD /system/PMS/dos.html HTTP/1.0" 200 0
211.45.245.162 - - [18/Mar/2000:05:43:56 +0000] "GET /system/PMS/subject.shtml HTTP/1.0" 200 1683
216.35.103.48 - - [18/Mar/2000:05:47:30 +0000] "GET /partners/airflow/PFE/subject_13.shtml HTTP/1.0" 200 5023
128.177.243.155 - - [18/Mar/2000:05:54:11 +0000] "HEAD /people/colinr/parasol/index.html HTTP/1.0" 200 0
216.35.103.44 - - [18/Mar/2000:05:58:21 +0000] "GET /people/timj/actions.shtml HTTP/1.0" 200 18331
211.45.245.162 - - [18/Mar/2000:06:03:05 +0000] "GET /system/PMS/subject.shtml HTTP/1.0" 200 1683
216.35.103.44 - - [18/Mar/2000:06:04:53 +0000] "GET /people/keithh/subject.htm HTTP/1.0" 200 1567
128.177.243.155 - - [18/Mar/2000:06:10:04 +0000] "HEAD /partners/IA/TSR/logo.html HTTP/1.0" 200 0
216.35.103.47 - - [18/Mar/2000:06:11:20 +0000] "GET /partners/netalliance/installation/linkword/logo.html HTTP/1.0" 200 1088
128.177.243.155 - - [18/Mar/2000:06:12:03 +0000] "HEAD /partners/bloomsbury/corporate.html HTTP/1.0" 200 0
128.177.243.155 - - [18/Mar/2000:06:16:03 +0000] "HEAD /people/nicr/dos.html HTTP/1.0" 200 0
128.177.243.155 - - [18/Mar/2000:06:16:23 +0000] "HEAD /people/jennyp/contents.html HTTP/1.0" 200 0
216.35.103.46 - - [18/Mar/2000:06:19:22 +0000] "GET /edmsc92.htm HTTP/1.0" 200 470
216.35.103.50 - - [18/Mar/2000:06:20:19 +0000] "GET /partners/netalliance/puzzles/three/logo.html HTTP/1.0" 200 1088
128.177.243.155 - - [18/Mar/2000:06:22:52 +0000] "HEAD /partners/netalliance/dos.html HTTP/1.0" 200 0
216.35.103.48 - - [18/Mar/2000:06:25:29 +0000] "GET /system/setup/subject_6.shtml HTTP/1.0" 200 954
211.45.245.162 - - [18/Mar/2000:06:26:08 +0000] "GET /system/PMS/subject.shtml HTTP/1.0" 200 1683
128.177.243.155 - - [18/Mar/2000:06:26:40 +0000] "HEAD /sales/leads/dos.html HTTP/1.0" 404 0
128.177.243.155 - - [18/Mar/2000:06:32:10 +0000] "HEAD /partners/contents.html HTTP/1.0" 200 0
63.208.92.180 - - [18/Mar/2000:06:40:33 +0000] "GET /system/messages/178.shtml HTTP/1.1" 200 7631
216.35.103.41 - - [18/Mar/2000:06:40:49 +0000] "GET /partners/xstreammedia/theroom/waterhouse/customer.html HTTP/1.0" 200 1980
211.45.245.162 - - [18/Mar/2000:06:45:18 +0000] "GET /system/PMS/subject.shtml HTTP/1.0" 200 1683
216.35.103.41 - - [18/Mar/2000:06:46:13 +0000] "GET /partners/JPS/commonwealth/report2/fullcontents.html HTTP/1.0" 200 8634
216.35.103.49 - - [18/Mar/2000:06:56:18 +0000] "GET /partners/GP/greenworld/development HTTP/1.0" 301 213
216.35.103.41 - - [18/Mar/2000:07:01:17 +0000] "GET /partners/M4T/motorola/proposal.html HTTP/1.0" 200 8041
216.35.103.45 - - [18/Mar/2000:07:05:25 +0000] "GET /partners/xstreammedia/theroom/Sitev1/silver.htm HTTP/1.0" 200 496
216.35.103.45 - - [18/Mar/2000:07:10:36 +0000] "GET /partners/netalliance/installation/actions.shtml HTTP/1.0" 200 18639
212.152.150.31 - - [18/Mar/2000:07:15:03 +0000] "GET /partners/keyhaven/tankmuseum/subject_2.shtml HTTP/1.0" 200 2385
212.152.150.31 - - [18/Mar/2000:07:15:07 +0000] "GET /images/redball.gif HTTP/1.0" 200 380
212.152.150.31 - - [18/Mar/2000:07:15:08 +0000] "GET /images/greenball.gif HTTP/1.0" 200 104
212.152.150.31 - - [18/Mar/2000:07:15:08 +0000] "GET /images/pe.gif HTTP/1.0" 200 417
212.152.150.31 - - [18/Mar/2000:07:15:08 +0000] "GET /javascript/floater.js HTTP/1.0" 200 2611
216.35.103.48 - - [18/Mar/2000:07:15:43 +0000] "GET /partners/airflow/PFE/subject_10.shtml HTTP/1.0" 200 5099
216.35.103.49 - - [18/Mar/2000:07:16:18 +0000] "GET /partners/GP/greenworld/development/ HTTP/1.0" 200 1862
216.35.103.43 - - [18/Mar/2000:07:20:14 +0000] "GET /philosophy/agm/logo.html HTTP/1.0" 200 1100
212.152.150.31 - - [18/Mar/2000:07:21:08 +0000] "GET /partners/keyhaven/tankmuseum/subject.shtml HTTP/1.0" 200 2378
212.152.150.31 - - [18/Mar/2000:07:22:10 +0000] "GET /partners/keyhaven/tankmuseum/subject.shtml HTTP/1.0" 200 2378
216.35.103.43 - - [18/Mar/2000:07:27:36 +0000] "GET /partners/netalliance/puzzles/three/customer.html HTTP/1.0" 200 1968
216.35.103.49 - - [18/Mar/2000:07:34:33 +0000] "GET /partners/hoop/buxtons HTTP/1.0" 301 200
211.45.245.162 - - [18/Mar/2000:07:36:00 +0000] "GET /system/PMS/subject.shtml HTTP/1.0" 200 1683
216.35.103.41 - - [18/Mar/2000:07:37:31 +0000] "GET /partners/airflow/subject_9.shtml HTTP/1.0" 200 2063
216.35.103.45 - - [18/Mar/2000:07:54:28 +0000] "GET /partners/JPS/commonwealth/report2/gifs/dos.html HTTP/1.0" 200 14143
202.54.125.228 - - [18/Mar/2000:07:54:54 +0000] "GET /partners/intermail/beano/images/beanologo1.jpg HTTP/1.0" 200 3609
202.54.125.228 - - [18/Mar/2000:07:54:59 +0000] "GET /partners/intermail/beano/beano.html HTTP/1.0" 200 37402
211.45.245.162 - - [18/Mar/2000:07:59:01 +0000] "GET /system/PMS/subject.shtml HTTP/1.0" 200 1683
216.35.103.46 - - [18/Mar/2000:08:02:31 +0000] "GET /partners/xstreammedia/theroom/sitev2/checkout.htm HTTP/1.0" 200 474
216.35.103.49 - - [18/Mar/2000:08:08:46 +0000] "GET /partners/hoop/buxtons/ HTTP/1.0" 200 1849
216.35.103.46 - - [18/Mar/2000:08:10:05 +0000] "GET /partners/hoop/subject_1.shtml HTTP/1.0" 200 2024
216.35.103.43 - - [18/Mar/2000:08:10:12 +0000] "GET /house/costs.csv HTTP/1.0" 200 764
216.35.103.45 - - [18/Mar/2000:08:11:06 +0000] "GET /partners/epinet/contents.html HTTP/1.0" 200 2770
216.35.103.43 - - [18/Mar/2000:08:14:54 +0000] "GET /partners/winsql/zoneblue/actions.shtml HTTP/1.0" 200 18513
216.35.103.45 - - [18/Mar/2000:08:15:53 +0000] "GET /philosophy/agm/Roles.shtml HTTP/1.0" 200 2359
211.45.245.162 - - [18/Mar/2000:08:18:14 +0000] "GET /system/PMS/subject.shtml HTTP/1.0" 200 1683
216.35.103.41 - - [18/Mar/2000:08:27:04 +0000] "GET /partners/context/archive/navigate.html HTTP/1.0" 200 1662
216.35.103.42 - - [18/Mar/2000:08:28:45 +0000] "GET /system/test/subject_21.shtml HTTP/1.0" 200 2429
216.35.103.41 - - [18/Mar/2000:08:32:13 +0000] "GET /partners/hoop/betrothed/site/directory/tiaras.htm HTTP/1.0" 200 9762
202.188.48.60 - - [18/Mar/2000:08:35:37 +0000] "GET /partners/hoop/powerhouse/subject_3.shtml HTTP/1.1" 200 2268
202.188.48.60 - - [18/Mar/2000:08:35:38 +0000] "GET /images/greenball.gif HTTP/1.1" 200 104
202.188.48.60 - - [18/Mar/2000:08:35:39 +0000] "GET /images/redball.gif HTTP/1.1" 200 380
216.35.103.47 - - [18/Mar/2000:08:37:01 +0000] "GET /people/colinr/subject_5.shtml HTTP/1.0" 200 3963
211.45.245.162 - - [18/Mar/2000:08:37:22 +0000] "GET /system/PMS/subject.shtml HTTP/1.0" 200 1683
216.35.103.45 - - [18/Mar/2000:08:39:42 +0000] "GET /people/keithh/customer.html HTTP/1.0" 200 1926
216.35.103.41 - - [18/Mar/2000:08:43:35 +0000] "GET /partners/hoop/bmc/demo/contents.html HTTP/1.0" 200 2957
216.35.103.45 - - [18/Mar/2000:08:46:43 +0000] "GET /partners/netalliance/installation/quiz/1anws.txt HTTP/1.0" 200 10
202.62.127.210 - - [18/Mar/2000:08:50:51 +0000] "GET /partners/JPS/commonwealth/report HTTP/1.0" 301 211
202.62.127.210 - - [18/Mar/2000:08:50:53 +0000] "GET /partners/JPS/commonwealth/report/ HTTP/1.0" 200 8622
202.62.127.210 - - [18/Mar/2000:08:50:56 +0000] "GET /partners/JPS/commonwealth/report/gifs/header-index.gif HTTP/1.0" 200 7135
202.62.127.210 - - [18/Mar/2000:08:50:58 +0000] "GET /partners/JPS/commonwealth/report/gifs/nsi-logo-2.gif HTTP/1.0" 200 764
202.62.127.210 - - [18/Mar/2000:08:50:59 +0000] "GET /partners/JPS/commonwealth/report/gifs/acp.gif HTTP/1.0" 200 1308
202.62.127.210 - - [18/Mar/2000:08:50:59 +0000] "GET /partners/JPS/commonwealth/report/gifs/ecdpmlogo.gif HTTP/1.0" 200 816
202.62.127.210 - - [18/Mar/2000:08:50:59 +0000] "GET /partners/JPS/commonwealth/report/gifs/eisdream1.gif HTTP/1.0" 200 2139
202.62.127.210 - - [18/Mar/2000:08:51:01 +0000] "GET /partners/JPS/commonwealth/report/gifs/euforic.gif HTTP/1.0" 200 1347
202.62.127.210 - - [18/Mar/2000:08:51:39 +0000] "GET /partners/JPS/commonwealth/report/2.html HTTP/1.0" 200 10174
202.62.127.210 - - [18/Mar/2000:08:53:27 +0000] "GET /partners/JPS/commonwealth/report/ HTTP/1.0" 200 8622
216.35.103.45 - - [18/Mar/2000:08:54:29 +0000] "GET /partners/hoop/whitewilson/site/weather/gifs/actions.shtml HTTP/1.0" 200 18779
211.45.245.162 - - [18/Mar/2000:08:56:30 +0000] "GET /system/PMS/subject.shtml HTTP/1.0" 200 1683
216.35.103.50 - - [18/Mar/2000:09:03:21 +0000] "GET /partners/keyhaven/telematixs/subject.shtml HTTP/1.0" 200 2940
216.35.103.46 - - [18/Mar/2000:09:05:24 +0000] "GET /partners/airflow/PFE/functional_3.shtml HTTP/1.0" 200 6565
216.35.103.50 - - [18/Mar/2000:09:07:56 +0000] "GET /partners/hoop/whitewilson/site.old/weather/l_head.html HTTP/1.0" 200 233
216.32.64.10 - - [18/Mar/2000:09:12:03 +0000] "GET /people/danielh/ HTTP/1.1" 200 1842
216.35.103.46 - - [18/Mar/2000:09:12:50 +0000] "GET /system/lurker/subject_1.shtml HTTP/1.0" 200 1825
216.32.64.10 - - [18/Mar/2000:09:14:14 +0000] "GET /people/colinr/ HTTP/1.1" 200 1841
216.35.103.42 - - [18/Mar/2000:09:15:02 +0000] "GET /partners/hoop/saa/subject_3.shtml HTTP/1.0" 200 1758
211.45.245.162 - - [18/Mar/2000:09:15:39 +0000] "GET /system/PMS/subject.shtml HTTP/1.0" 200 1683
216.32.64.10 - - [18/Mar/2000:09:16:38 +0000] "GET /people/mikec/ HTTP/1.1" 200 1840
216.35.103.43 - - [18/Mar/2000:09:20:36 +0000] "GET /partners/hoop/whitewilson/site/profile/navigate.html HTTP/1.0" 200 1662
216.32.64.10 - - [18/Mar/2000:09:21:04 +0000] "GET /people/williams/ HTTP/1.1" 200 1843
216.32.64.10 - - [18/Mar/2000:09:22:14 +0000] "GET /people/timp/subject.shtml HTTP/1.1" 200 6594
216.35.103.47 - - [18/Mar/2000:09:30:15 +0000] "GET /partners/chameleon/messages/5.shtml HTTP/1.0" 200 6467
216.35.103.49 - - [18/Mar/2000:09:31:43 +0000] "GET /tim/annotate.htm HTTP/1.0" 200 3281
62.112.0.24 - - [18/Mar/2000:09:34:48 +0000] "GET /people/timj/timesheets/1997-11-28.html HTTP/1.0" 200 2546
211.45.245.162 - - [18/Mar/2000:09:34:49 +0000] "GET /system/PMS/subject.shtml HTTP/1.0" 200 1683
216.35.103.45 - - [18/Mar/2000:09:37:49 +0000] "GET /partners/chameleon/logo_1.template HTTP/1.0" 200 1022
216.35.103.47 - - [18/Mar/2000:09:39:32 +0000] "GET /partners/sparks/counter/customer.html HTTP/1.0" 200 1946
216.35.103.47 - - [18/Mar/2000:09:44:33 +0000] "GET /partners/terms.shtml HTTP/1.0" 200 4857
216.35.103.47 - - [18/Mar/2000:09:49:48 +0000] "GET /partners/hoop/whitewilson/site.old/claims/l_head.html HTTP/1.0" 200 233
211.45.245.162 - - [18/Mar/2000:09:53:55 +0000] "GET /system/PMS/subject.shtml HTTP/1.0" 200 1683
195.92.194.47 - - [18/Mar/2000:09:54:01 +0000] "GET /partners/keyhaven/messages/3.shtml HTTP/1.1" 200 5533
212.159.3.213 - - [18/Mar/2000:10:01:49 +0000] "GET /partners/hoop/maf/subject_1.shtml HTTP/1.1" 200 1939
212.159.3.213 - - [18/Mar/2000:10:01:50 +0000] "GET /images/redball.gif HTTP/1.1" 200 380
212.159.3.213 - - [18/Mar/2000:10:01:50 +0000] "GET /images/greenball.gif HTTP/1.1" 200 104
211.45.245.162 - - [18/Mar/2000:10:13:04 +0000] "GET /system/PMS/subject.shtml HTTP/1.0" 200 1683
216.35.103.41 - - [18/Mar/2000:10:13:41 +0000] "GET /partners/JPS/commonwealth/report2/paneris_view.html HTTP/1.0" 200 1861
216.35.103.43 - - [18/Mar/2000:10:15:22 +0000] "GET /partners/alpha/funerals/navigate.html HTTP/1.0" 200 1663
216.35.103.44 - - [18/Mar/2000:10:27:00 +0000] "GET /partners/sparks/messages/index.shtml HTTP/1.0" 200 4025
216.35.103.45 - - [18/Mar/2000:10:27:18 +0000] "GET /system/test/subject.shtml HTTP/1.0" 200 3307
211.45.245.162 - - [18/Mar/2000:10:32:16 +0000] "GET /system/PMS/subject.shtml HTTP/1.0" 200 1683
216.35.103.45 - - [18/Mar/2000:10:33:00 +0000] "GET /partners/hoop/whitewilson/site/menu_gifs/customer.html HTTP/1.0" 200 1980
216.35.103.50 - - [18/Mar/2000:10:42:30 +0000] "GET /people/subject_1.shtml HTTP/1.0" 200 2449
216.35.103.50 - - [18/Mar/2000:10:47:47 +0000] "GET /system/technology/wasp HTTP/1.0" 301 201
211.45.245.162 - - [18/Mar/2000:10:51:27 +0000] "GET /system/PMS/subject.shtml HTTP/1.0" 200 1683
216.35.103.44 - - [18/Mar/2000:11:02:35 +0000] "GET /partners/hoop/whitewilson/site/links/l_head.html HTTP/1.0" 200 233
216.35.103.50 - - [18/Mar/2000:11:07:34 +0000] "GET /system/technology/wasp/ HTTP/1.0" 200 1850
216.35.103.44 - - [18/Mar/2000:11:07:47 +0000] "GET /partners/netalliance/puzzles/customer.html HTTP/1.0" 200 1956
199.89.64.71 - - [18/Mar/2000:11:12:45 +0000] "GET /partners/keyhaven/corps/subject_2.shtml HTTP/1.0" 200 2061
199.89.64.71 - - [18/Mar/2000:11:12:47 +0000] "GET /images/greenball.gif HTTP/1.0" 200 104
199.89.64.71 - - [18/Mar/2000:11:16:55 +0000] "GET /partners/keyhaven/corps/subject_2.shtml HTTP/1.0" 200 2061
216.35.103.47 - - [18/Mar/2000:11:21:27 +0000] "GET /system/messages/181.shtml HTTP/1.0" 200 7562
216.35.103.45 - - [18/Mar/2000:11:22:28 +0000] "GET /system/reference/perldocs/perlref.htm HTTP/1.0" 200 18453
216.35.103.50 - - [18/Mar/2000:11:28:33 +0000] "GET /tim/quob.htm HTTP/1.0" 200 1231
216.35.103.43 - - [18/Mar/2000:11:32:34 +0000] "GET /people/alexh/subject.shtml HTTP/1.0" 200 1417
211.45.245.162 - - [18/Mar/2000:11:35:28 +0000] "GET /system/PMS/subject.shtml HTTP/1.0" 200 1683
208.236.45.63 - - [18/Mar/2000:11:50:19 +0000] "GET /partners/idealnet/auction/subject_11.shtml HTTP/1.0" 200 3922
208.236.45.63 - - [18/Mar/2000:11:50:20 +0000] "GET /images/greenball.gif HTTP/1.0" 200 104
208.236.45.63 - - [18/Mar/2000:11:50:20 +0000] "GET /images/redball.gif HTTP/1.0" 200 380
216.35.103.45 - - [18/Mar/2000:11:53:21 +0000] "GET /people/subject_22.shtml HTTP/1.0" 200 1674
208.236.45.63 - - [18/Mar/2000:11:53:26 +0000] "GET /partners/idealnet/auction/subject_11.shtml HTTP/1.0" 200 3922
212.140.175.226 - - [18/Mar/2000:11:53:57 +0000] "GET /people/colinr/colin_cv.html HTTP/1.0" 200 2231
208.236.45.63 - - [18/Mar/2000:11:55:17 +0000] "GET /partners/idealnet/auction/subject_11.shtml HTTP/1.0" 200 3922
208.236.45.63 - - [18/Mar/2000:11:57:08 +0000] "GET /partners/idealnet/auction/subject_11.shtml HTTP/1.0" 200 3922
211.45.245.162 - - [18/Mar/2000:11:58:32 +0000] "GET /system/PMS/subject.shtml HTTP/1.0" 200 1683
216.35.103.41 - - [18/Mar/2000:11:58:52 +0000] "GET /partners/BRI/logo.html HTTP/1.0" 200 1088
208.236.45.63 - - [18/Mar/2000:11:58:58 +0000] "GET /partners/idealnet/auction/subject_11.shtml HTTP/1.0" 200 3922
208.236.45.63 - - [18/Mar/2000:12:02:40 +0000] "GET /partners/idealnet/auction/subject_11.shtml HTTP/1.0" 200 3922
216.35.103.45 - - [18/Mar/2000:12:06:05 +0000] "GET /subject.shtml HTTP/1.0" 200 4465
208.236.45.63 - - [18/Mar/2000:12:06:22 +0000] "GET /partners/idealnet/auction/subject_11.shtml HTTP/1.0" 200 3922
216.35.103.42 - - [18/Mar/2000:12:06:57 +0000] "GET /partners/winsql/zoneblue/navigate.html HTTP/1.0" 200 1663
208.236.45.63 - - [18/Mar/2000:12:13:45 +0000] "GET /partners/idealnet/auction/subject_11.shtml HTTP/1.0" 200 3922
216.35.103.41 - - [18/Mar/2000:12:17:09 +0000] "GET /system/quality/ProjectDocs_16.shtml HTTP/1.0" 200 16864
211.45.245.162 - - [18/Mar/2000:12:17:41 +0000] "GET /system/PMS/subject.shtml HTTP/1.0" 200 1683
213.38.23.52 - - [18/Mar/2000:12:22:23 +0000] "GET /people/terryr/subject_1.shtml HTTP/1.0" 200 2463
213.38.23.52 - - [18/Mar/2000:12:22:23 +0000] "GET /images/greenball.gif HTTP/1.0" 200 104
213.38.23.52 - - [18/Mar/2000:12:22:42 +0000] "GET /people/terryr/subject_2.shtml HTTP/1.0" 200 2758
213.38.23.52 - - [18/Mar/2000:12:23:02 +0000] "GET /people/terryr/subject_3.shtml HTTP/1.0" 200 2365
213.38.23.52 - - [18/Mar/2000:12:23:11 +0000] "GET /people/terryr HTTP/1.0" 301 192
213.38.23.52 - - [18/Mar/2000:12:23:11 +0000] "GET /people/terryr/ HTTP/1.0" 200 1841
213.38.23.52 - - [18/Mar/2000:12:23:11 +0000] "GET /people/terryr/logo.html HTTP/1.0" 200 1088
213.38.23.52 - - [18/Mar/2000:12:23:11 +0000] "GET /images/www.paneris.co.uk.gif HTTP/1.0" 200 1416
