216.35.103.58 - - [09/Mar/2000:17:45:18 +0000] "GET /partners/M4T/envy/subject.shtml HTTP/1.0" 200 1272
211.45.245.162 - - [09/Mar/2000:17:46:18 +0000] "GET /system/PMS/subject.shtml HTTP/1.0" 200 1683
193.60.148.235 - - [09/Mar/2000:17:48:50 +0000] "GET /partners/JPS/commonwealth/report/3.html HTTP/1.0" 200 8226
132.254.210.94 - - [09/Mar/2000:17:49:43 +0000] "GET /system/newbox/newbox.txt HTTP/1.1" 200 4235
204.241.228.2 - - [09/Mar/2000:17:51:09 +0000] "GET /index2.html HTTP/1.0" 200 12513
204.241.228.2 - - [09/Mar/2000:17:51:10 +0000] "GET /heading.gif HTTP/1.0" 200 9896
204.241.228.2 - - [09/Mar/2000:17:51:12 +0000] "GET /banner2.gif HTTP/1.0" 200 7731
193.60.148.235 - - [09/Mar/2000:17:55:21 +0000] "GET /partners/JPS/commonwealth/report/4.html HTTP/1.0" 200 5531
193.60.148.235 - - [09/Mar/2000:17:55:39 +0000] "GET /partners/JPS/commonwealth/report/5.html HTTP/1.0" 200 5588
193.60.148.235 - - [09/Mar/2000:17:55:57 +0000] "GET /partners/JPS/commonwealth/report/6.html HTTP/1.0" 200 8367
216.35.103.58 - - [09/Mar/2000:17:58:04 +0000] "GET /partners/intermail HTTP/1.0" 301 197
216.35.103.59 - - [09/Mar/2000:17:58:16 +0000] "GET /bobfest/1997/customer.html HTTP/1.0" 404 179
211.45.245.162 - - [09/Mar/2000:18:05:29 +0000] "GET /system/PMS/subject.shtml HTTP/1.0" 200 1683
216.35.103.58 - - [09/Mar/2000:18:06:16 +0000] "GET /partners/intermail/ HTTP/1.0" 200 1846
193.60.148.235 - - [09/Mar/2000:18:08:26 +0000] "GET /partners/JPS/commonwealth/report/7.html HTTP/1.0" 200 11479
216.35.103.51 - - [09/Mar/2000:18:13:46 +0000] "GET /actions_2.template HTTP/1.0" 200 22044
193.113.185.134 - - [09/Mar/2000:18:22:01 +0000] "GET /partners/hoop/bmc/demo/BMP.html HTTP/1.1" 200 2542
193.113.185.134 - - [09/Mar/2000:18:22:47 +0000] "GET /partners/hoop/bmc/demo/catalogues/search.pl?searchfield=Section_Main&searchterm=General+Titles HTTP/1.1" 404 208
193.113.185.134 - - [09/Mar/2000:18:22:52 +0000] "GET /partners/hoop/bmc/demo/catalogues/search.pl?searchfield=Section_Main&searchterm=History+and+Archaeology HTTP/1.1" 404 208
193.113.185.134 - - [09/Mar/2000:18:22:55 +0000] "GET /partners/hoop/bmc/demo/searchform.html HTTP/1.1" 404 203
211.45.245.162 - - [09/Mar/2000:18:24:40 +0000] "GET /system/PMS/subject.shtml HTTP/1.0" 200 1683
195.92.194.47 - - [09/Mar/2000:18:34:21 +0000] "GET /glastonbury/1999/ HTTP/1.0" 200 2529
195.92.194.84 - - [09/Mar/2000:18:34:22 +0000] "GET /glastonbury/1999/bg.jpg HTTP/1.0" 200 11463
195.92.194.47 - - [09/Mar/2000:18:34:22 +0000] "GET /glastonbury/1999/PIC00008.jpg HTTP/1.0" 200 19740
195.92.194.84 - - [09/Mar/2000:18:34:22 +0000] "GET /glastonbury/1999/PIC00006.jpg HTTP/1.0" 200 39284
195.92.194.82 - - [09/Mar/2000:18:34:22 +0000] "GET /glastonbury/1999/PIC00022.jpg HTTP/1.0" 200 47351
195.92.194.25 - - [09/Mar/2000:18:34:42 +0000] "GET /glastonbury/1999/PIC00025.jpg HTTP/1.0" 200 52215
195.92.194.82 - - [09/Mar/2000:18:35:02 +0000] "GET /glastonbury/1999/PIC00013.jpg HTTP/1.0" 200 64673
195.92.64.190 - - [09/Mar/2000:18:36:15 +0000] "GET /paneris/cgi-bin/refresh.pl?rate=4 HTTP/1.0" 200 663
195.92.194.23 - - [09/Mar/2000:18:36:16 +0000] "GET /glastonbury/1999/1999_icon.jpg HTTP/1.0" 200 2709
195.92.64.191 - - [09/Mar/2000:18:36:20 +0000] "GET /paneris/cgi-bin/refresh.pl?node=/glastonbury/1999/&leaf=index.html&file=bg.jpg&rate=4 HTTP/1.0" 200 657
195.92.64.193 - - [09/Mar/2000:18:36:25 +0000] "GET /paneris/cgi-bin/refresh.pl?node=/glastonbury/1999/&leaf=index.html&file=30Jun99006.JPG&rate=4 HTTP/1.0" 200 673
195.92.194.47 - - [09/Mar/2000:18:36:26 +0000] "GET /glastonbury/1999/30Jun99006.JPG HTTP/1.0" 200 13357
195.92.64.200 - - [09/Mar/2000:18:36:30 +0000] "GET /paneris/cgi-bin/refresh.pl?node=/glastonbury/1999/&leaf=index.html&file=30Jun99007.JPG&rate=4 HTTP/1.0" 200 673
195.92.194.82 - - [09/Mar/2000:18:36:32 +0000] "GET /glastonbury/1999/30Jun99007.JPG HTTP/1.0" 200 16446
195.92.64.191 - - [09/Mar/2000:18:36:37 +0000] "GET /paneris/cgi-bin/refresh.pl?node=/glastonbury/1999/&leaf=index.html&file=30Jun99008.JPG&rate=4 HTTP/1.0" 200 673
195.92.194.23 - - [09/Mar/2000:18:36:38 +0000] "GET /glastonbury/1999/30Jun99008.JPG HTTP/1.0" 200 24760
195.92.64.192 - - [09/Mar/2000:18:36:44 +0000] "GET /paneris/cgi-bin/refresh.pl?node=/glastonbury/1999/&leaf=index.html&file=30Jun99009.JPG&rate=4 HTTP/1.0" 200 673
195.92.194.84 - - [09/Mar/2000:18:36:44 +0000] "GET /glastonbury/1999/30Jun99009.JPG HTTP/1.0" 200 16056
195.92.64.193 - - [09/Mar/2000:18:36:50 +0000] "GET /paneris/cgi-bin/refresh.pl?node=/glastonbury/1999/&leaf=index.html&file=30Jun99010.JPG&rate=4 HTTP/1.0" 200 673
195.92.194.47 - - [09/Mar/2000:18:36:50 +0000] "GET /glastonbury/1999/30Jun99010.JPG HTTP/1.0" 200 15304
195.92.64.191 - - [09/Mar/2000:18:36:56 +0000] "GET /paneris/cgi-bin/refresh.pl?node=/glastonbury/1999/&leaf=index.html&file=30Jun99011.JPG&rate=4 HTTP/1.0" 200 673
195.92.194.82 - - [09/Mar/2000:18:36:57 +0000] "GET /glastonbury/1999/30Jun99011.JPG HTTP/1.0" 200 26931
195.92.64.190 - - [09/Mar/2000:18:37:02 +0000] "GET /paneris/cgi-bin/refresh.pl?node=/glastonbury/1999/&leaf=index.html&file=30Jun99012.JPG&rate=4 HTTP/1.0" 200 673
195.92.194.23 - - [09/Mar/2000:18:37:03 +0000] "GET /glastonbury/1999/30Jun99012.JPG HTTP/1.0" 200 27763
195.92.64.192 - - [09/Mar/2000:18:37:09 +0000] "GET /paneris/cgi-bin/refresh.pl?node=/glastonbury/1999/&leaf=index.html&file=30Jun99013.JPG&rate=4 HTTP/1.0" 200 673
195.92.194.84 - - [09/Mar/2000:18:37:10 +0000] "GET /glastonbury/1999/30Jun99013.JPG HTTP/1.0" 200 25744
195.92.64.191 - - [09/Mar/2000:18:37:15 +0000] "GET /paneris/cgi-bin/refresh.pl?node=/glastonbury/1999/&leaf=index.html&file=30Jun99014.JPG&rate=4 HTTP/1.0" 200 673
195.92.194.25 - - [09/Mar/2000:18:37:16 +0000] "GET /glastonbury/1999/30Jun99014.JPG HTTP/1.0" 200 10711
195.92.64.200 - - [09/Mar/2000:18:37:20 +0000] "GET /paneris/cgi-bin/refresh.pl?node=/glastonbury/1999/&leaf=index.html&file=30Jun99015.JPG&rate=4 HTTP/1.0" 200 673
195.92.194.47 - - [09/Mar/2000:18:37:21 +0000] "GET /glastonbury/1999/30Jun99015.JPG HTTP/1.0" 200 19521
195.92.64.193 - - [09/Mar/2000:18:37:27 +0000] "GET /paneris/cgi-bin/refresh.pl?node=/glastonbury/1999/&leaf=index.html&file=30Jun99016.JPG&rate=4 HTTP/1.0" 200 673
195.92.194.82 - - [09/Mar/2000:18:37:28 +0000] "GET /glastonbury/1999/30Jun99016.JPG HTTP/1.0" 200 27657
195.92.64.192 - - [09/Mar/2000:18:37:34 +0000] "GET /paneris/cgi-bin/refresh.pl?node=/glastonbury/1999/&leaf=index.html&file=30Jun99017.JPG&rate=4 HTTP/1.0" 200 673
195.92.194.23 - - [09/Mar/2000:18:37:35 +0000] "GET /glastonbury/1999/30Jun99017.JPG HTTP/1.0" 200 21974
195.92.64.190 - - [09/Mar/2000:18:37:40 +0000] "GET /paneris/cgi-bin/refresh.pl?node=/glastonbury/1999/&leaf=index.html&file=30Jun99018.JPG&rate=4 HTTP/1.0" 200 673
195.92.194.84 - - [09/Mar/2000:18:37:41 +0000] "GET /glastonbury/1999/30Jun99018.JPG HTTP/1.0" 200 22559
195.92.64.192 - - [09/Mar/2000:18:37:47 +0000] "GET /paneris/cgi-bin/refresh.pl?node=/glastonbury/1999/&leaf=index.html&file=30Jun99019.JPG&rate=4 HTTP/1.0" 200 673
195.92.194.25 - - [09/Mar/2000:18:37:48 +0000] "GET /glastonbury/1999/30Jun99019.JPG HTTP/1.0" 200 8251
195.92.64.193 - - [09/Mar/2000:18:37:52 +0000] "GET /paneris/cgi-bin/refresh.pl?node=/glastonbury/1999/&leaf=index.html&file=30Jun99020.JPG&rate=4 HTTP/1.0" 200 673
195.92.194.82 - - [09/Mar/2000:18:37:53 +0000] "GET /glastonbury/1999/30Jun99020.JPG HTTP/1.0" 200 11293
195.92.64.193 - - [09/Mar/2000:18:37:57 +0000] "GET /paneris/cgi-bin/refresh.pl?node=/glastonbury/1999/&leaf=index.html&file=30Jun99021.JPG&rate=4 HTTP/1.0" 200 673
195.92.194.23 - - [09/Mar/2000:18:37:58 +0000] "GET /glastonbury/1999/30Jun99021.JPG HTTP/1.0" 200 12858
195.92.64.192 - - [09/Mar/2000:18:38:03 +0000] "GET /paneris/cgi-bin/refresh.pl?node=/glastonbury/1999/&leaf=index.html&file=30Jun99022.JPG&rate=4 HTTP/1.0" 200 673
195.92.194.84 - - [09/Mar/2000:18:38:04 +0000] "GET /glastonbury/1999/30Jun99022.JPG HTTP/1.0" 200 17207
195.92.64.193 - - [09/Mar/2000:18:38:09 +0000] "GET /paneris/cgi-bin/refresh.pl?node=/glastonbury/1999/&leaf=index.html&file=30Jun99023.JPG&rate=4 HTTP/1.0" 200 671
195.92.194.25 - - [09/Mar/2000:18:38:10 +0000] "GET /glastonbury/1999/30Jun99023.JPG HTTP/1.0" 200 24060
194.202.154.211 - - [09/Mar/2000:18:38:11 +0000] "GET /partners/context/isdn.htm HTTP/1.1" 200 4392
195.92.64.200 - - [09/Mar/2000:18:38:16 +0000] "GET /paneris/cgi-bin/refresh.pl?node=/glastonbury/1999/&leaf=index.html&file=PIC00001.jpg&rate=4 HTTP/1.0" 200 667
195.92.194.84 - - [09/Mar/2000:18:38:17 +0000] "GET /glastonbury/1999/PIC00001.jpg HTTP/1.0" 200 9502
195.92.64.191 - - [09/Mar/2000:18:38:21 +0000] "GET /paneris/cgi-bin/refresh.pl?node=/glastonbury/1999/&leaf=index.html&file=PIC00002.jpg&rate=4 HTTP/1.0" 200 667
195.92.194.25 - - [09/Mar/2000:18:38:22 +0000] "GET /glastonbury/1999/PIC00002.jpg HTTP/1.0" 200 11504
195.92.64.200 - - [09/Mar/2000:18:38:26 +0000] "GET /paneris/cgi-bin/refresh.pl?node=/glastonbury/1999/&leaf=index.html&file=PIC00003.jpg&rate=4 HTTP/1.0" 200 667
195.92.194.47 - - [09/Mar/2000:18:38:27 +0000] "GET /glastonbury/1999/PIC00003.jpg HTTP/1.0" 200 10867
195.92.64.192 - - [09/Mar/2000:18:38:31 +0000] "GET /paneris/cgi-bin/refresh.pl?node=/glastonbury/1999/&leaf=index.html&file=PIC00004.jpg&rate=4 HTTP/1.0" 200 667
195.92.194.82 - - [09/Mar/2000:18:38:32 +0000] "GET /glastonbury/1999/PIC00004.jpg HTTP/1.0" 200 11869
195.92.64.200 - - [09/Mar/2000:18:38:36 +0000] "GET /paneris/cgi-bin/refresh.pl?node=/glastonbury/1999/&leaf=index.html&file=PIC00005.jpg&rate=4 HTTP/1.0" 200 667
195.92.194.23 - - [09/Mar/2000:18:38:37 +0000] "GET /glastonbury/1999/PIC00005.jpg HTTP/1.0" 200 10913
195.92.64.191 - - [09/Mar/2000:18:38:42 +0000] "GET /paneris/cgi-bin/refresh.pl?node=/glastonbury/1999/&leaf=index.html&file=PIC00006.jpg&rate=4 HTTP/1.0" 200 667
195.92.64.193 - - [09/Mar/2000:18:38:47 +0000] "GET /paneris/cgi-bin/refresh.pl?node=/glastonbury/1999/&leaf=index.html&file=PIC00007.jpg&rate=4 HTTP/1.0" 200 667
195.92.194.25 - - [09/Mar/2000:18:38:48 +0000] "GET /glastonbury/1999/PIC00007.jpg HTTP/1.0" 200 76409
195.92.64.200 - - [09/Mar/2000:18:38:54 +0000] "GET /paneris/cgi-bin/refresh.pl?node=/glastonbury/1999/&leaf=index.html&file=PIC00008.jpg&rate=4 HTTP/1.0" 200 667
195.92.64.190 - - [09/Mar/2000:18:38:59 +0000] "GET /paneris/cgi-bin/refresh.pl?node=/glastonbury/1999/&leaf=index.html&file=PIC00009.jpg&rate=4 HTTP/1.0" 200 667
195.92.194.82 - - [09/Mar/2000:18:39:00 +0000] "GET /glastonbury/1999/PIC00009.jpg HTTP/1.0" 200 14336
195.92.64.192 - - [09/Mar/2000:18:39:05 +0000] "GET /paneris/cgi-bin/refresh.pl?node=/glastonbury/1999/&leaf=index.html&file=PIC00010.jpg&rate=4 HTTP/1.0" 200 667
195.92.194.84 - - [09/Mar/2000:18:39:06 +0000] "GET /glastonbury/1999/PIC00010.jpg HTTP/1.0" 200 13991
195.92.64.192 - - [09/Mar/2000:18:39:12 +0000] "GET /paneris/cgi-bin/refresh.pl?node=/glastonbury/1999/&leaf=index.html&file=PIC00011.jpg&rate=4 HTTP/1.0" 200 667
195.92.194.25 - - [09/Mar/2000:18:39:13 +0000] "GET /glastonbury/1999/PIC00011.jpg HTTP/1.0" 200 78074
195.92.64.193 - - [09/Mar/2000:18:39:18 +0000] "GET /paneris/cgi-bin/refresh.pl?node=/glastonbury/1999/&leaf=index.html&file=PIC00012.jpg&rate=4 HTTP/1.0" 200 667
195.92.194.47 - - [09/Mar/2000:18:39:19 +0000] "GET /glastonbury/1999/PIC00012.jpg HTTP/1.0" 200 80697
195.92.64.193 - - [09/Mar/2000:18:39:25 +0000] "GET /paneris/cgi-bin/refresh.pl?node=/glastonbury/1999/&leaf=index.html&file=PIC00013.jpg&rate=4 HTTP/1.0" 200 667
195.92.64.190 - - [09/Mar/2000:18:39:31 +0000] "GET /paneris/cgi-bin/refresh.pl?node=/glastonbury/1999/&leaf=index.html&file=PIC00014.jpg&rate=4 HTTP/1.0" 200 667
195.92.194.23 - - [09/Mar/2000:18:39:32 +0000] "GET /glastonbury/1999/PIC00014.jpg HTTP/1.0" 200 44848
195.92.64.200 - - [09/Mar/2000:18:39:38 +0000] "GET /paneris/cgi-bin/refresh.pl?node=/glastonbury/1999/&leaf=index.html&file=PIC00015.jpg&rate=4 HTTP/1.0" 200 667
195.92.194.84 - - [09/Mar/2000:18:39:39 +0000] "GET /glastonbury/1999/PIC00015.jpg HTTP/1.0" 200 34003
195.92.64.191 - - [09/Mar/2000:18:39:44 +0000] "GET /paneris/cgi-bin/refresh.pl?node=/glastonbury/1999/&leaf=index.html&file=PIC00016.jpg&rate=4 HTTP/1.0" 200 667
195.92.194.25 - - [09/Mar/2000:18:39:45 +0000] "GET /glastonbury/1999/PIC00016.jpg HTTP/1.0" 200 40109
195.92.64.191 - - [09/Mar/2000:18:39:51 +0000] "GET /paneris/cgi-bin/refresh.pl?node=/glastonbury/1999/&leaf=index.html&file=PIC00017.jpg&rate=4 HTTP/1.0" 200 667
195.92.194.47 - - [09/Mar/2000:18:39:52 +0000] "GET /glastonbury/1999/PIC00017.jpg HTTP/1.0" 200 39707
195.92.64.190 - - [09/Mar/2000:18:39:57 +0000] "GET /paneris/cgi-bin/refresh.pl?node=/glastonbury/1999/&leaf=index.html&file=PIC00018.jpg&rate=4 HTTP/1.0" 200 667
195.92.194.82 - - [09/Mar/2000:18:39:58 +0000] "GET /glastonbury/1999/PIC00018.jpg HTTP/1.0" 200 56673
195.92.64.191 - - [09/Mar/2000:18:40:04 +0000] "GET /paneris/cgi-bin/refresh.pl?node=/glastonbury/1999/&leaf=index.html&file=PIC00019.jpg&rate=4 HTTP/1.0" 200 667
195.92.194.23 - - [09/Mar/2000:18:40:05 +0000] "GET /glastonbury/1999/PIC00019.jpg HTTP/1.0" 200 53608
195.92.64.192 - - [09/Mar/2000:18:40:11 +0000] "GET /paneris/cgi-bin/refresh.pl?node=/glastonbury/1999/&leaf=index.html&file=PIC00020.jpg&rate=4 HTTP/1.0" 200 667
195.92.194.25 - - [09/Mar/2000:18:40:11 +0000] "GET /glastonbury/1999/PIC00020.jpg HTTP/1.0" 200 40279
195.92.64.193 - - [09/Mar/2000:18:40:17 +0000] "GET /paneris/cgi-bin/refresh.pl?node=/glastonbury/1999/&leaf=index.html&file=PIC00021.jpg&rate=4 HTTP/1.0" 200 667
195.92.194.47 - - [09/Mar/2000:18:40:18 +0000] "GET /glastonbury/1999/PIC00021.jpg HTTP/1.0" 200 59641
195.92.64.193 - - [09/Mar/2000:18:40:23 +0000] "GET /paneris/cgi-bin/refresh.pl?node=/glastonbury/1999/&leaf=index.html&file=PIC00022.jpg&rate=4 HTTP/1.0" 200 667
195.92.64.193 - - [09/Mar/2000:18:40:28 +0000] "GET /paneris/cgi-bin/refresh.pl?node=/glastonbury/1999/&leaf=index.html&file=PIC00023.jpg&rate=4 HTTP/1.0" 200 667
195.92.194.23 - - [09/Mar/2000:18:40:29 +0000] "GET /glastonbury/1999/PIC00023.jpg HTTP/1.0" 200 51741
195.92.64.192 - - [09/Mar/2000:18:40:35 +0000] "GET /paneris/cgi-bin/refresh.pl?node=/glastonbury/1999/&leaf=index.html&file=PIC00024.jpg&rate=4 HTTP/1.0" 200 667
195.92.194.84 - - [09/Mar/2000:18:40:36 +0000] "GET /glastonbury/1999/PIC00024.jpg HTTP/1.0" 200 50759
195.92.64.193 - - [09/Mar/2000:18:40:41 +0000] "GET /paneris/cgi-bin/refresh.pl?node=/glastonbury/1999/&leaf=index.html&file=PIC00025.jpg&rate=4 HTTP/1.0" 200 667
195.92.64.200 - - [09/Mar/2000:18:40:47 +0000] "GET /paneris/cgi-bin/refresh.pl?node=/glastonbury/1999/&leaf=index.html&file=PIC00026.jpg&rate=4 HTTP/1.0" 200 603
195.92.194.47 - - [09/Mar/2000:18:40:48 +0000] "GET /glastonbury/1999/PIC00026.jpg HTTP/1.0" 200 55324
195.92.194.25 - - [09/Mar/2000:18:40:53 +0000] "GET /glastonbury/1999/index.html HTTP/1.0" 200 2529
195.92.64.200 - - [09/Mar/2000:18:41:15 +0000] "GET /paneris/cgi-bin/refresh.pl?rate=4 HTTP/1.0" 200 663
195.92.64.190 - - [09/Mar/2000:18:41:20 +0000] "GET /paneris/cgi-bin/refresh.pl?node=/glastonbury/1999/&leaf=index.html&file=bg.jpg&rate=4 HTTP/1.0" 200 657
195.92.64.190 - - [09/Mar/2000:18:41:25 +0000] "GET /paneris/cgi-bin/refresh.pl?node=/glastonbury/1999/&leaf=index.html&file=30Jun99006.JPG&rate=4 HTTP/1.0" 200 673
195.92.64.192 - - [09/Mar/2000:18:41:26 +0000] "GET /glastonbury/1999/30Jun99006.JPG HTTP/1.0" 206 4364
195.92.64.192 - - [09/Mar/2000:18:41:30 +0000] "GET /paneris/cgi-bin/refresh.pl?node=/glastonbury/1999/&leaf=index.html&file=30Jun99007.JPG&rate=4 HTTP/1.0" 200 673
195.92.64.193 - - [09/Mar/2000:18:41:31 +0000] "GET /glastonbury/1999/30Jun99007.JPG HTTP/1.0" 206 7453
195.92.64.193 - - [09/Mar/2000:18:41:36 +0000] "GET /paneris/cgi-bin/refresh.pl?node=/glastonbury/1999/&leaf=index.html&file=30Jun99008.JPG&rate=4 HTTP/1.0" 200 673
195.92.64.190 - - [09/Mar/2000:18:41:37 +0000] "GET /glastonbury/1999/30Jun99008.JPG HTTP/1.0" 206 15767
195.92.64.200 - - [09/Mar/2000:18:41:42 +0000] "GET /paneris/cgi-bin/refresh.pl?node=/glastonbury/1999/&leaf=index.html&file=30Jun99009.JPG&rate=4 HTTP/1.0" 200 673
195.92.64.200 - - [09/Mar/2000:18:41:43 +0000] "GET /glastonbury/1999/30Jun99009.JPG HTTP/1.0" 206 5615
195.92.64.192 - - [09/Mar/2000:18:41:47 +0000] "GET /paneris/cgi-bin/refresh.pl?node=/glastonbury/1999/&leaf=index.html&file=30Jun99010.JPG&rate=4 HTTP/1.0" 200 673
195.92.64.190 - - [09/Mar/2000:18:41:48 +0000] "GET /glastonbury/1999/30Jun99010.JPG HTTP/1.0" 206 3663
195.92.64.200 - - [09/Mar/2000:18:41:52 +0000] "GET /paneris/cgi-bin/refresh.pl?node=/glastonbury/1999/&leaf=index.html&file=30Jun99011.JPG&rate=4 HTTP/1.0" 200 673
195.92.64.193 - - [09/Mar/2000:18:41:54 +0000] "GET /glastonbury/1999/30Jun99011.JPG HTTP/1.0" 206 18174
195.92.64.200 - - [09/Mar/2000:18:41:58 +0000] "GET /paneris/cgi-bin/refresh.pl?node=/glastonbury/1999/&leaf=index.html&file=30Jun99012.JPG&rate=4 HTTP/1.0" 200 673
195.92.64.200 - - [09/Mar/2000:18:41:59 +0000] "GET /glastonbury/1999/30Jun99012.JPG HTTP/1.0" 206 18770
195.92.64.191 - - [09/Mar/2000:18:42:05 +0000] "GET /paneris/cgi-bin/refresh.pl?node=/glastonbury/1999/&leaf=index.html&file=30Jun99013.JPG&rate=4 HTTP/1.0" 200 673
195.92.64.200 - - [09/Mar/2000:18:42:06 +0000] "GET /glastonbury/1999/30Jun99013.JPG HTTP/1.0" 206 16751
195.92.64.190 - - [09/Mar/2000:18:42:12 +0000] "GET /paneris/cgi-bin/refresh.pl?node=/glastonbury/1999/&leaf=index.html&file=30Jun99014.JPG&rate=4 HTTP/1.0" 200 673
195.92.64.200 - - [09/Mar/2000:18:42:17 +0000] "GET /paneris/cgi-bin/refresh.pl?node=/glastonbury/1999/&leaf=index.html&file=30Jun99015.JPG&rate=4 HTTP/1.0" 200 673
195.92.64.193 - - [09/Mar/2000:18:42:18 +0000] "GET /glastonbury/1999/30Jun99015.JPG HTTP/1.0" 206 10198
195.92.64.192 - - [09/Mar/2000:18:42:22 +0000] "GET /paneris/cgi-bin/refresh.pl?node=/glastonbury/1999/&leaf=index.html&file=30Jun99016.JPG&rate=4 HTTP/1.0" 200 673
195.92.64.190 - - [09/Mar/2000:18:42:23 +0000] "GET /glastonbury/1999/30Jun99016.JPG HTTP/1.0" 206 18664
195.92.64.191 - - [09/Mar/2000:18:42:29 +0000] "GET /paneris/cgi-bin/refresh.pl?node=/glastonbury/1999/&leaf=index.html&file=30Jun99017.JPG&rate=4 HTTP/1.0" 200 673
195.92.64.200 - - [09/Mar/2000:18:42:30 +0000] "GET /glastonbury/1999/30Jun99017.JPG HTTP/1.0" 206 12981
195.92.64.193 - - [09/Mar/2000:18:42:34 +0000] "GET /paneris/cgi-bin/refresh.pl?node=/glastonbury/1999/&leaf=index.html&file=30Jun99018.JPG&rate=4 HTTP/1.0" 200 673
195.92.64.200 - - [09/Mar/2000:18:42:35 +0000] "GET /glastonbury/1999/30Jun99018.JPG HTTP/1.0" 206 12118
195.92.64.200 - - [09/Mar/2000:18:42:39 +0000] "GET /paneris/cgi-bin/refresh.pl?node=/glastonbury/1999/&leaf=index.html&file=30Jun99019.JPG&rate=4 HTTP/1.0" 200 673
195.92.64.190 - - [09/Mar/2000:18:42:44 +0000] "GET /paneris/cgi-bin/refresh.pl?node=/glastonbury/1999/&leaf=index.html&file=30Jun99020.JPG&rate=4 HTTP/1.0" 200 673
195.92.64.200 - - [09/Mar/2000:18:42:49 +0000] "GET /paneris/cgi-bin/refresh.pl?node=/glastonbury/1999/&leaf=index.html&file=30Jun99021.JPG&rate=4 HTTP/1.0" 200 673
195.92.64.193 - - [09/Mar/2000:18:42:53 +0000] "GET /glastonbury/1999/30Jun99021.JPG HTTP/1.0" 206 3865
195.92.64.191 - - [09/Mar/2000:18:42:55 +0000] "GET /paneris/cgi-bin/refresh.pl?node=/glastonbury/1999/&leaf=index.html&file=30Jun99022.JPG&rate=4 HTTP/1.0" 200 673
195.92.64.192 - - [09/Mar/2000:18:42:56 +0000] "GET /glastonbury/1999/30Jun99022.JPG HTTP/1.0" 206 8214
195.92.64.191 - - [09/Mar/2000:18:43:00 +0000] "GET /paneris/cgi-bin/refresh.pl?node=/glastonbury/1999/&leaf=index.html&file=30Jun99023.JPG&rate=4 HTTP/1.0" 200 671
195.92.64.200 - - [09/Mar/2000:18:43:01 +0000] "GET /glastonbury/1999/30Jun99023.JPG HTTP/1.0" 206 15067
195.92.64.193 - - [09/Mar/2000:18:43:06 +0000] "GET /paneris/cgi-bin/refresh.pl?node=/glastonbury/1999/&leaf=index.html&file=PIC00001.jpg&rate=4 HTTP/1.0" 200 667
195.92.64.193 - - [09/Mar/2000:18:43:11 +0000] "GET /paneris/cgi-bin/refresh.pl?node=/glastonbury/1999/&leaf=index.html&file=PIC00002.jpg&rate=4 HTTP/1.0" 200 667
195.92.64.200 - - [09/Mar/2000:18:43:17 +0000] "GET /paneris/cgi-bin/refresh.pl?node=/glastonbury/1999/&leaf=index.html&file=PIC00003.jpg&rate=4 HTTP/1.0" 200 667
195.92.64.191 - - [09/Mar/2000:18:43:22 +0000] "GET /paneris/cgi-bin/refresh.pl?node=/glastonbury/1999/&leaf=index.html&file=PIC00004.jpg&rate=4 HTTP/1.0" 200 667
195.92.64.190 - - [09/Mar/2000:18:43:27 +0000] "GET /paneris/cgi-bin/refresh.pl?node=/glastonbury/1999/&leaf=index.html&file=PIC00005.jpg&rate=4 HTTP/1.0" 200 667
195.92.64.190 - - [09/Mar/2000:18:43:32 +0000] "GET /paneris/cgi-bin/refresh.pl?node=/glastonbury/1999/&leaf=index.html&file=PIC00006.jpg&rate=4 HTTP/1.0" 200 667
195.92.64.193 - - [09/Mar/2000:18:43:37 +0000] "GET /paneris/cgi-bin/refresh.pl?node=/glastonbury/1999/&leaf=index.html&file=PIC00007.jpg&rate=4 HTTP/1.0" 200 667
195.92.64.190 - - [09/Mar/2000:18:43:38 +0000] "GET /glastonbury/1999/PIC00007.jpg HTTP/1.0" 206 66217
195.92.64.191 - - [09/Mar/2000:18:43:44 +0000] "GET /paneris/cgi-bin/refresh.pl?node=/glastonbury/1999/&leaf=index.html&file=PIC00008.jpg&rate=4 HTTP/1.0" 200 667
211.45.245.162 - - [09/Mar/2000:18:43:46 +0000] "GET /system/PMS/subject.shtml HTTP/1.0" 200 1683
195.92.64.190 - - [09/Mar/2000:18:43:49 +0000] "GET /paneris/cgi-bin/refresh.pl?node=/glastonbury/1999/&leaf=index.html&file=PIC00009.jpg&rate=4 HTTP/1.0" 200 667
195.92.64.191 - - [09/Mar/2000:18:43:50 +0000] "GET /glastonbury/1999/PIC00009.jpg HTTP/1.0" 206 5343
195.92.64.200 - - [09/Mar/2000:18:43:54 +0000] "GET /paneris/cgi-bin/refresh.pl?node=/glastonbury/1999/&leaf=index.html&file=PIC00010.jpg&rate=4 HTTP/1.0" 200 667
195.92.64.193 - - [09/Mar/2000:18:43:55 +0000] "GET /glastonbury/1999/PIC00010.jpg HTTP/1.0" 206 4998
195.92.64.193 - - [09/Mar/2000:18:43:59 +0000] "GET /paneris/cgi-bin/refresh.pl?node=/glastonbury/1999/&leaf=index.html&file=PIC00011.jpg&rate=4 HTTP/1.0" 200 667
195.92.64.191 - - [09/Mar/2000:18:44:01 +0000] "GET /glastonbury/1999/PIC00011.jpg HTTP/1.0" 206 67622
195.92.64.192 - - [09/Mar/2000:18:44:06 +0000] "GET /paneris/cgi-bin/refresh.pl?node=/glastonbury/1999/&leaf=index.html&file=PIC00012.jpg&rate=4 HTTP/1.0" 200 667
195.92.64.191 - - [09/Mar/2000:18:44:07 +0000] "GET /glastonbury/1999/PIC00012.jpg HTTP/1.0" 206 71705
195.92.64.190 - - [09/Mar/2000:18:44:13 +0000] "GET /paneris/cgi-bin/refresh.pl?node=/glastonbury/1999/&leaf=index.html&file=PIC00013.jpg&rate=4 HTTP/1.0" 200 667
195.92.64.190 - - [09/Mar/2000:18:44:18 +0000] "GET /paneris/cgi-bin/refresh.pl?node=/glastonbury/1999/&leaf=index.html&file=PIC00014.jpg&rate=4 HTTP/1.0" 200 667
195.92.64.192 - - [09/Mar/2000:18:44:19 +0000] "GET /glastonbury/1999/PIC00014.jpg HTTP/1.0" 206 35855
195.92.64.193 - - [09/Mar/2000:18:44:24 +0000] "GET /paneris/cgi-bin/refresh.pl?node=/glastonbury/1999/&leaf=index.html&file=PIC00015.jpg&rate=4 HTTP/1.0" 200 667
195.92.64.193 - - [09/Mar/2000:18:44:25 +0000] "GET /glastonbury/1999/PIC00015.jpg HTTP/1.0" 206 23550
195.92.64.192 - - [09/Mar/2000:18:44:31 +0000] "GET /paneris/cgi-bin/refresh.pl?node=/glastonbury/1999/&leaf=index.html&file=PIC00016.jpg&rate=4 HTTP/1.0" 200 667
195.92.64.193 - - [09/Mar/2000:18:44:31 +0000] "GET /glastonbury/1999/PIC00016.jpg HTTP/1.0" 206 31116
195.92.64.190 - - [09/Mar/2000:18:44:37 +0000] "GET /paneris/cgi-bin/refresh.pl?node=/glastonbury/1999/&leaf=index.html&file=PIC00017.jpg&rate=4 HTTP/1.0" 200 667
195.92.64.192 - - [09/Mar/2000:18:44:38 +0000] "GET /glastonbury/1999/PIC00017.jpg HTTP/1.0" 206 29254
195.92.64.191 - - [09/Mar/2000:18:44:43 +0000] "GET /paneris/cgi-bin/refresh.pl?node=/glastonbury/1999/&leaf=index.html&file=PIC00018.jpg&rate=4 HTTP/1.0" 200 667
195.92.64.191 - - [09/Mar/2000:18:44:44 +0000] "GET /glastonbury/1999/PIC00018.jpg HTTP/1.0" 206 46232
195.92.64.190 - - [09/Mar/2000:18:44:50 +0000] "GET /paneris/cgi-bin/refresh.pl?node=/glastonbury/1999/&leaf=index.html&file=PIC00019.jpg&rate=4 HTTP/1.0" 200 667
195.92.64.200 - - [09/Mar/2000:18:44:51 +0000] "GET /glastonbury/1999/PIC00019.jpg HTTP/1.0" 206 44615
195.92.64.193 - - [09/Mar/2000:18:44:57 +0000] "GET /paneris/cgi-bin/refresh.pl?node=/glastonbury/1999/&leaf=index.html&file=PIC00020.jpg&rate=4 HTTP/1.0" 200 667
195.92.64.192 - - [09/Mar/2000:18:44:58 +0000] "GET /glastonbury/1999/PIC00020.jpg HTTP/1.0" 206 31286
195.92.64.191 - - [09/Mar/2000:18:45:03 +0000] "GET /paneris/cgi-bin/refresh.pl?node=/glastonbury/1999/&leaf=index.html&file=PIC00021.jpg&rate=4 HTTP/1.0" 200 667
195.92.64.191 - - [09/Mar/2000:18:45:04 +0000] "GET /glastonbury/1999/PIC00021.jpg HTTP/1.0" 206 50648
195.92.64.190 - - [09/Mar/2000:18:45:09 +0000] "GET /paneris/cgi-bin/refresh.pl?node=/glastonbury/1999/&leaf=index.html&file=PIC00022.jpg&rate=4 HTTP/1.0" 200 667
195.92.64.200 - - [09/Mar/2000:18:45:15 +0000] "GET /paneris/cgi-bin/refresh.pl?node=/glastonbury/1999/&leaf=index.html&file=PIC00023.jpg&rate=4 HTTP/1.0" 200 667
195.92.64.200 - - [09/Mar/2000:18:45:16 +0000] "GET /glastonbury/1999/PIC00023.jpg HTTP/1.0" 206 42748
195.92.64.193 - - [09/Mar/2000:18:45:21 +0000] "GET /paneris/cgi-bin/refresh.pl?node=/glastonbury/1999/&leaf=index.html&file=PIC00024.jpg&rate=4 HTTP/1.0" 200 667
195.92.64.190 - - [09/Mar/2000:18:45:22 +0000] "GET /glastonbury/1999/PIC00024.jpg HTTP/1.0" 206 41766
195.92.64.200 - - [09/Mar/2000:18:45:27 +0000] "GET /paneris/cgi-bin/refresh.pl?node=/glastonbury/1999/&leaf=index.html&file=PIC00025.jpg&rate=4 HTTP/1.0" 200 667
195.92.64.192 - - [09/Mar/2000:18:45:33 +0000] "GET /paneris/cgi-bin/refresh.pl?node=/glastonbury/1999/&leaf=index.html&file=PIC00026.jpg&rate=4 HTTP/1.0" 200 603
195.92.64.192 - - [09/Mar/2000:18:45:33 +0000] "GET /glastonbury/1999/PIC00026.jpg HTTP/1.0" 206 46331
195.92.194.25 - - [09/Mar/2000:18:45:38 +0000] "GET /glastonbury/1999/index.html HTTP/1.0" 304 -
195.92.64.191 - - [09/Mar/2000:18:46:07 +0000] "GET /glastonbury/1999/PIC00026.jpg HTTP/1.0" 206 37368
195.92.194.25 - - [09/Mar/2000:18:46:12 +0000] "GET /glastonbury/1999/index.html HTTP/1.0" 304 -
195.92.64.193 - - [09/Mar/2000:18:46:24 +0000] "GET /glastonbury/1999/PIC00026.jpg HTTP/1.0" 206 28406
216.35.103.43 - - [09/Mar/2000:18:46:35 +0000] "GET /partners/hoop/whitewilson/site/home/WS_FTP.LOG HTTP/1.0" 200 2066
195.92.64.191 - - [09/Mar/2000:18:46:38 +0000] "GET /glastonbury/1999/PIC00026.jpg HTTP/1.0" 206 16796
195.92.64.192 - - [09/Mar/2000:18:47:39 +0000] "GET /glastonbury/1999/PIC00026.jpg HTTP/1.0" 206 5186
195.92.194.25 - - [09/Mar/2000:18:47:43 +0000] "GET /glastonbury/1999/index.html HTTP/1.0" 200 2529
195.92.64.191 - - [09/Mar/2000:18:47:56 +0000] "GET /glastonbury/1999/PIC00024.jpg HTTP/1.0" 206 16384
195.92.64.191 - - [09/Mar/2000:18:47:57 +0000] "GET /glastonbury/1999/PIC00023.jpg HTTP/1.0" 206 33785
195.92.64.200 - - [09/Mar/2000:18:48:02 +0000] "GET /paneris/cgi-bin/refresh.pl?node=/glastonbury/1999/&leaf=index.html&file=PIC00024.jpg&rate=4 HTTP/1.0" 200 667
195.92.194.84 - - [09/Mar/2000:18:48:04 +0000] "GET /glastonbury/1999/PIC00024.jpg HTTP/1.0" 200 50759
195.92.64.200 - - [09/Mar/2000:18:48:09 +0000] "GET /glastonbury/1999/PIC00019.jpg HTTP/1.0" 206 35652
195.92.64.193 - - [09/Mar/2000:18:48:12 +0000] "GET /glastonbury/1999/PIC00015.jpg HTTP/1.0" 206 14588
195.92.64.193 - - [09/Mar/2000:18:48:13 +0000] "GET /glastonbury/1999/PIC00014.jpg HTTP/1.0" 206 26892
195.92.64.191 - - [09/Mar/2000:18:48:17 +0000] "GET /glastonbury/1999/PIC00012.jpg HTTP/1.0" 206 62743
195.92.64.193 - - [09/Mar/2000:18:48:24 +0000] "GET /glastonbury/1999/PIC00007.jpg HTTP/1.0" 206 55808
195.92.64.192 - - [09/Mar/2000:18:48:34 +0000] "GET /glastonbury/1999/30Jun99023.JPG HTTP/1.0" 206 6104
195.92.64.200 - - [09/Mar/2000:18:48:38 +0000] "GET /glastonbury/1999/30Jun99021.JPG HTTP/1.0" 206 2141
195.92.64.192 - - [09/Mar/2000:18:48:44 +0000] "GET /glastonbury/1999/30Jun99017.JPG HTTP/1.0" 206 4018
195.92.64.192 - - [09/Mar/2000:18:48:46 +0000] "GET /glastonbury/1999/30Jun99016.JPG HTTP/1.0" 206 9701
195.92.64.190 - - [09/Mar/2000:18:48:49 +0000] "GET /glastonbury/1999/30Jun99013.JPG HTTP/1.0" 206 7788
195.92.64.190 - - [09/Mar/2000:18:48:51 +0000] "GET /glastonbury/1999/30Jun99012.JPG HTTP/1.0" 206 9807
195.92.64.192 - - [09/Mar/2000:18:48:55 +0000] "GET /glastonbury/1999/30Jun99011.JPG HTTP/1.0" 206 9211
195.92.64.200 - - [09/Mar/2000:18:48:59 +0000] "GET /paneris/cgi-bin/refresh.pl?node=/glastonbury/1999/&leaf=index.html&file=30Jun99012.JPG&rate=4 HTTP/1.0" 200 673
195.92.64.200 - - [09/Mar/2000:18:49:01 +0000] "GET /glastonbury/1999/30Jun99008.JPG HTTP/1.0" 206 5356
195.92.64.192 - - [09/Mar/2000:18:49:19 +0000] "GET /glastonbury/1999/PIC00024.jpg HTTP/1.0" 206 16384
195.92.64.193 - - [09/Mar/2000:18:49:26 +0000] "GET /glastonbury/1999/PIC00014.jpg HTTP/1.0" 206 23722
195.92.194.47 - - [09/Mar/2000:18:49:31 +0000] "GET /glastonbury/1999/PIC00012.jpg HTTP/1.0" 200 80697
195.92.64.190 - - [09/Mar/2000:18:49:34 +0000] "GET /glastonbury/1999/PIC00007.jpg HTTP/1.0" 206 49152
195.92.64.200 - - [09/Mar/2000:18:49:38 +0000] "GET /glastonbury/1999/30Jun99023.JPG HTTP/1.0" 206 2933
195.92.64.192 - - [09/Mar/2000:18:49:41 +0000] "GET /glastonbury/1999/30Jun99016.JPG HTTP/1.0" 206 7978
195.92.64.192 - - [09/Mar/2000:18:49:45 +0000] "GET /paneris/cgi-bin/refresh.pl?node=/glastonbury/1999/&leaf=index.html&file=30Jun99017.JPG&rate=4 HTTP/1.0" 200 673
195.92.194.84 - - [09/Mar/2000:18:49:52 +0000] "GET /glastonbury/1999/30Jun99013.JPG HTTP/1.0" 200 16384
209.67.229.100 - - [09/Mar/2000:18:53:14 +0000] "GET /robots.txt HTTP/1.0" 304 -
131.216.128.250 - - [09/Mar/2000:18:53:59 +0000] "GET /system/newbox/newbox.txt HTTP/1.0" 200 4235
216.35.103.43 - - [09/Mar/2000:18:54:03 +0000] "GET /system/messages/36.shtml HTTP/1.0" 200 4436
216.35.103.58 - - [09/Mar/2000:18:57:09 +0000] "GET /people/colinr/subject_11.shtml HTTP/1.0" 200 2392
216.35.103.46 - - [09/Mar/2000:19:00:47 +0000] "GET /partners/keyhaven/corps/site/gifs HTTP/1.0" 301 212
152.163.188.9 - - [09/Mar/2000:19:01:12 +0000] "GET /system/newbox/newbox.txt HTTP/1.0" 200 4235
216.35.103.60 - - [09/Mar/2000:19:01:35 +0000] "GET /partners/hoop/betrothed/site/customer.html HTTP/1.0" 200 1956
211.45.245.162 - - [09/Mar/2000:19:02:55 +0000] "GET /system/PMS/subject.shtml HTTP/1.0" 200 1683
216.35.103.59 - - [09/Mar/2000:19:08:28 +0000] "GET /partners/hoop/whitewilson/site/services/gifs/dos.html HTTP/1.0" 200 10669
209.67.229.142 - - [09/Mar/2000:19:12:10 +0000] "GET /robots.txt HTTP/1.0" 200 180
209.67.229.142 - - [09/Mar/2000:19:12:11 +0000] "GET /partners/contents.html HTTP/1.0" 200 9084
209.174.108.55 - - [09/Mar/2000:19:12:11 +0000] "GET /mylesc.html HTTP/1.1" 200 713
209.174.108.55 - - [09/Mar/2000:19:12:11 +0000] "GET /index2.html HTTP/1.1" 200 12513
209.174.108.55 - - [09/Mar/2000:19:12:14 +0000] "GET /menu.html HTTP/1.1" 200 2410
209.174.108.55 - - [09/Mar/2000:19:12:14 +0000] "GET /banner2.gif HTTP/1.1" 200 7731
209.174.108.55 - - [09/Mar/2000:19:12:15 +0000] "GET /heading.gif HTTP/1.1" 200 9896
209.174.108.55 - - [09/Mar/2000:19:12:16 +0000] "GET /affiliations.gif HTTP/1.1" 200 2327
193.229.255.17 - - [09/Mar/2000:19:13:46 +0000] "GET /system/test/iglu/index.html HTTP/1.0" 404 180
206.106.134.2 - - [09/Mar/2000:19:14:54 +0000] "GET /system/messages/178.shtml HTTP/1.1" 200 7631
207.66.213.125 - - [09/Mar/2000:19:16:35 +0000] "HEAD /index.html HTTP/1.1" 200 0
216.35.103.46 - - [09/Mar/2000:19:20:37 +0000] "GET /partners/keyhaven/corps/site/gifs/ HTTP/1.0" 200 1861
211.45.245.162 - - [09/Mar/2000:19:22:01 +0000] "GET /system/PMS/subject.shtml HTTP/1.0" 200 1683
195.5.29.193 - - [09/Mar/2000:19:24:43 +0000] "GET /philosophy/ HTTP/1.0" 200 1838
195.5.29.193 - - [09/Mar/2000:19:24:44 +0000] "GET /philosophy/logo.html HTTP/1.0" 200 1100
195.5.29.193 - - [09/Mar/2000:19:24:44 +0000] "GET /philosophy/contents.html HTTP/1.0" 200 2930
195.5.29.193 - - [09/Mar/2000:19:24:45 +0000] "GET /philosophy/subject.shtml HTTP/1.0" 200 2067
195.5.29.193 - - [09/Mar/2000:19:24:45 +0000] "GET /images/apple.gif HTTP/1.0" 200 3914
62.125.132.180 - - [09/Mar/2000:19:30:26 +0000] "GET /partners/keyhaven/corps/subject_2.shtml HTTP/1.0" 200 2061
62.125.132.180 - - [09/Mar/2000:19:30:28 +0000] "GET /images/greenball.gif HTTP/1.0" 200 104
216.35.103.59 - - [09/Mar/2000:19:32:09 +0000] "GET /people/patrickg/cards/java/font/music.jhf HTTP/1.0" 200 6988
194.72.195.166 - - [09/Mar/2000:19:33:59 +0000] "POST /paneris/cgi-bin/silverman-DepotPostcodeLocator.cgi HTTP/1.0" 302 190
194.72.195.166 - - [09/Mar/2000:19:34:21 +0000] "POST /paneris/cgi-bin/silverman-DepotPostcodeLocator.cgi HTTP/1.0" 302 188
211.45.245.162 - - [09/Mar/2000:19:41:07 +0000] "GET /system/PMS/subject.shtml HTTP/1.0" 200 1683
208.6.90.2 - - [09/Mar/2000:19:42:53 +0000] "GET /partners/hoop/saa/site/meiklejohn.html HTTP/1.0" 200 3559
208.6.90.2 - - [09/Mar/2000:19:42:54 +0000] "GET /partners/hoop/saa/site/graphics/meiklejohn.gif HTTP/1.0" 200 2649
208.6.90.2 - - [09/Mar/2000:19:42:54 +0000] "GET /partners/hoop/saa/site/graphics/agentsback.gif HTTP/1.0" 200 6446
208.6.90.2 - - [09/Mar/2000:19:42:54 +0000] "GET /partners/hoop/saa/site/graphics/transparent.gif HTTP/1.0" 200 43
208.6.90.2 - - [09/Mar/2000:19:42:54 +0000] "GET /partners/hoop/saa/site/graphics/line.gif HTTP/1.0" 200 47
216.35.103.60 - - [09/Mar/2000:19:44:39 +0000] "GET /partners/epinet/subject.shtml HTTP/1.0" 200 2618
207.225.138.9 - - [09/Mar/2000:19:47:29 +0000] "GET /people/mylesc/newpan/nc_content.htm HTTP/1.1" 200 18288
207.225.138.9 - - [09/Mar/2000:19:47:32 +0000] "GET /webmonkey/images/hw_logo_white_sm.gif HTTP/1.1" 404 202
207.225.138.9 - - [09/Mar/2000:19:47:32 +0000] "GET /webmonkey/meta/toolbar/objects/clickRegion.gif HTTP/1.1" 404 211
207.225.138.9 - - [09/Mar/2000:19:47:37 +0000] "GET /webmonkey/images/navtop_archive.gif HTTP/1.1" 404 200
207.225.138.9 - - [09/Mar/2000:19:47:40 +0000] "GET /webmonkey/meta/toolbar/objects/inArrow.gif HTTP/1.1" 404 207
207.225.138.9 - - [09/Mar/2000:19:47:40 +0000] "GET /webmonkey/meta/toolbar/objects/inArrow.gif HTTP/1.1" 404 207
207.225.138.9 - - [09/Mar/2000:19:47:48 +0000] "GET /webmonkey/design/?tw=design HTTP/1.1" 404 182
207.225.138.9 - - [09/Mar/2000:19:47:51 +0000] "GET /webmonkey/meta/toolbar/objects/clickRegion.gif HTTP/1.1" 404 211
207.225.138.9 - - [09/Mar/2000:19:47:51 +0000] "GET /webmonkey/images/hw_logo_white_sm.gif HTTP/1.1" 404 202
207.225.138.9 - - [09/Mar/2000:19:47:52 +0000] "GET /webmonkey/images/navtop_archive.gif HTTP/1.1" 404 200
207.225.138.9 - - [09/Mar/2000:19:47:52 +0000] "GET /webmonkey/meta/toolbar/objects/inArrow.gif HTTP/1.1" 404 207
207.225.138.9 - - [09/Mar/2000:19:47:53 +0000] "GET /webmonkey/meta/toolbar/objects/inArrow.gif HTTP/1.1" 404 207
216.35.103.47 - - [09/Mar/2000:19:48:54 +0000] "GET /partners/keyhaven/bmvstore/customer.html HTTP/1.0" 200 1952
216.35.103.49 - - [09/Mar/2000:19:50:30 +0000] "GET /partners/OCS/navigate.html HTTP/1.0" 200 2091
216.35.103.43 - - [09/Mar/2000:19:53:05 +0000] "GET /people/alexh/contents.html HTTP/1.0" 200 2765
216.35.103.47 - - [09/Mar/2000:19:53:57 +0000] "GET /partners/hoop/afl/timesheets.htm HTTP/1.0" 200 776
216.42.118.80 - - [09/Mar/2000:19:56:17 +0000] "GET /partners/alpha/Intraform/ HTTP/1.0" 200 1852
216.42.118.80 - - [09/Mar/2000:19:56:18 +0000] "GET /partners/alpha/Intraform/logo.html HTTP/1.0" 200 1088
216.42.118.80 - - [09/Mar/2000:19:56:19 +0000] "GET /partners/alpha/Intraform/contents.html HTTP/1.0" 200 2785
216.42.118.80 - - [09/Mar/2000:19:56:19 +0000] "GET /partners/alpha/Intraform/subject.shtml HTTP/1.0" 200 2283
216.42.118.80 - - [09/Mar/2000:19:56:20 +0000] "GET /images/www.paneris.co.uk.gif HTTP/1.0" 200 1416
216.42.118.80 - - [09/Mar/2000:19:56:22 +0000] "GET /images/uptriangle.gif HTTP/1.0" 200 933
216.42.118.80 - - [09/Mar/2000:19:56:22 +0000] "GET /images/greenball.gif HTTP/1.0" 200 104
216.42.118.80 - - [09/Mar/2000:19:56:22 +0000] "GET /images/redball.gif HTTP/1.0" 200 380
208.154.178.42 - - [09/Mar/2000:19:57:04 +0000] "GET /system/messages/178.shtml HTTP/1.1" 200 7631
195.92.194.82 - - [09/Mar/2000:19:58:10 +0000] "GET /partners/keyhaven/corps/subject_2.shtml HTTP/1.1" 200 2073
195.92.194.25 - - [09/Mar/2000:19:58:10 +0000] "GET /images/greenball.gif HTTP/1.1" 200 104
216.35.103.47 - - [09/Mar/2000:19:58:53 +0000] "GET /subject_42.shtml HTTP/1.0" 200 3232
195.92.67.54 - - [09/Mar/2000:19:59:50 +0000] "GET /partners/bloomsbury/overhaul.html HTTP/1.1" 200 10671
211.45.245.162 - - [09/Mar/2000:20:00:15 +0000] "GET /system/PMS/subject.shtml HTTP/1.0" 200 1683
195.92.67.51 - - [09/Mar/2000:20:02:47 +0000] "GET /partners/bloomsbury/corporate.html HTTP/1.1" 200 9351
203.160.224.66 - - [09/Mar/2000:20:08:22 +0000] "GET /partners/winsql/zoneblue/subject.shtml HTTP/1.0" 200 1900
216.35.103.60 - - [09/Mar/2000:20:10:25 +0000] "GET /partners/sparks/upload/customer.html HTTP/1.0" 200 1944
216.35.103.53 - - [09/Mar/2000:20:12:04 +0000] "GET /partners/hoop/saa/site/graphics/customer.html HTTP/1.0" 200 1962
216.35.103.44 - - [09/Mar/2000:20:15:03 +0000] "GET /partners/alpha/schwab/subject_3.shtml HTTP/1.0" 200 2181
216.35.103.58 - - [09/Mar/2000:20:19:11 +0000] "GET /system/test/customer.html HTTP/1.0" 200 1922
211.45.245.162 - - [09/Mar/2000:20:19:20 +0000] "GET /system/PMS/subject.shtml HTTP/1.0" 200 1683
216.35.103.50 - - [09/Mar/2000:20:37:52 +0000] "GET /partners/keyhaven/tba/dos.html HTTP/1.0" 200 8036
216.35.103.50 - - [09/Mar/2000:20:37:58 +0000] "GET /partners/keyhaven/tba/dos.html HTTP/1.0" 200 8036
211.45.245.162 - - [09/Mar/2000:20:38:25 +0000] "GET /system/PMS/subject.shtml HTTP/1.0" 200 1683
209.240.200.165 - - [09/Mar/2000:20:40:26 +0000] "POST /paneris/cgi-bin/e-lottery.pl HTTP/1.0" 404 181
209.240.200.165 - - [09/Mar/2000:20:40:37 +0000] "POST /paneris/cgi-bin/e-lottery.pl HTTP/1.0" 404 181
216.35.103.47 - - [09/Mar/2000:20:47:53 +0000] "GET /partners/airflow/PFE/requirements.shtml HTTP/1.0" 200 5466
216.35.103.49 - - [09/Mar/2000:20:54:57 +0000] "GET /sales/questions/actions.shtml HTTP/1.0" 200 18387
212.140.39.53 - - [09/Mar/2000:20:56:04 +0000] "GET /glastonbury HTTP/1.1" 301 202
212.140.39.53 - - [09/Mar/2000:20:56:05 +0000] "GET /glastonbury/ HTTP/1.1" 200 1303
212.140.39.53 - - [09/Mar/2000:20:56:05 +0000] "GET /glastonbury/1998/after/Helen_and_Roddy.jpg HTTP/1.1" 200 15793
212.140.39.53 - - [09/Mar/2000:20:56:10 +0000] "GET /glastonbury/1998/before/orchid_icon.jpg HTTP/1.1" 200 3928
212.140.39.53 - - [09/Mar/2000:20:56:11 +0000] "GET /glastonbury/images/map_icon.jpg HTTP/1.1" 200 5715
212.140.39.53 - - [09/Mar/2000:20:56:14 +0000] "GET /glastonbury/1997/greenpeace_icon.jpg HTTP/1.1" 200 3699
212.140.39.53 - - [09/Mar/2000:20:56:16 +0000] "GET /glastonbury/1998/after/site_icon.jpg HTTP/1.1" 200 3209
212.140.39.53 - - [09/Mar/2000:20:56:19 +0000] "GET /glastonbury/1999/1999_icon.jpg HTTP/1.1" 200 2709
212.140.39.53 - - [09/Mar/2000:20:56:37 +0000] "GET /glastonbury/1998/after/view.gif HTTP/1.1" 200 138256
205.139.151.254 - - [09/Mar/2000:20:57:08 +0000] "GET /partners/winsql/subject_4.shtml HTTP/1.1" 200 2097
205.139.151.254 - - [09/Mar/2000:20:57:09 +0000] "GET /images/greenball.gif HTTP/1.1" 200 104
205.139.151.254 - - [09/Mar/2000:20:57:10 +0000] "GET /images/redball.gif HTTP/1.1" 200 380
211.45.245.162 - - [09/Mar/2000:20:57:33 +0000] "GET /system/PMS/subject.shtml HTTP/1.0" 200 1683
204.162.96.195 - - [09/Mar/2000:20:58:44 +0000] "GET /robots.txt HTTP/1.0" 200 180
204.162.96.195 - - [09/Mar/2000:20:58:49 +0000] "GET /rules.shtml HTTP/1.0" 200 3579
204.162.96.195 - - [09/Mar/2000:20:59:40 +0000] "GET /partners/index.html HTTP/1.0" 200 1836
204.162.96.195 - - [09/Mar/2000:21:01:01 +0000] "GET /contents.html HTTP/1.0" 200 3598
204.246.209.2 - - [09/Mar/2000:21:08:58 +0000] "GET /system/setup/tools_2.shtml HTTP/1.1" 200 2150
204.246.209.2 - - [09/Mar/2000:21:08:58 +0000] "GET /javascript/floater.js HTTP/1.1" 200 2611
204.246.209.2 - - [09/Mar/2000:21:08:58 +0000] "GET /images/pe.gif HTTP/1.1" 200 417
62.6.158.210 - - [09/Mar/2000:21:09:07 +0000] "GET /glastonbury HTTP/1.0" 301 190
62.6.158.210 - - [09/Mar/2000:21:09:08 +0000] "GET /glastonbury/ HTTP/1.0" 200 1303
62.6.158.210 - - [09/Mar/2000:21:09:09 +0000] "GET /glastonbury/1998/after/Helen_and_Roddy.jpg HTTP/1.0" 200 15793
62.6.158.210 - - [09/Mar/2000:21:09:16 +0000] "GET /glastonbury/1998/after/view.gif HTTP/1.0" 200 32768
211.45.245.162 - - [09/Mar/2000:21:16:39 +0000] "GET /system/PMS/subject.shtml HTTP/1.0" 200 1683
194.168.242.200 - - [09/Mar/2000:21:23:23 +0000] "GET /house/bathroom/inventory.shtml HTTP/1.0" 200 2687
194.168.242.200 - - [09/Mar/2000:21:23:23 +0000] "GET /images/pe.gif HTTP/1.0" 200 417
194.168.242.200 - - [09/Mar/2000:21:23:24 +0000] "GET /javascript/floater.js HTTP/1.0" 200 2611
216.35.103.58 - - [09/Mar/2000:21:26:18 +0000] "GET /partners/alpha/vonmatt/dos.html HTTP/1.0" 200 6559
216.35.103.53 - - [09/Mar/2000:21:31:51 +0000] "GET /partners/hoop/crew/logo.html HTTP/1.0" 200 1088
216.35.103.54 - - [09/Mar/2000:21:32:25 +0000] "GET /partners/intermail/beano/dos.html HTTP/1.0" 200 7348
211.45.245.162 - - [09/Mar/2000:21:35:46 +0000] "GET /system/PMS/subject.shtml HTTP/1.0" 200 1683
216.35.103.60 - - [09/Mar/2000:21:38:04 +0000] "GET /philosophy/agm/AGM1_agenda_7.shtml HTTP/1.0" 200 3041
216.35.103.54 - - [09/Mar/2000:21:42:36 +0000] "GET /partners/keyhaven/sendmail/customer.html HTTP/1.0" 200 1952
205.188.192.168 - - [09/Mar/2000:21:44:52 +0000] "POST /paneris/cgi-bin/silverman-DepotPostcodeLocator.cgi HTTP/1.0" 302 190
216.35.103.49 - - [09/Mar/2000:21:45:51 +0000] "GET /partners/hoop/whitewilson/site.old/services/gifs/logo.html HTTP/1.0" 200 1088
203.160.224.66 - - [09/Mar/2000:21:46:14 +0000] "GET /partners/winsql/subject_1.shtml HTTP/1.0" 200 1979
203.160.224.66 - - [09/Mar/2000:21:47:15 +0000] "GET /partners/winsql/subject_4.shtml HTTP/1.0" 200 2085
203.160.224.66 - - [09/Mar/2000:21:47:33 +0000] "GET /partners/winsql/subject.shtml HTTP/1.0" 200 2468
216.35.103.50 - - [09/Mar/2000:21:47:34 +0000] "GET /partners/hoop/whitewilson/site.old/links/gifs HTTP/1.0" 301 224
216.35.103.54 - - [09/Mar/2000:21:48:23 +0000] "GET /partners/hoop/AtlanticCouncil HTTP/1.0" 301 208
198.3.103.108 - - [09/Mar/2000:21:49:47 +0000] "GET /glastonbury/1997/'mon006.jpg' HTTP/1.0" 404 182
216.35.103.44 - - [09/Mar/2000:21:51:03 +0000] "GET /partners/airflow/ismr/thanks.html HTTP/1.0" 200 106
216.35.103.41 - - [09/Mar/2000:21:51:11 +0000] "GET /partners/sparks/counter/actions.shtml HTTP/1.0" 200 18499
211.45.245.162 - - [09/Mar/2000:21:54:54 +0000] "GET /system/PMS/subject.shtml HTTP/1.0" 200 1683
216.35.103.47 - - [09/Mar/2000:21:56:21 +0000] "GET /partners/xstreammedia/theroom/waterhouse HTTP/1.0" 301 219
216.35.103.54 - - [09/Mar/2000:21:56:25 +0000] "GET /partners/hoop/AtlanticCouncil/ HTTP/1.0" 200 1857
200.255.115.12 - - [09/Mar/2000:21:57:31 +0000] "GET /system/technology/webmacro/datadictionary.shtml HTTP/1.0" 200 14352
200.255.115.12 - - [09/Mar/2000:21:57:39 +0000] "GET /images/pe.gif HTTP/1.0" 200 417
200.255.115.12 - - [09/Mar/2000:21:57:40 +0000] "GET /javascript/floater.js HTTP/1.0" 200 2611
216.35.103.48 - - [09/Mar/2000:21:57:40 +0000] "GET /partners/airflow/PFE/db_structurePage16.html HTTP/1.0" 200 8843
216.35.103.41 - - [09/Mar/2000:21:57:52 +0000] "GET /partners/keyhaven/ems/dos.html HTTP/1.0" 200 8012
195.92.198.84 - - [09/Mar/2000:21:59:29 +0000] "GET /partners/keyhaven/corps/subject_2.shtml HTTP/1.0" 200 2061
195.92.198.84 - - [09/Mar/2000:22:03:03 +0000] "GET /images/greenball.gif HTTP/1.0" 200 104
208.219.77.9 - - [09/Mar/2000:22:06:09 +0000] "HEAD /partners/hoop/flexiblemortgages/planII.html HTTP/1.1" 200 0
216.35.103.42 - - [09/Mar/2000:22:09:23 +0000] "GET /partners/netalliance/quiz/entrant1.txt HTTP/1.0" 200 24
216.35.103.50 - - [09/Mar/2000:22:09:25 +0000] "GET /partners/hoop/whitewilson/site.old/links/gifs/ HTTP/1.0" 200 1873
211.45.245.162 - - [09/Mar/2000:22:13:58 +0000] "GET /system/PMS/subject.shtml HTTP/1.0" 200 1683
216.35.103.45 - - [09/Mar/2000:22:21:28 +0000] "GET /bobfest/1997/actions.shtml HTTP/1.0" 404 179
216.35.103.47 - - [09/Mar/2000:22:21:29 +0000] "GET /partners/xstreammedia/theroom/waterhouse/ HTTP/1.0" 200 1868
211.45.245.162 - - [09/Mar/2000:22:33:03 +0000] "GET /system/PMS/subject.shtml HTTP/1.0" 200 1683
207.214.199.210 - - [09/Mar/2000:22:34:27 +0000] "GET /system/technology/webmacro/datadictionary.shtml HTTP/1.1" 200 14385
207.214.199.210 - - [09/Mar/2000:22:34:28 +0000] "GET /images/pe.gif HTTP/1.1" 200 417
207.214.199.210 - - [09/Mar/2000:22:34:28 +0000] "GET /javascript/floater.js HTTP/1.1" 200 2611
216.35.103.44 - - [09/Mar/2000:22:37:28 +0000] "GET /partners/context/archive/timber/navigate.html HTTP/1.0" 200 1661
216.35.103.46 - - [09/Mar/2000:22:38:13 +0000] "GET /partners/xstreammedia/theroom/sitev2/silver_bod.htm HTTP/1.0" 200 2138
208.219.77.9 - - [09/Mar/2000:22:40:21 +0000] "HEAD /partners/M4T/londonforless/proposal.html HTTP/1.1" 200 0
216.207.98.7 - - [09/Mar/2000:22:43:57 +0000] "GET /partners/hoop/whitewilson/site/weather/gifs/customer.html HTTP/1.1" 200 1986
216.207.98.7 - - [09/Mar/2000:22:43:58 +0000] "GET /partners/hoop/whitewilson/site/weather/gifs/logo.html HTTP/1.1" 200 1088
216.207.98.7 - - [09/Mar/2000:22:43:59 +0000] "GET /partners/hoop/whitewilson/site/weather/gifs/contents.html HTTP/1.1" 200 2801
216.207.98.7 - - [09/Mar/2000:22:44:00 +0000] "GET /partners/hoop/whitewilson/site/weather/gifs/subject.shtml HTTP/1.1" 404 222
216.207.98.7 - - [09/Mar/2000:22:44:00 +0000] "GET /paneris/cgi-bin/index.pl?/partners/hoop/whitewilson/site/weather/gifs/ HTTP/1.1" 200 5705
216.207.98.7 - - [09/Mar/2000:22:44:00 +0000] "GET /images/www.paneris.co.uk.gif HTTP/1.1" 200 1416
216.207.98.7 - - [09/Mar/2000:22:44:01 +0000] "GET /images/uptriangle.gif HTTP/1.1" 200 933
216.207.98.7 - - [09/Mar/2000:22:44:15 +0000] "GET /partners/hoop/whitewilson/site/weather/gifs/subject.shtml HTTP/1.1" 404 222
216.207.98.7 - - [09/Mar/2000:22:44:27 +0000] "GET /partners/hoop/whitewilson/site/weather/gifs/subject.shtml HTTP/1.1" 404 222
216.34.121.18 - - [09/Mar/2000:22:48:14 +0000] "GET /partners/airflow/PFE/db_structurePage10.html HTTP/1.0" 200 14143
211.45.245.162 - - [09/Mar/2000:22:52:10 +0000] "GET /system/PMS/subject.shtml HTTP/1.0" 200 1683
211.45.245.162 - - [09/Mar/2000:22:59:45 +0000] "GET /system/PMS/contents.html HTTP/1.0" 304 -
216.35.103.47 - - [09/Mar/2000:23:07:34 +0000] "GET /partners/airflow/PFE/db_structurePage30.html HTTP/1.0" 200 10602
216.35.103.58 - - [09/Mar/2000:23:08:06 +0000] "GET /partners/hoop/vip/subject.shtml HTTP/1.0" 200 2313
211.45.245.162 - - [09/Mar/2000:23:11:16 +0000] "GET /system/PMS/subject.shtml HTTP/1.0" 200 1683
216.35.103.43 - - [09/Mar/2000:23:11:53 +0000] "GET /partners/MJCS/mosques/logo.html HTTP/1.0" 200 1088
216.35.103.54 - - [09/Mar/2000:23:12:10 +0000] "GET /partners/airflow/silvermans/subject_12.shtml HTTP/1.0" 200 3874
204.116.182.208 - - [09/Mar/2000:23:13:26 +0000] "GET /partners/netalliance/TVlistings HTTP/1.1" 301 222
204.116.182.208 - - [09/Mar/2000:23:13:27 +0000] "GET /partners/netalliance/TVlistings/ HTTP/1.1" 200 1859
204.116.182.208 - - [09/Mar/2000:23:13:30 +0000] "GET /partners/netalliance/TVlistings/contents.html HTTP/1.1" 200 2974
204.116.182.208 - - [09/Mar/2000:23:13:30 +0000] "GET /partners/netalliance/TVlistings/logo.html HTTP/1.1" 200 1088
204.116.182.208 - - [09/Mar/2000:23:13:33 +0000] "GET /partners/netalliance/TVlistings/subject.shtml HTTP/1.1" 200 1817
204.116.182.208 - - [09/Mar/2000:23:13:34 +0000] "GET /images/uptriangle.gif HTTP/1.1" 200 933
204.116.182.208 - - [09/Mar/2000:23:13:36 +0000] "GET /images/www.paneris.co.uk.gif HTTP/1.1" 200 1416
204.116.182.208 - - [09/Mar/2000:23:13:37 +0000] "GET /images/text.gif HTTP/1.1" 200 926
204.116.182.208 - - [09/Mar/2000:23:13:39 +0000] "GET /images/greenball.gif HTTP/1.1" 200 104
204.116.182.208 - - [09/Mar/2000:23:13:40 +0000] "GET /images/pe.gif HTTP/1.1" 200 417
204.116.182.208 - - [09/Mar/2000:23:13:40 +0000] "GET /javascript/floater.js HTTP/1.1" 200 2611
216.35.103.46 - - [09/Mar/2000:23:13:42 +0000] "GET /partners/GP HTTP/1.0" 301 190
216.35.103.54 - - [09/Mar/2000:23:14:08 +0000] "GET /partners/airflow/PFE/acan/navigate.html HTTP/1.0" 200 1659
204.116.182.208 - - [09/Mar/2000:23:15:40 +0000] "GET /partners/netalliance/TVlistings/customer.html HTTP/1.1" 200 1962
204.116.182.208 - - [09/Mar/2000:23:15:43 +0000] "GET /partners/netalliance/TVlistings/subject.shtml HTTP/1.1" 200 1817
204.116.182.208 - - [09/Mar/2000:23:15:44 +0000] "GET /paneris/cgi-bin/index.pl?/partners/netalliance/TVlistings/ HTTP/1.1" 200 3895
208.219.77.9 - - [09/Mar/2000:23:22:19 +0000] "HEAD /people/danielh/frame.html HTTP/1.1" 200 0
216.35.103.59 - - [09/Mar/2000:23:30:07 +0000] "GET /tim/diary/1997/19971217 HTTP/1.0" 301 202
216.35.103.50 - - [09/Mar/2000:23:30:22 +0000] "GET /partners/netalliance/crossword HTTP/1.0" 301 209
211.45.245.162 - - [09/Mar/2000:23:30:22 +0000] "GET /system/PMS/subject.shtml HTTP/1.0" 200 1683
216.35.103.45 - - [09/Mar/2000:23:31:29 +0000] "GET /people/timj/messages.template HTTP/1.0" 200 1359
216.35.103.49 - - [09/Mar/2000:23:39:03 +0000] "GET /customer.template HTTP/1.0" 200 1932
216.35.103.59 - - [09/Mar/2000:23:40:43 +0000] "GET /tim/diary/1997/19971217/ HTTP/1.0" 200 1927
216.35.103.53 - - [09/Mar/2000:23:47:23 +0000] "GET /partners/JPS/navigate.html HTTP/1.0" 200 1658
216.35.103.53 - - [09/Mar/2000:23:47:48 +0000] "GET /partners/hoop/buxtons/proposal.shtml HTTP/1.0" 200 14660
211.45.245.162 - - [09/Mar/2000:23:49:30 +0000] "GET /system/PMS/subject.shtml HTTP/1.0" 200 1683
216.35.103.48 - - [09/Mar/2000:23:49:34 +0000] "GET /people/keithh/messages.template HTTP/1.0" 200 1420
130.221.203.93 - - [09/Mar/2000:23:51:54 +0000] "GET /partners/hoop/betrothed/site/directory/bridal_wear.htm HTTP/1.1" 200 90112
208.184.175.89 - - [09/Mar/2000:23:52:03 +0000] "GET /partners/hoop/betrothed/site/directory/bridal_wear.htm HTTP/1.0" 200 161392
216.35.103.50 - - [09/Mar/2000:23:53:27 +0000] "GET /partners/netalliance/crossword/ HTTP/1.0" 200 7632
216.35.103.53 - - [09/Mar/2000:23:54:11 +0000] "GET /partners/datatext/subject_1.shtml HTTP/1.0" 404 186
216.35.103.48 - - [09/Mar/2000:23:54:39 +0000] "GET /partners/keyhaven/corps/site/contents.html HTTP/1.0" 200 3131
