208.157.63.62 - - [25/Feb/2000:22:34:51 +0000] "GET /tim/cv.htm HTTP/1.1" 200 10800
208.157.63.62 - - [25/Feb/2000:22:35:05 +0000] "GET /partners/context/ HTTP/1.1" 304 -
208.157.63.62 - - [25/Feb/2000:22:35:07 +0000] "GET /partners/context/logo.html HTTP/1.1" 200 832
208.157.63.62 - - [25/Feb/2000:22:35:08 +0000] "GET /partners/context/contents.html HTTP/1.1" 200 3982
208.157.63.62 - - [25/Feb/2000:22:35:10 +0000] "GET /partners/context/subject.shtml HTTP/1.1" 200 4115
208.157.63.62 - - [25/Feb/2000:22:35:13 +0000] "GET /partners/context/subject.shtml HTTP/1.1" 200 4115
208.157.63.62 - - [25/Feb/2000:22:35:15 +0000] "GET /javascript/floater.js HTTP/1.1" 200 2611
208.157.63.62 - - [25/Feb/2000:22:35:15 +0000] "GET /tim/ HTTP/1.1" 200 1907
208.157.63.62 - - [25/Feb/2000:22:35:17 +0000] "GET /people/timp/with_bethany.jpg HTTP/1.1" 200 12794
208.157.63.62 - - [25/Feb/2000:22:35:30 +0000] "GET /tim/diary/1997/19970809/PIC00008.jpg HTTP/1.1" 404 201
208.157.63.62 - - [25/Feb/2000:22:35:31 +0000] "GET /tim/diary/1997/19970809/PIC00008.jpg HTTP/1.1" 404 201
208.157.63.62 - - [25/Feb/2000:22:35:56 +0000] "GET /people/timp/subject_58.shtml HTTP/1.1" 200 6593
208.157.63.62 - - [25/Feb/2000:22:35:58 +0000] "GET /people/timp/subject_58.shtml HTTP/1.1" 200 6593
208.157.63.62 - - [25/Feb/2000:22:36:05 +0000] "GET /javascript/floater.js HTTP/1.1" 200 2611
208.157.63.62 - - [25/Feb/2000:22:36:05 +0000] "GET /people/timp/actions.shtml HTTP/1.1" 200 18371
208.157.63.62 - - [25/Feb/2000:22:36:08 +0000] "GET /people/timp/actions.shtml HTTP/1.1" 200 18371
208.157.63.62 - - [25/Feb/2000:22:36:37 +0000] "GET /people/williamc/subject_6.shtml HTTP/1.1" 200 1410
208.157.63.62 - - [25/Feb/2000:22:36:39 +0000] "GET /people/williamc/actions.shtml HTTP/1.1" 200 18427
208.157.63.62 - - [25/Feb/2000:22:36:44 +0000] "GET /people/williamc/actions.shtml HTTP/1.1" 200 18427
208.157.63.62 - - [25/Feb/2000:22:37:05 +0000] "GET /people/williams/subject_2.shtml HTTP/1.1" 200 1186
208.157.63.62 - - [25/Feb/2000:22:37:06 +0000] "GET /images/binary.gif HTTP/1.1" 200 948
208.157.63.62 - - [25/Feb/2000:22:37:08 +0000] "GET /people/williams/actions.shtml HTTP/1.1" 200 18427
208.157.63.62 - - [25/Feb/2000:22:37:10 +0000] "GET /people/williams/actions.shtml HTTP/1.1" 200 18427
208.219.77.29 - - [25/Feb/2000:22:37:12 +0000] "HEAD /partners/netalliance/quiz/3anws.txt HTTP/1.1" 200 0
208.157.63.62 - - [25/Feb/2000:22:37:42 +0000] "GET /people/nicr/subject_1.shtml HTTP/1.1" 200 1446
208.157.63.62 - - [25/Feb/2000:22:37:43 +0000] "GET /people/nicr/actions.shtml HTTP/1.1" 200 18371
208.157.63.62 - - [25/Feb/2000:22:37:45 +0000] "GET /people/nicr/actions.shtml HTTP/1.1" 200 18371
208.157.63.62 - - [25/Feb/2000:22:38:00 +0000] "GET /people/name/cv.htm HTTP/1.1" 404 183
208.219.77.29 - - [25/Feb/2000:22:38:37 +0000] "HEAD /partners/netalliance/quiz/3ques.txt HTTP/1.1" 200 0
208.157.63.62 - - [25/Feb/2000:22:38:40 +0000] "GET /people/krugerd/subject_3.shtml HTTP/1.1" 200 2529
208.157.63.62 - - [25/Feb/2000:22:38:41 +0000] "GET /javascript/floater.js HTTP/1.1" 200 2611
208.157.63.62 - - [25/Feb/2000:22:38:42 +0000] "GET /people/krugerd/actions.shtml HTTP/1.1" 200 18413
208.157.63.62 - - [25/Feb/2000:22:38:44 +0000] "GET /people/krugerd/actions.shtml HTTP/1.1" 200 18413
208.157.63.62 - - [25/Feb/2000:22:39:16 +0000] "GET /people/mikec/subject_2.shtml HTTP/1.1" 200 1919
208.157.63.62 - - [25/Feb/2000:22:39:18 +0000] "GET /people/mikec/actions.shtml HTTP/1.1" 200 18385
208.157.63.62 - - [25/Feb/2000:22:39:21 +0000] "GET /people/mikec/actions.shtml HTTP/1.1" 200 18385
208.219.77.29 - - [25/Feb/2000:22:40:05 +0000] "HEAD /partners/netalliance/quiz/entrant3.txt HTTP/1.1" 200 0
216.99.5.222 - - [25/Feb/2000:22:41:10 +0000] "GET /partners/winsql/subject.shtml HTTP/1.1" 200 2480
216.99.5.222 - - [25/Feb/2000:22:41:10 +0000] "GET /images/greenball.gif HTTP/1.1" 200 104
216.99.5.222 - - [25/Feb/2000:22:41:10 +0000] "GET /images/redball.gif HTTP/1.1" 200 380
216.99.5.222 - - [25/Feb/2000:22:41:10 +0000] "GET /images/pe.gif HTTP/1.1" 200 417
216.99.5.222 - - [25/Feb/2000:22:41:10 +0000] "GET /javascript/floater.js HTTP/1.1" 200 2611
216.99.5.222 - - [25/Feb/2000:22:41:21 +0000] "GET /partners/winsql/customer.html HTTP/1.1" 200 1930
216.99.5.222 - - [25/Feb/2000:22:41:21 +0000] "GET /partners/winsql/logo.html HTTP/1.1" 200 1088
216.99.5.222 - - [25/Feb/2000:22:41:22 +0000] "GET /partners/winsql/contents.html HTTP/1.1" 200 2942
216.99.5.222 - - [25/Feb/2000:22:41:22 +0000] "GET /images/www.paneris.co.uk.gif HTTP/1.1" 200 1416
216.99.5.222 - - [25/Feb/2000:22:41:22 +0000] "GET /paneris/cgi-bin/index.pl?/partners/winsql/ HTTP/1.1" 200 4319
216.99.5.222 - - [25/Feb/2000:22:41:22 +0000] "GET /images/uptriangle.gif HTTP/1.1" 200 933
216.99.5.222 - - [25/Feb/2000:22:41:31 +0000] "GET /partners/winsql/subject_1.shtml HTTP/1.1" 200 1991
208.219.77.29 - - [25/Feb/2000:22:41:43 +0000] "HEAD /tim/edmsc92.htm HTTP/1.1" 200 0
208.219.77.29 - - [25/Feb/2000:22:43:07 +0000] "HEAD /tim/cv.htm HTTP/1.1" 200 0
208.219.77.29 - - [25/Feb/2000:22:44:35 +0000] "HEAD /partners/context/DXpress/readme.htm HTTP/1.1" 200 0
208.219.77.29 - - [25/Feb/2000:22:46:20 +0000] "HEAD /system/conventions_1.htm HTTP/1.1" 200 0
209.185.143.95 - - [25/Feb/2000:22:47:22 +0000] "GET /partners/M4T HTTP/1.0" 301 191
208.219.77.29 - - [25/Feb/2000:22:47:57 +0000] "HEAD /people/timp/cal_sched.txt HTTP/1.1" 200 0
208.219.77.29 - - [25/Feb/2000:22:49:57 +0000] "HEAD /sales/questions/subject.htm HTTP/1.1" 200 0
211.45.245.162 - - [25/Feb/2000:22:50:24 +0000] "GET /system/PMS/subject.shtml HTTP/1.0" 200 1683
195.96.98.222 - - [25/Feb/2000:22:50:53 +0000] "GET /partners/shuttle/subject_3.shtml HTTP/1.1" 200 2621
195.96.98.222 - - [25/Feb/2000:22:50:54 +0000] "GET /images/greenball.gif HTTP/1.1" 200 104
195.96.98.188 - - [25/Feb/2000:22:50:54 +0000] "GET /images/document.gif HTTP/1.1" 200 250
195.96.98.222 - - [25/Feb/2000:22:50:54 +0000] "GET /images/redball.gif HTTP/1.1" 200 380
216.35.116.94 - - [25/Feb/2000:22:51:21 +0000] "GET /partners/sparks/upload/messages HTTP/1.0" 301 210
195.96.98.188 - - [25/Feb/2000:22:51:23 +0000] "GET /partners/shuttle/subject_4.shtml HTTP/1.1" 200 2622
216.35.116.94 - - [25/Feb/2000:22:51:44 +0000] "GET /partners/keyhaven/hollandholland/actions.shtml HTTP/1.0" 200 18625
208.219.77.29 - - [25/Feb/2000:22:51:53 +0000] "HEAD /cal_sched.txt HTTP/1.1" 200 0
209.185.143.95 - - [25/Feb/2000:22:54:41 +0000] "GET /partners/M4T/ HTTP/1.0" 200 1840
208.219.77.29 - - [25/Feb/2000:22:56:57 +0000] "HEAD /partners/sparks/counter/subject.htm HTTP/1.1" 200 0
209.185.143.98 - - [25/Feb/2000:22:59:01 +0000] "GET /subject_22.shtml HTTP/1.0" 200 2992
209.185.143.95 - - [25/Feb/2000:23:02:13 +0000] "GET /people/krugerd/actions.shtml HTTP/1.0" 200 18373
216.35.116.94 - - [25/Feb/2000:23:03:23 +0000] "GET /partners/sparks/upload/messages/ HTTP/1.0" 200 4048
209.185.143.96 - - [25/Feb/2000:23:04:12 +0000] "GET /partners/airflow/PFE/db_structurePage43.html HTTP/1.0" 200 12109
212.126.136.146 - - [25/Feb/2000:23:06:23 +0000] "GET /partners/hoop/transworld/subject.shtml HTTP/1.1" 200 1963
212.126.136.146 - - [25/Feb/2000:23:06:25 +0000] "GET /images/text.gif HTTP/1.1" 200 926
212.126.136.146 - - [25/Feb/2000:23:06:26 +0000] "GET /images/greenball.gif HTTP/1.1" 200 104
211.45.245.162 - - [25/Feb/2000:23:09:25 +0000] "GET /system/PMS/subject.shtml HTTP/1.0" 200 1683
209.185.143.96 - - [25/Feb/2000:23:12:30 +0000] "GET /partners/M4T/m4t/site/top.html HTTP/1.0" 200 382
209.185.143.98 - - [25/Feb/2000:23:18:04 +0000] "GET /partners/virtualstaff/dos.html HTTP/1.0" 200 7994
209.185.143.98 - - [25/Feb/2000:23:22:13 +0000] "GET /partners/hoop/whitewilson/site/services/gifs/dos.html HTTP/1.0" 200 10669
208.219.77.29 - - [25/Feb/2000:23:25:21 +0000] "GET /robots.txt HTTP/1.1" 200 180
216.35.116.94 - - [25/Feb/2000:23:26:30 +0000] "GET /partners/hoop/whitewilson/site/menu_gifs/WS_FTP.LOG HTTP/1.0" 200 872
211.45.245.162 - - [25/Feb/2000:23:28:26 +0000] "GET /system/PMS/subject.shtml HTTP/1.0" 200 1683
209.17.136.253 - - [25/Feb/2000:23:28:41 +0000] "GET /partners/keyhaven/corps/subject_2.shtml HTTP/1.1" 200 2073
209.17.136.253 - - [25/Feb/2000:23:28:44 +0000] "GET /images/greenball.gif HTTP/1.1" 200 104
208.219.77.29 - - [25/Feb/2000:23:28:48 +0000] "HEAD /partners/netalliance/quiz/entrant2.txt HTTP/1.1" 200 0
208.219.77.29 - - [25/Feb/2000:23:39:05 +0000] "HEAD /partners/hoop/flexiblemortgages/design.html HTTP/1.1" 200 0
208.219.77.29 - - [25/Feb/2000:23:42:26 +0000] "HEAD /partners/hoop/flexiblemortgages/plan.html HTTP/1.1" 200 0
216.35.116.94 - - [25/Feb/2000:23:45:10 +0000] "GET /people/colinr/logo_3.template HTTP/1.0" 200 1122
211.45.245.162 - - [25/Feb/2000:23:47:30 +0000] "GET /system/PMS/subject.shtml HTTP/1.0" 200 1683
211.45.245.162 - - [26/Feb/2000:00:06:32 +0000] "GET /system/PMS/subject.shtml HTTP/1.0" 200 1683
167.24.104.150 - - [26/Feb/2000:00:13:47 +0000] "GET /partners/airflow/silvermans/subject_21.shtml HTTP/1.1" 200 4508
167.24.104.150 - - [26/Feb/2000:00:13:47 +0000] "GET /images/greenball.gif HTTP/1.1" 200 104
209.185.143.96 - - [26/Feb/2000:00:14:22 +0000] "GET /subject_1.shtml HTTP/1.0" 200 2058
211.45.245.162 - - [26/Feb/2000:00:25:34 +0000] "GET /system/PMS/subject.shtml HTTP/1.0" 200 1683
216.35.116.60 - - [26/Feb/2000:00:41:17 +0000] "GET /partners/catalyst/NS/show_ents.pl HTTP/1.0" 401 350
216.35.116.54 - - [26/Feb/2000:00:41:37 +0000] "GET /companies/sparks/upload/messages/1.htm HTTP/1.0" 404 191
216.35.116.54 - - [26/Feb/2000:00:43:07 +0000] "GET /partners/xstreammedia/theroom/sitev2/glass/newellfrm.htm HTTP/1.0" 200 491
216.35.116.94 - - [26/Feb/2000:00:44:04 +0000] "GET /system/reference/perldocs/perlbook.htm HTTP/1.0" 200 896
209.185.143.98 - - [26/Feb/2000:00:44:16 +0000] "GET /partners/hoop/flexiblemortgages/logo.html HTTP/1.0" 200 1088
211.45.245.162 - - [26/Feb/2000:00:44:38 +0000] "GET /system/PMS/subject.shtml HTTP/1.0" 200 1683
216.35.116.75 - - [26/Feb/2000:00:46:44 +0000] "GET /companies/netalliance/puzzles/subject.shtml HTTP/1.0" 404 196
216.35.116.61 - - [26/Feb/2000:00:47:32 +0000] "GET /partners/airflow/PFE/db_structurePage38.html HTTP/1.0" 200 14353
216.35.116.50 - - [26/Feb/2000:00:50:32 +0000] "GET /partners/context/archive/taxireland/customer.html HTTP/1.0" 200 1970
216.35.116.69 - - [26/Feb/2000:00:51:07 +0000] "GET /partners/hoop/finsbury/logo.html HTTP/1.0" 200 1088
216.35.116.61 - - [26/Feb/2000:00:52:33 +0000] "GET /partners/hoop/Adrift/subject.shtml HTTP/1.0" 200 1777
216.35.116.63 - - [26/Feb/2000:00:52:43 +0000] "GET /partners/netalliance/installation/quiz/joindemo.html HTTP/1.0" 200 1263
216.35.116.54 - - [26/Feb/2000:00:54:33 +0000] "GET /companies/sparks/upload/messages/1.htm HTTP/1.0" 404 191
209.185.143.96 - - [26/Feb/2000:00:56:53 +0000] "GET /partners/hoop/whitewilson/site.old/claims/menu.html HTTP/1.0" 200 3391
209.185.143.95 - - [26/Feb/2000:00:57:49 +0000] "GET /people/krugerd/navigate.html HTTP/1.0" 200 1662
209.185.143.95 - - [26/Feb/2000:00:58:25 +0000] "GET /partners/JPS/navigate.html HTTP/1.0" 200 1658
216.35.116.67 - - [26/Feb/2000:00:58:43 +0000] "GET /system/quality/subject_6.shtml HTTP/1.0" 200 2559
216.35.116.54 - - [26/Feb/2000:00:59:33 +0000] "GET /partners/xstreammedia/theroom/sitev2/glass/newellfrm.htm HTTP/1.0" 200 491
216.35.116.94 - - [26/Feb/2000:01:01:28 +0000] "GET /subject_50.shtml HTTP/1.0" 200 3934
211.45.245.162 - - [26/Feb/2000:01:03:38 +0000] "GET /system/PMS/subject.shtml HTTP/1.0" 200 1683
216.35.116.60 - - [26/Feb/2000:01:11:06 +0000] "GET /partners/catalyst/NS/show_ents.pl HTTP/1.0" 401 350
209.185.143.96 - - [26/Feb/2000:01:13:00 +0000] "GET /partners/hoop/whitewilson/site.old/profile/menu.html HTTP/1.0" 200 3391
216.35.116.75 - - [26/Feb/2000:01:16:01 +0000] "GET /companies/netalliance/puzzles/subject.shtml HTTP/1.0" 404 196
216.35.116.61 - - [26/Feb/2000:01:16:56 +0000] "GET /partners/airflow/PFE/db_structurePage38.html HTTP/1.0" 200 14353
216.35.116.50 - - [26/Feb/2000:01:19:33 +0000] "GET /partners/context/archive/taxireland/customer.html HTTP/1.0" 200 1970
209.185.143.96 - - [26/Feb/2000:01:19:39 +0000] "GET /system/test/actions.template HTTP/1.0" 200 21108
216.35.116.69 - - [26/Feb/2000:01:20:16 +0000] "GET /partners/hoop/finsbury/logo.html HTTP/1.0" 200 1088
216.35.116.61 - - [26/Feb/2000:01:21:56 +0000] "GET /partners/hoop/Adrift/subject.shtml HTTP/1.0" 200 1777
216.35.116.63 - - [26/Feb/2000:01:22:34 +0000] "GET /partners/netalliance/installation/quiz/joindemo.html HTTP/1.0" 200 1263
211.45.245.162 - - [26/Feb/2000:01:22:39 +0000] "GET /system/PMS/subject.shtml HTTP/1.0" 200 1683
216.35.116.54 - - [26/Feb/2000:01:24:32 +0000] "GET /companies/sparks/upload/messages/1.htm HTTP/1.0" 404 191
216.35.116.67 - - [26/Feb/2000:01:26:53 +0000] "GET /system/quality/subject_6.shtml HTTP/1.0" 200 2559
62.6.25.222 - - [26/Feb/2000:01:28:04 +0000] "GET /partners/context/unigate/subject_1.shtml HTTP/1.1" 200 805
216.35.116.54 - - [26/Feb/2000:01:29:32 +0000] "GET /partners/xstreammedia/theroom/sitev2/glass/newellfrm.htm HTTP/1.0" 200 491
216.35.116.79 - - [26/Feb/2000:01:32:14 +0000] "GET /house/gback/logo.html HTTP/1.0" 200 1212
216.35.116.72 - - [26/Feb/2000:01:32:29 +0000] "GET /partners/xstreammedia/theroom/Sitev1/basket.htm HTTP/1.0" 200 466
209.185.143.98 - - [26/Feb/2000:01:36:51 +0000] "GET /house/contacts_4.shtml HTTP/1.0" 200 9066
211.45.245.162 - - [26/Feb/2000:01:41:43 +0000] "GET /system/PMS/subject.shtml HTTP/1.0" 200 1683
207.230.68.93 - - [26/Feb/2000:01:50:16 +0000] "GET /partners/hoop/whitewilson/skeleton/home/gifs/customer.html HTTP/1.1" 200 1991
207.230.68.93 - - [26/Feb/2000:01:50:18 +0000] "GET /partners/hoop/whitewilson/skeleton/home/gifs/logo.html HTTP/1.1" 200 1091
207.230.68.93 - - [26/Feb/2000:01:50:18 +0000] "GET /partners/hoop/whitewilson/skeleton/home/gifs/contents.html HTTP/1.1" 200 2564
207.230.68.93 - - [26/Feb/2000:01:50:19 +0000] "GET /paneris/cgi-bin/index.pl?/partners/hoop/whitewilson/skeleton/home/gifs/ HTTP/1.1" 200 4986
207.230.68.93 - - [26/Feb/2000:01:50:19 +0000] "GET /partners/hoop/whitewilson/skeleton/home/gifs/subject.shtml HTTP/1.1" 404 223
207.230.68.93 - - [26/Feb/2000:01:50:20 +0000] "GET /images/www.paneris.co.uk.gif HTTP/1.1" 200 1416
207.230.68.93 - - [26/Feb/2000:01:50:20 +0000] "GET /images/uptriangle.gif HTTP/1.1" 200 933
207.230.68.93 - - [26/Feb/2000:01:50:24 +0000] "GET /partners/hoop/whitewilson/skeleton/home/gifs/subject.shtml HTTP/1.1" 404 223
207.230.68.93 - - [26/Feb/2000:01:50:30 +0000] "GET /partners/hoop/whitewilson/skeleton/home/gifs/subject.shtml HTTP/1.1" 404 223
207.230.68.93 - - [26/Feb/2000:01:50:43 +0000] "GET /partners/hoop/whitewilson/skeleton/gifs/customer.html HTTP/1.1" 200 1981
207.230.68.93 - - [26/Feb/2000:01:50:44 +0000] "GET /partners/hoop/whitewilson/skeleton/gifs/logo.html HTTP/1.1" 200 1091
207.230.68.93 - - [26/Feb/2000:01:50:44 +0000] "GET /paneris/cgi-bin/index.pl?/partners/hoop/whitewilson/skeleton/gifs/ HTTP/1.1" 200 10272
207.230.68.93 - - [26/Feb/2000:01:50:44 +0000] "GET /partners/hoop/whitewilson/skeleton/gifs/contents.html HTTP/1.1" 200 2566
207.230.68.93 - - [26/Feb/2000:01:50:45 +0000] "GET /partners/hoop/whitewilson/skeleton/gifs/subject.shtml HTTP/1.1" 404 218
207.230.68.93 - - [26/Feb/2000:01:50:52 +0000] "GET /partners/hoop/whitewilson/skeleton/gifs HTTP/1.1" 301 230
207.230.68.93 - - [26/Feb/2000:01:50:53 +0000] "GET /partners/hoop/whitewilson/skeleton/gifs/ HTTP/1.1" 200 1946
207.230.68.93 - - [26/Feb/2000:01:50:53 +0000] "GET /partners/hoop/whitewilson/skeleton/gifs HTTP/1.1" 301 230
207.230.68.93 - - [26/Feb/2000:01:50:54 +0000] "GET /partners/hoop/whitewilson/skeleton/gifs/ HTTP/1.1" 200 1946
207.230.68.93 - - [26/Feb/2000:01:50:55 +0000] "GET /partners/hoop/whitewilson/skeleton/gifs/navigate.html HTTP/1.1" 200 1830
207.230.68.93 - - [26/Feb/2000:01:50:55 +0000] "GET /partners/hoop/whitewilson/skeleton/gifs/subject.shtml HTTP/1.1" 404 218
207.230.68.93 - - [26/Feb/2000:01:51:07 +0000] "GET /partners/hoop/whitewilson/skeleton/gifs/subject.shtml HTTP/1.1" 404 218
207.230.68.93 - - [26/Feb/2000:01:51:07 +0000] "GET /partners/hoop/whitewilson/skeleton/gifs/subject.shtml HTTP/1.1" 404 218
207.230.68.93 - - [26/Feb/2000:01:51:09 +0000] "GET /partners/hoop/whitewilson/skeleton/gifs/subject.shtml HTTP/1.1" 404 218
216.35.116.94 - - [26/Feb/2000:01:52:45 +0000] "GET /partners/hoop/whitewilson/site.old/menu_gifs/logo.html HTTP/1.0" 200 1088
216.35.116.60 - - [26/Feb/2000:01:58:06 +0000] "GET /partners/catalyst/NS/show_ents.pl HTTP/1.0" 401 350
211.45.245.162 - - [26/Feb/2000:02:00:45 +0000] "GET /system/PMS/subject.shtml HTTP/1.0" 200 1683
194.112.47.112 - - [26/Feb/2000:02:02:22 +0000] "GET /coathanger HTTP/1.0" 301 189
194.112.47.112 - - [26/Feb/2000:02:02:22 +0000] "GET /coathanger/ HTTP/1.0" 200 1788
194.112.47.112 - - [26/Feb/2000:02:02:23 +0000] "GET /coathanger/colourbg.jpg HTTP/1.0" 304 -
194.112.47.112 - - [26/Feb/2000:02:02:23 +0000] "GET /coathanger/coathanger.jpg HTTP/1.0" 304 -
194.112.47.112 - - [26/Feb/2000:02:02:23 +0000] "GET /coathanger/MainLogo.gif HTTP/1.0" 304 -
194.112.47.112 - - [26/Feb/2000:02:02:23 +0000] "GET /coathanger/NewYear2.jpg HTTP/1.0" 304 -
194.112.47.112 - - [26/Feb/2000:02:03:04 +0000] "GET /coathanger/links.html HTTP/1.0" 200 0
216.35.116.61 - - [26/Feb/2000:02:03:25 +0000] "GET /partners/airflow/PFE/db_structurePage38.html HTTP/1.0" 200 14353
216.35.116.75 - - [26/Feb/2000:02:03:58 +0000] "GET /companies/netalliance/puzzles/subject.shtml HTTP/1.0" 404 196
216.35.116.50 - - [26/Feb/2000:02:06:35 +0000] "GET /partners/context/archive/taxireland/customer.html HTTP/1.0" 200 1970
194.112.47.112 - - [26/Feb/2000:02:07:43 +0000] "GET /coathanger/links.html HTTP/1.0" 200 0
216.35.116.69 - - [26/Feb/2000:02:07:45 +0000] "GET /partners/hoop/finsbury/logo.html HTTP/1.0" 200 1088
194.112.47.112 - - [26/Feb/2000:02:08:16 +0000] "GET /coathanger/links.html HTTP/1.0" 200 0
194.112.47.112 - - [26/Feb/2000:02:08:26 +0000] "GET /coathanger/links.html HTTP/1.0" 200 0
216.35.116.61 - - [26/Feb/2000:02:08:27 +0000] "GET /partners/hoop/Adrift/subject.shtml HTTP/1.0" 200 1777
216.35.116.63 - - [26/Feb/2000:02:09:50 +0000] "GET /partners/netalliance/installation/quiz/joindemo.html HTTP/1.0" 200 1263
216.35.116.54 - - [26/Feb/2000:02:10:08 +0000] "GET /companies/sparks/upload/messages/1.htm HTTP/1.0" 404 191
194.112.47.112 - - [26/Feb/2000:02:10:16 +0000] "GET /house HTTP/1.0" 301 184
194.112.47.112 - - [26/Feb/2000:02:10:20 +0000] "GET /house/subject.shtml HTTP/1.0" 200 4214
194.112.47.112 - - [26/Feb/2000:02:10:22 +0000] "GET /images/greenball.gif HTTP/1.0" 304 -
194.112.47.112 - - [26/Feb/2000:02:10:28 +0000] "GET /coathanger/index.html HTTP/1.0" 304 -
216.35.116.94 - - [26/Feb/2000:02:10:39 +0000] "GET /partners/hoop/whitewilson/site.old/weather/head.html HTTP/1.0" 200 279
194.112.47.112 - - [26/Feb/2000:02:11:00 +0000] "GET /coathanger/links.html HTTP/1.0" 200 0
194.112.47.112 - - [26/Feb/2000:02:11:53 +0000] "GET /glastonbury HTTP/1.0" 301 190
194.112.47.112 - - [26/Feb/2000:02:11:54 +0000] "GET /glastonbury/ HTTP/1.0" 200 1303
194.112.47.112 - - [26/Feb/2000:02:11:55 +0000] "GET /glastonbury/1998/after/Helen_and_Roddy.jpg HTTP/1.0" 200 15793
194.112.47.112 - - [26/Feb/2000:02:11:55 +0000] "GET /glastonbury/1998/before/orchid_icon.jpg HTTP/1.0" 200 3928
194.112.47.112 - - [26/Feb/2000:02:11:55 +0000] "GET /glastonbury/images/map_icon.jpg HTTP/1.0" 200 5715
194.112.47.112 - - [26/Feb/2000:02:11:59 +0000] "GET /glastonbury/1998/after/site_icon.jpg HTTP/1.0" 200 3209
194.112.47.112 - - [26/Feb/2000:02:12:01 +0000] "GET /glastonbury/1997/greenpeace_icon.jpg HTTP/1.0" 200 3699
194.112.47.112 - - [26/Feb/2000:02:12:01 +0000] "GET /glastonbury/1999/1999_icon.jpg HTTP/1.0" 200 2709
194.112.47.112 - - [26/Feb/2000:02:12:10 +0000] "GET /glastonbury/1998/after/view.gif HTTP/1.0" 200 81920
194.112.47.112 - - [26/Feb/2000:02:12:11 +0000] "GET /glastonbury/map.htm HTTP/1.0" 200 878
194.112.47.112 - - [26/Feb/2000:02:12:12 +0000] "GET /glastonbury/images/key.jpg HTTP/1.0" 200 15001
194.112.47.112 - - [26/Feb/2000:02:12:12 +0000] "GET /glastonbury/images/guardianlogo.gif HTTP/1.0" 200 1569
194.112.47.112 - - [26/Feb/2000:02:12:27 +0000] "GET /glastonbury/images/map.jpg HTTP/1.0" 200 88090
209.185.143.98 - - [26/Feb/2000:02:13:06 +0000] "GET /partners/hoop/buxtons/proposal.shtml HTTP/1.0" 200 14660
216.35.116.94 - - [26/Feb/2000:02:13:57 +0000] "GET /partners/tsl/subject_2.shtml HTTP/1.0" 200 1764
194.112.47.112 - - [26/Feb/2000:02:14:11 +0000] "GET /glastonbury/1998/after/view.gif HTTP/1.0" 304 -
194.112.47.112 - - [26/Feb/2000:02:14:21 +0000] "GET /glastonbury/1998/after/view.gif HTTP/1.0" 206 76632
194.112.47.112 - - [26/Feb/2000:02:14:40 +0000] "GET /glastonbury/1999/ HTTP/1.0" 200 2529
194.112.47.112 - - [26/Feb/2000:02:14:41 +0000] "GET /glastonbury/1999/PIC00008.jpg HTTP/1.0" 200 19740
194.112.47.112 - - [26/Feb/2000:02:14:41 +0000] "GET /glastonbury/1999/bg.jpg HTTP/1.0" 200 11463
194.112.47.112 - - [26/Feb/2000:02:14:55 +0000] "GET /glastonbury/1999/PIC00006.jpg HTTP/1.0" 200 39284
194.112.47.112 - - [26/Feb/2000:02:15:05 +0000] "GET /glastonbury/1999/PIC00013.jpg HTTP/1.0" 200 64673
194.112.47.112 - - [26/Feb/2000:02:15:11 +0000] "GET /glastonbury/1999/PIC00022.jpg HTTP/1.0" 200 47351
194.112.47.112 - - [26/Feb/2000:02:15:19 +0000] "GET /glastonbury/1999/PIC00025.jpg HTTP/1.0" 200 52215
194.112.47.112 - - [26/Feb/2000:02:16:23 +0000] "GET /glastonbury/1998/before/orchid.htm HTTP/1.0" 200 642
194.112.47.112 - - [26/Feb/2000:02:16:24 +0000] "GET /glastonbury/1998/before/bg.jpg HTTP/1.0" 200 12774
194.112.47.112 - - [26/Feb/2000:02:16:34 +0000] "GET /glastonbury/1998/before/orchid.jpg HTTP/1.0" 200 56895
194.112.47.112 - - [26/Feb/2000:02:16:38 +0000] "GET /glastonbury/1998/before/guardian.htm HTTP/1.0" 200 627
194.112.47.112 - - [26/Feb/2000:02:16:41 +0000] "GET /glastonbury/1998/before/guardian.jpg HTTP/1.0" 200 34156
194.112.47.112 - - [26/Feb/2000:02:16:44 +0000] "GET /glastonbury/1998/before/farm.htm HTTP/1.0" 200 636
194.112.47.112 - - [26/Feb/2000:02:16:47 +0000] "GET /glastonbury/1998/before/farm.jpg HTTP/1.0" 200 32710
194.112.47.112 - - [26/Feb/2000:02:16:50 +0000] "GET /glastonbury/1998/before/pyrimid.htm HTTP/1.0" 200 629
194.112.47.112 - - [26/Feb/2000:02:16:53 +0000] "GET /glastonbury/1998/before/pyramid.jpg HTTP/1.0" 200 36003
194.112.47.112 - - [26/Feb/2000:02:16:57 +0000] "GET /glastonbury/1998/before/rainbow.htm HTTP/1.0" 200 626
194.112.47.112 - - [26/Feb/2000:02:17:01 +0000] "GET /glastonbury/1998/before/rainbow.jpg HTTP/1.0" 200 39484
194.112.47.112 - - [26/Feb/2000:02:17:04 +0000] "GET /glastonbury/1998/before/eavis.htm HTTP/1.0" 200 637
194.112.47.112 - - [26/Feb/2000:02:17:09 +0000] "GET /glastonbury/1998/before/eavis.jpg HTTP/1.0" 200 50314
209.185.143.98 - - [26/Feb/2000:02:17:18 +0000] "GET /partners/JPS/commonwealth/dos.html HTTP/1.0" 200 8787
194.112.47.112 - - [26/Feb/2000:02:18:12 +0000] "GET /glastonbury/1997/ HTTP/1.0" 200 5874
194.112.47.112 - - [26/Feb/2000:02:18:14 +0000] "GET /glastonbury/1997/SUN028.jpg HTTP/1.0" 200 13013
194.112.47.112 - - [26/Feb/2000:02:18:15 +0000] "GET /glastonbury/1997/fri060.jpg HTTP/1.0" 200 18984
194.112.47.112 - - [26/Feb/2000:02:18:16 +0000] "GET /glastonbury/1997/fri063.jpg HTTP/1.0" 200 10333
194.112.47.112 - - [26/Feb/2000:02:18:17 +0000] "GET /glastonbury/1997/wed019.jpg HTTP/1.0" 200 13616
194.112.47.112 - - [26/Feb/2000:02:18:18 +0000] "GET /glastonbury/1997/THUR038.jpg HTTP/1.0" 200 11021
216.35.116.60 - - [26/Feb/2000:02:18:57 +0000] "GET /partners/catalyst/NS/show_ents.pl HTTP/1.0" 401 350
211.45.245.162 - - [26/Feb/2000:02:19:45 +0000] "GET /system/PMS/subject.shtml HTTP/1.0" 200 1683
216.35.116.75 - - [26/Feb/2000:02:23:21 +0000] "GET /companies/netalliance/puzzles/subject.shtml HTTP/1.0" 404 196
216.35.116.61 - - [26/Feb/2000:02:23:36 +0000] "GET /partners/airflow/PFE/db_structurePage38.html HTTP/1.0" 200 14353
216.35.116.50 - - [26/Feb/2000:02:25:58 +0000] "GET /partners/context/archive/taxireland/customer.html HTTP/1.0" 200 1970
216.35.116.69 - - [26/Feb/2000:02:26:58 +0000] "GET /partners/hoop/finsbury/logo.html HTTP/1.0" 200 1088
216.35.116.61 - - [26/Feb/2000:02:28:37 +0000] "GET /partners/hoop/Adrift/subject.shtml HTTP/1.0" 200 1777
216.35.116.63 - - [26/Feb/2000:02:29:01 +0000] "GET /partners/netalliance/installation/quiz/joindemo.html HTTP/1.0" 200 1263
216.35.116.54 - - [26/Feb/2000:02:29:10 +0000] "GET /companies/sparks/upload/messages/1.htm HTTP/1.0" 404 191
216.35.116.67 - - [26/Feb/2000:02:32:38 +0000] "GET /system/quality/subject_6.shtml HTTP/1.0" 200 2559
216.35.116.54 - - [26/Feb/2000:02:34:10 +0000] "GET /partners/xstreammedia/theroom/sitev2/glass/newellfrm.htm HTTP/1.0" 200 491
216.35.116.72 - - [26/Feb/2000:02:35:31 +0000] "GET /partners/xstreammedia/theroom/Sitev1/basket.htm HTTP/1.0" 200 466
216.35.116.79 - - [26/Feb/2000:02:37:55 +0000] "GET /house/gback/logo.html HTTP/1.0" 200 1212
211.45.245.162 - - [26/Feb/2000:02:38:51 +0000] "GET /system/PMS/subject.shtml HTTP/1.0" 200 1683
137.140.23.78 - - [26/Feb/2000:02:46:07 +0000] "GET /partners/netalliance/installation/crossword/test11.html HTTP/1.1" 200 4559
137.140.23.78 - - [26/Feb/2000:02:46:18 +0000] "GET /partners/netalliance/installation/crossword/mycrossword.class HTTP/1.1" 200 2856
137.140.23.78 - - [26/Feb/2000:02:46:24 +0000] "GET /partners/netalliance/installation/crossword/HeaderBar.class HTTP/1.1" 200 1183
137.140.23.78 - - [26/Feb/2000:02:46:25 +0000] "GET /partners/netalliance/installation/crossword/Crossword.class HTTP/1.1" 200 5718
137.140.23.78 - - [26/Feb/2000:02:46:29 +0000] "GET /partners/netalliance/installation/crossword/ClueList.class HTTP/1.1" 200 2423
209.185.143.98 - - [26/Feb/2000:02:56:10 +0000] "GET /people/colinr/invoices/2.html HTTP/1.0" 200 7310
211.45.245.162 - - [26/Feb/2000:02:57:51 +0000] "GET /system/PMS/subject.shtml HTTP/1.0" 200 1683
209.185.143.96 - - [26/Feb/2000:03:02:44 +0000] "GET /people/timj/timesheets/dos.html HTTP/1.0" 200 13755
211.45.245.162 - - [26/Feb/2000:03:16:52 +0000] "GET /system/PMS/subject.shtml HTTP/1.0" 200 1683
216.35.116.79 - - [26/Feb/2000:03:22:28 +0000] "GET /partners/keyhaven/corps/customer.html HTTP/1.0" 200 1946
63.208.165.204 - - [26/Feb/2000:03:22:30 +0000] "GET /partners/airflow/PFE/requirements_13.shtml HTTP/1.1" 200 4524
63.208.165.204 - - [26/Feb/2000:03:22:32 +0000] "GET /images/pe.gif HTTP/1.1" 200 417
63.208.165.204 - - [26/Feb/2000:03:22:33 +0000] "GET /javascript/floater.js HTTP/1.1" 200 2611
209.185.143.95 - - [26/Feb/2000:03:27:18 +0000] "GET /subject_33.shtml HTTP/1.0" 200 3136
63.208.165.204 - - [26/Feb/2000:03:30:37 +0000] "GET /images/pe.gif HTTP/1.1" 200 417
63.208.165.204 - - [26/Feb/2000:03:30:37 +0000] "GET /javascript/floater.js HTTP/1.1" 200 2611
209.185.143.95 - - [26/Feb/2000:03:32:34 +0000] "GET /partners/airflow/PFE/db_structurePage33.html HTTP/1.0" 200 14214
216.35.116.57 - - [26/Feb/2000:03:34:17 +0000] "GET /partners/tsl/editsys/prototype/news/history_nav.html HTTP/1.0" 200 1251
200.210.25.149 - - [26/Feb/2000:03:35:01 +0000] "GET /system/setup/tools_3.htm HTTP/1.0" 200 1372
211.45.245.162 - - [26/Feb/2000:03:35:56 +0000] "GET /system/PMS/subject.shtml HTTP/1.0" 200 1683
216.35.116.94 - - [26/Feb/2000:03:35:59 +0000] "GET /partners/airflow/message.template HTTP/1.0" 200 2299
209.246.110.150 - - [26/Feb/2000:03:36:49 +0000] "GET /partners/netalliance/installation/crossword/test11.html HTTP/1.1" 200 4559
209.246.110.150 - - [26/Feb/2000:03:36:55 +0000] "GET /partners/netalliance/installation/crossword/mycrossword.class HTTP/1.1" 200 2856
209.246.110.150 - - [26/Feb/2000:03:36:56 +0000] "GET /partners/netalliance/installation/crossword/HeaderBar.class HTTP/1.1" 200 1183
209.246.110.150 - - [26/Feb/2000:03:36:57 +0000] "GET /partners/netalliance/installation/crossword/Crossword.class HTTP/1.1" 200 5718
209.246.110.150 - - [26/Feb/2000:03:36:58 +0000] "GET /partners/netalliance/installation/crossword/ClueList.class HTTP/1.1" 200 2423
216.35.116.59 - - [26/Feb/2000:03:37:06 +0000] "GET /partners/airflow/PFE/actions.shtml HTTP/1.0" 200 18457
216.35.116.56 - - [26/Feb/2000:03:37:18 +0000] "GET /partners/xstreammedia/theroom/sitev2/glass/mill_bod.htm HTTP/1.0" 200 1980
216.35.116.79 - - [26/Feb/2000:03:38:00 +0000] "GET /partners/tsl/RacketClub/implementation_3.html HTTP/1.0" 200 4979
216.35.116.78 - - [26/Feb/2000:03:40:52 +0000] "GET /partners/hoop/betrothed/customer.html HTTP/1.0" 200 1946
128.177.243.155 - - [26/Feb/2000:03:41:25 +0000] "GET /robots.txt HTTP/1.0" 200 180
216.35.116.61 - - [26/Feb/2000:03:42:35 +0000] "GET /partners/shuttle/subject_1.shtml HTTP/1.0" 200 2544
209.185.143.96 - - [26/Feb/2000:03:46:56 +0000] "GET /system/messages/54.shtml HTTP/1.0" 200 4423
209.185.143.95 - - [26/Feb/2000:03:49:06 +0000] "GET /partners/xstreammedia/theroom/waterhouse/FINDER.DAT HTTP/1.0" 200 3952
216.35.116.94 - - [26/Feb/2000:03:51:22 +0000] "GET /partners/hoop/finsbury/customer.html HTTP/1.0" 200 1944
211.45.245.162 - - [26/Feb/2000:03:55:00 +0000] "GET /system/PMS/subject.shtml HTTP/1.0" 200 1683
216.35.116.94 - - [26/Feb/2000:03:56:13 +0000] "GET /partners/hoop/saa/site/lettershop.html HTTP/1.0" 200 2243
209.185.143.96 - - [26/Feb/2000:04:05:10 +0000] "GET /sales/messages/4.shtml HTTP/1.0" 200 7444
216.35.116.94 - - [26/Feb/2000:04:11:46 +0000] "GET /system/CVS/quality.shtml HTTP/1.0" 200 1264
211.45.245.162 - - [26/Feb/2000:04:14:02 +0000] "GET /system/PMS/subject.shtml HTTP/1.0" 200 1683
211.45.245.162 - - [26/Feb/2000:04:14:03 +0000] "GET /system/PMS/contents.html HTTP/1.0" 304 -
128.177.243.155 - - [26/Feb/2000:04:16:07 +0000] "GET /partners/iway/usn/messages/25.htm HTTP/1.0" 401 350
211.45.245.162 - - [26/Feb/2000:04:16:23 +0000] "GET /system/PMS/ HTTP/1.0" 304 -
211.45.245.162 - - [26/Feb/2000:04:17:50 +0000] "GET /system/PMS/logo.html HTTP/1.0" 304 -
206.129.0.132 - - [26/Feb/2000:04:20:28 +0000] "GET /partners/chameleon/archive/journals/messages/2.shtml HTTP/1.0" 200 17661
206.129.0.132 - - [26/Feb/2000:04:20:57 +0000] "GET /partners/chameleon/archive/journals/messages/ HTTP/1.0" 200 4442
206.129.0.131 - - [26/Feb/2000:04:21:05 +0000] "GET /partners/chameleon/archive/journals/ HTTP/1.0" 200 1863
206.129.0.132 - - [26/Feb/2000:04:21:06 +0000] "GET /partners/chameleon/archive/journals/contents.html HTTP/1.0" 200 2992
206.129.0.132 - - [26/Feb/2000:04:21:06 +0000] "GET /partners/chameleon/archive/journals/logo.html HTTP/1.0" 200 1086
206.129.0.131 - - [26/Feb/2000:04:21:06 +0000] "GET /partners/chameleon/archive/journals/subject.shtml HTTP/1.0" 200 2428
206.129.0.131 - - [26/Feb/2000:04:21:06 +0000] "GET /images/uptriangle.gif HTTP/1.0" 200 933
206.129.0.132 - - [26/Feb/2000:04:21:07 +0000] "GET /images/greenball.gif HTTP/1.0" 200 104
206.129.0.132 - - [26/Feb/2000:04:21:07 +0000] "GET /partners/chameleon/lizani.gif HTTP/1.0" 200 26250
209.185.143.98 - - [26/Feb/2000:04:22:09 +0000] "GET /partners/airflow/PFE/acan/navigate.html HTTP/1.0" 200 1659
203.29.192.74 - - [26/Feb/2000:04:23:12 +0000] "GET /system/setup/tools_3.htm HTTP/1.0" 200 1372
216.35.116.52 - - [26/Feb/2000:04:23:14 +0000] "GET /partners/hoop/whitewilson/site.old/services/gifs/actions.shtml HTTP/1.0" 200 18849
216.35.116.69 - - [26/Feb/2000:04:23:59 +0000] "GET /partners/xstreammedia/theroom/waterhouse/findbod.htm HTTP/1.0" 200 5386
216.35.116.74 - - [26/Feb/2000:04:25:56 +0000] "GET /partners/tsl/editsys/prototype/help/masters/file_browser.psd HTTP/1.0" 200 122725
216.35.116.64 - - [26/Feb/2000:04:27:35 +0000] "GET /partners/JPS/wastewatchers/draft/logo1.htm HTTP/1.0" 401 350
216.35.116.69 - - [26/Feb/2000:04:28:59 +0000] "GET /partners/JPS/commonwealth/dos.html HTTP/1.0" 200 8787
209.185.143.96 - - [26/Feb/2000:04:29:28 +0000] "GET /philosophy/organisation_3.shtml HTTP/1.0" 200 3311
216.35.116.71 - - [26/Feb/2000:04:30:22 +0000] "GET /partners/harmonics/customer.html HTTP/1.0" 200 1936
211.45.245.162 - - [26/Feb/2000:04:33:04 +0000] "GET /system/PMS/subject.shtml HTTP/1.0" 200 1683
216.35.116.67 - - [26/Feb/2000:04:34:48 +0000] "GET /partners/apr/iglu/searchengines/Iglu.com.insurance10-20-1998.txt HTTP/1.0" 401 350
216.35.116.76 - - [26/Feb/2000:04:35:19 +0000] "GET /partners/hoop/illustrators/actions.shtml HTTP/1.0" 200 18541
216.35.116.60 - - [26/Feb/2000:04:37:04 +0000] "GET /partners/context/archive/timber/subject_4.shtml HTTP/1.0" 200 2694
216.35.116.57 - - [26/Feb/2000:04:38:57 +0000] "GET /partners/airflow/silvermans/subject_2.shtml HTTP/1.0" 200 2416
216.35.116.65 - - [26/Feb/2000:04:39:45 +0000] "GET /system/messages/95.shtml HTTP/1.0" 200 6184
209.185.143.98 - - [26/Feb/2000:04:39:50 +0000] "GET /partners/keyhaven/corps/site/gifs/logo.html HTTP/1.0" 200 1076
216.35.116.64 - - [26/Feb/2000:04:42:20 +0000] "GET /partners/xstreammedia/theroom/sitev2/glass/melt2_bod.htm HTTP/1.0" 200 2559
216.35.116.66 - - [26/Feb/2000:04:43:13 +0000] "GET /partners/iway/bloomsbury/promotion.html HTTP/1.0" 401 350
216.35.116.50 - - [26/Feb/2000:04:44:49 +0000] "GET /tim/bell.htm HTTP/1.0" 200 831
128.177.243.155 - - [26/Feb/2000:04:45:30 +0000] "GET /partners/iway/usn/messages/21.htm HTTP/1.0" 401 350
216.35.116.94 - - [26/Feb/2000:04:46:35 +0000] "GET /partners/netalliance/installation/wordsearch/letters.txt HTTP/1.0" 200 240
209.185.143.96 - - [26/Feb/2000:04:51:55 +0000] "GET /partners/subject_3.shtml HTTP/1.0" 200 1250
211.45.245.162 - - [26/Feb/2000:04:52:09 +0000] "GET /system/PMS/subject.shtml HTTP/1.0" 200 1683
159.226.117.24 - - [26/Feb/2000:04:58:23 +0000] "GET /system/messages/178.shtml HTTP/1.1" 200 7631
216.35.116.94 - - [26/Feb/2000:04:59:48 +0000] "GET /people/mylesc/contents.html HTTP/1.0" 200 2948
216.35.116.94 - - [26/Feb/2000:05:01:02 +0000] "GET /system/messages/188.shtml HTTP/1.0" 200 7117
128.177.243.155 - - [26/Feb/2000:05:01:17 +0000] "GET /partners/iway/usn/messages/29.htm HTTP/1.0" 401 350
216.35.116.94 - - [26/Feb/2000:05:02:51 +0000] "GET /partners/chameleon/archive/journals/customer.html HTTP/1.0" 200 1970
211.45.245.162 - - [26/Feb/2000:05:11:11 +0000] "GET /system/PMS/subject.shtml HTTP/1.0" 200 1683
209.185.143.95 - - [26/Feb/2000:05:19:14 +0000] "GET /partners/shuttle/quality_4.shtml HTTP/1.0" 200 2190
216.35.116.73 - - [26/Feb/2000:05:23:08 +0000] "GET /system/reference/subject.shtml HTTP/1.0" 200 2533
194.6.81.35 - - [26/Feb/2000:05:23:26 +0000] "GET /robots.txt HTTP/1.0" 200 180
194.6.81.35 - - [26/Feb/2000:05:23:26 +0000] "GET /people/timj/ HTTP/1.0" 304 -
128.177.243.155 - - [26/Feb/2000:05:24:47 +0000] "GET /partners/iway/grolier/messages/5.htm HTTP/1.0" 401 350
211.45.245.162 - - [26/Feb/2000:05:30:13 +0000] "GET /system/PMS/subject.shtml HTTP/1.0" 200 1683
216.35.116.63 - - [26/Feb/2000:05:31:57 +0000] "GET /system/messages/91.shtml HTTP/1.0" 200 7420
209.185.143.96 - - [26/Feb/2000:05:32:08 +0000] "GET /system/reference/perldocs/perlcall.htm HTTP/1.0" 200 62224
216.35.116.55 - - [26/Feb/2000:05:32:48 +0000] "GET /partners/tsl/logo.html HTTP/1.0" 200 1088
216.35.116.51 - - [26/Feb/2000:05:37:00 +0000] "GET /partners/iway/rzh/messages/ HTTP/1.0" 401 350
216.35.116.53 - - [26/Feb/2000:05:37:30 +0000] "GET /partners/chameleon/archive/journals/development/resed.htm HTTP/1.0" 404 210
216.35.116.50 - - [26/Feb/2000:05:37:39 +0000] "GET /partners/hoop/saa/subject_4.shtml HTTP/1.0" 200 1757
216.13.173.41 - - [26/Feb/2000:05:39:51 +0000] "HEAD /index2.html HTTP/1.1" 200 0
216.35.116.63 - - [26/Feb/2000:05:40:38 +0000] "GET /partners/catalyst/topley1998/DTDS/subject.shtml HTTP/1.0" 401 350
216.35.116.76 - - [26/Feb/2000:05:42:54 +0000] "GET /partners/intermail/beano/dos.html HTTP/1.0" 200 7348
216.35.116.67 - - [26/Feb/2000:05:47:38 +0000] "GET /partners/keyhaven/tankmuseum/navigate.html HTTP/1.0" 200 1665
216.35.116.50 - - [26/Feb/2000:05:47:55 +0000] "GET /partners/airflow/messages.template HTTP/1.0" 200 1395
63.30.170.190 - - [26/Feb/2000:05:48:26 +0000] "GET /partners/idealnet/auction/subject_2.shtml HTTP/1.1" 200 3925
63.30.170.190 - - [26/Feb/2000:05:48:28 +0000] "GET /images/greenball.gif HTTP/1.1" 200 104
63.30.170.190 - - [26/Feb/2000:05:48:29 +0000] "GET /images/redball.gif HTTP/1.1" 200 380
216.35.116.94 - - [26/Feb/2000:05:49:47 +0000] "GET /people/subject_7.shtml HTTP/1.0" 200 1472
211.45.245.162 - - [26/Feb/2000:05:51:50 +0000] "GET /system/PMS/subject.shtml HTTP/1.0" 200 1683
205.188.208.77 - - [26/Feb/2000:05:55:21 +0000] "GET /people/willr/subject.shtml HTTP/1.0" 200 9442
205.188.208.70 - - [26/Feb/2000:05:55:25 +0000] "GET /images/greenball.gif HTTP/1.0" 200 104
205.188.208.44 - - [26/Feb/2000:05:55:25 +0000] "GET /images/pe.gif HTTP/1.0" 200 417
205.188.208.8 - - [26/Feb/2000:05:55:25 +0000] "GET /javascript/floater.js HTTP/1.0" 200 2611
209.185.143.95 - - [26/Feb/2000:05:57:22 +0000] "GET /people/subject_27.shtml HTTP/1.0" 200 2227
209.185.143.95 - - [26/Feb/2000:06:01:50 +0000] "GET /partners/actions.shtml HTTP/1.0" 200 18289
216.35.116.94 - - [26/Feb/2000:06:06:30 +0000] "GET /partners/hoop/whitewilson/site/profile/logo.html HTTP/1.0" 200 1088
211.45.245.162 - - [26/Feb/2000:06:10:51 +0000] "GET /system/PMS/subject.shtml HTTP/1.0" 200 1683
209.185.143.98 - - [26/Feb/2000:06:24:11 +0000] "GET /partners/netalliance/installation/quiz/demo.html HTTP/1.0" 200 4668
216.13.173.41 - - [26/Feb/2000:06:25:23 +0000] "GET /index2.html HTTP/1.1" 200 12513
216.13.173.41 - - [26/Feb/2000:06:25:25 +0000] "GET /heading.gif HTTP/1.1" 200 9896
216.13.173.41 - - [26/Feb/2000:06:25:26 +0000] "GET /banner2.gif HTTP/1.1" 200 7731
216.35.116.59 - - [26/Feb/2000:06:26:12 +0000] "GET /sales/questions/customer.html HTTP/1.0" 200 1930
209.185.143.96 - - [26/Feb/2000:06:27:35 +0000] "GET /partners/hoop/bmc/demo/actions.shtml HTTP/1.0" 200 18485
211.45.245.162 - - [26/Feb/2000:06:29:52 +0000] "GET /system/PMS/subject.shtml HTTP/1.0" 200 1683
216.35.116.74 - - [26/Feb/2000:06:34:04 +0000] "GET /system/messages/186.shtml HTTP/1.0" 200 5046
216.35.116.59 - - [26/Feb/2000:06:35:11 +0000] "GET /tim/diary/1998/19980212/navigate.html HTTP/1.0" 200 2136
216.35.116.77 - - [26/Feb/2000:06:35:44 +0000] "GET /partners/epinet/navigate.html HTTP/1.0" 200 1661
216.35.116.94 - - [26/Feb/2000:06:38:14 +0000] "GET /partners/hoop/whitewilson/site.old/home/gifs/navigate.html HTTP/1.0" 200 1659
216.35.116.94 - - [26/Feb/2000:06:39:12 +0000] "GET /partners/hoop/saa/subject.shtml HTTP/1.0" 200 2192
216.35.116.59 - - [26/Feb/2000:06:40:11 +0000] "GET /tim/diary/1997/19970705/ HTTP/1.0" 404 177
216.35.116.62 - - [26/Feb/2000:06:41:20 +0000] "GET /partners/MJCS/5star/implementation.shtml HTTP/1.0" 200 2512
216.35.116.71 - - [26/Feb/2000:06:42:33 +0000] "GET /people/patrickg/cards/send.html HTTP/1.0" 200 1320
216.35.116.71 - - [26/Feb/2000:06:47:33 +0000] "GET /partners/tsl/editsys/prototype/nov98/features/articles/gifs HTTP/1.0" 301 238
209.185.143.96 - - [26/Feb/2000:06:48:07 +0000] "GET /people/danielh/subject_4.shtml HTTP/1.0" 200 7355
211.45.245.162 - - [26/Feb/2000:06:48:55 +0000] "GET /system/PMS/subject.shtml HTTP/1.0" 200 1683
216.35.116.68 - - [26/Feb/2000:06:50:05 +0000] "GET /companies/keyhaven/skyguard/messages/ HTTP/1.0" 404 190
211.45.245.162 - - [26/Feb/2000:07:07:57 +0000] "GET /system/PMS/subject.shtml HTTP/1.0" 200 1683
209.185.143.96 - - [26/Feb/2000:07:13:20 +0000] "GET /partners/hoop/whitewilson/messages.template HTTP/1.0" 200 1427
128.177.243.155 - - [26/Feb/2000:07:16:42 +0000] "GET /partners/iway/usn/messages/5.htm HTTP/1.0" 401 350
212.140.75.42 - - [26/Feb/2000:07:24:33 +0000] "GET /partners/bloomsbury/sas_site_spec.html HTTP/1.1" 200 4252
212.140.75.42 - - [26/Feb/2000:07:24:34 +0000] "GET /partners/bloomsbury/sas.jpg HTTP/1.1" 404 192
212.140.75.42 - - [26/Feb/2000:07:25:12 +0000] "GET /partners/bloomsbury/sas.jpg HTTP/1.1" 404 192
212.140.75.42 - - [26/Feb/2000:07:25:14 +0000] "GET /partners/bloomsbury/www.bloomsbury.com HTTP/1.1" 404 203
212.140.75.42 - - [26/Feb/2000:07:25:16 +0000] "GET /partners/bloomsbury/sas.jpg HTTP/1.1" 404 192
216.35.116.58 - - [26/Feb/2000:07:26:57 +0000] "GET /partners/xstreammedia/theroom/Sitev1/china/willr_bod.htm HTTP/1.0" 200 1955
211.45.245.162 - - [26/Feb/2000:07:26:58 +0000] "GET /system/PMS/subject.shtml HTTP/1.0" 200 1683
216.35.116.94 - - [26/Feb/2000:07:31:26 +0000] "GET /system/reference/perldocs/customer.html HTTP/1.0" 200 1950
216.35.116.77 - - [26/Feb/2000:07:32:05 +0000] "GET /people/mylesc/menu.html.LCK HTTP/1.0" 200 24
209.185.143.96 - - [26/Feb/2000:07:32:26 +0000] "GET /partners/xstreammedia/theroom/waterhouse/lftctnav.htm HTTP/1.0" 200 2831
216.35.116.51 - - [26/Feb/2000:07:35:42 +0000] "GET /partners/alpha/Intraform/contents.html HTTP/1.0" 200 2785
216.35.116.71 - - [26/Feb/2000:07:41:07 +0000] "GET /partners/hoop/navigate.html HTTP/1.0" 200 1659
216.35.116.59 - - [26/Feb/2000:07:42:21 +0000] "GET /philosophy/navigate.html HTTP/1.0" 200 1665
216.35.116.50 - - [26/Feb/2000:07:44:44 +0000] "GET /partners/hoop/whitewilson/site.old/clients/gifs/dos.html HTTP/1.0" 200 9960
209.185.143.98 - - [26/Feb/2000:07:45:17 +0000] "GET /partners/harmonics HTTP/1.0" 301 197
216.35.116.58 - - [26/Feb/2000:07:45:42 +0000] "GET /people/timj/subject_4.shtml HTTP/1.0" 200 4151
211.45.245.162 - - [26/Feb/2000:07:46:04 +0000] "GET /system/PMS/subject.shtml HTTP/1.0" 200 1683
216.35.116.71 - - [26/Feb/2000:07:46:07 +0000] "GET /partners/hoop/whitewilson/site/menu_gifs/WS_FTP.LOG HTTP/1.0" 200 872
209.185.143.98 - - [26/Feb/2000:07:46:27 +0000] "GET /partners/netalliance/wordsearch/actions.shtml HTTP/1.0" 200 18611
209.185.143.96 - - [26/Feb/2000:07:47:41 +0000] "GET /partners/JPS/bloomsbury/actions.shtml HTTP/1.0" 200 18499
209.185.143.96 - - [26/Feb/2000:07:47:54 +0000] "GET /subject_39.shtml HTTP/1.0" 200 3301
216.35.116.76 - - [26/Feb/2000:07:49:36 +0000] "GET /partners/iway/impaired_life/charts/netcharts/examples/XYChart10.html HTTP/1.0" 401 350
212.252.5.42 - - [26/Feb/2000:07:49:59 +0000] "POST /paneris//cgi-bin/silverman-form-mail.cgi HTTP/1.1" 302 202
216.35.116.71 - - [26/Feb/2000:07:51:08 +0000] "GET /partners/context/consortia/implementation_3.shtml HTTP/1.0" 200 2017
212.252.5.42 - - [26/Feb/2000:07:53:35 +0000] "POST /paneris//cgi-bin/silverman-form-mail.cgi HTTP/1.1" 302 202
209.185.143.98 - - [26/Feb/2000:07:57:49 +0000] "GET /partners/harmonics/ HTTP/1.0" 200 1846
211.45.245.162 - - [26/Feb/2000:08:05:06 +0000] "GET /system/PMS/subject.shtml HTTP/1.0" 200 1683
211.45.245.162 - - [26/Feb/2000:08:24:08 +0000] "GET /system/PMS/subject.shtml HTTP/1.0" 200 1683
206.163.212.96 - - [26/Feb/2000:08:29:25 +0000] "GET /people/patrickg/cards/back.gif HTTP/1.1" 200 2904
206.163.212.96 - - [26/Feb/2000:08:30:21 +0000] "GET /people/patrickg/cards/cartoon.gif HTTP/1.1" 200 26621
206.163.212.96 - - [26/Feb/2000:08:31:20 +0000] "GET /people/patrickg/cards/cartoon1.gif HTTP/1.1" 200 26679
209.185.143.138 - - [26/Feb/2000:08:31:33 +0000] "HEAD /people/patrickg/cards/birth.au HTTP/1.0" 200 0
216.35.116.69 - - [26/Feb/2000:08:32:18 +0000] "GET /system/actions.shtml HTTP/1.0" 200 18261
206.163.212.96 - - [26/Feb/2000:08:32:25 +0000] "GET /people/patrickg/cards/close.gif HTTP/1.1" 200 1307
206.163.212.96 - - [26/Feb/2000:08:33:31 +0000] "GET /people/patrickg/cards/copy.jpg HTTP/1.1" 200 5330
206.163.212.96 - - [26/Feb/2000:08:34:23 +0000] "GET /people/patrickg/cards/drop1.gif HTTP/1.1" 200 2931
216.35.116.51 - - [26/Feb/2000:08:34:56 +0000] "GET /partners/iway/usn/proposal.htm HTTP/1.0" 401 350
206.163.212.96 - - [26/Feb/2000:08:35:25 +0000] "GET /people/patrickg/cards/drop2.gif HTTP/1.1" 200 3489
216.35.116.53 - - [26/Feb/2000:08:36:09 +0000] "GET /partners/idealnet/actions.shtml HTTP/1.0" 200 18415
206.163.212.96 - - [26/Feb/2000:08:36:15 +0000] "GET /people/patrickg/cards/drop3.gif HTTP/1.1" 200 2155
206.163.212.96 - - [26/Feb/2000:08:37:01 +0000] "GET /people/patrickg/cards/drop4.gif HTTP/1.1" 200 2297
206.163.212.96 - - [26/Feb/2000:08:37:53 +0000] "GET /people/patrickg/cards/logo.jpg HTTP/1.1" 200 7658
206.163.212.96 - - [26/Feb/2000:08:38:38 +0000] "GET /people/patrickg/cards/open.gif HTTP/1.1" 200 1385
216.35.116.62 - - [26/Feb/2000:08:38:42 +0000] "GET /companies/iway/usn/messages/9.htm HTTP/1.0" 404 186
216.35.116.50 - - [26/Feb/2000:08:39:02 +0000] "GET /partners/chameleon/archive/dba/messages/43.shtml HTTP/1.0" 404 201
206.163.212.96 - - [26/Feb/2000:08:39:43 +0000] "GET /people/patrickg/cards/send.gif HTTP/1.1" 200 1426
209.185.143.138 - - [26/Feb/2000:08:40:43 +0000] "HEAD /partners/netalliance/wordsearch/spacemusic.au HTTP/1.0" 200 0
209.185.143.95 - - [26/Feb/2000:08:42:30 +0000] "GET /people/danielh/subject_6.shtml HTTP/1.0" 200 7361
216.35.116.72 - - [26/Feb/2000:08:42:40 +0000] "GET /partners/airflow/silvermans/subject_10.shtml HTTP/1.0" 200 3711
211.45.245.162 - - [26/Feb/2000:08:43:12 +0000] "GET /system/PMS/subject.shtml HTTP/1.0" 200 1683
216.35.116.65 - - [26/Feb/2000:08:44:29 +0000] "GET /partners/JPS/bloomsbury/actions.shtml HTTP/1.0" 200 18499
216.35.116.74 - - [26/Feb/2000:08:44:41 +0000] "GET /partners/keyhaven/skyguard/development/mail_sent.htm HTTP/1.0" 404 205
209.185.143.98 - - [26/Feb/2000:08:44:47 +0000] "GET /partners/hoop/bmc HTTP/1.0" 301 196
209.185.143.96 - - [26/Feb/2000:08:45:50 +0000] "GET /partners/idealnet/auction/acceptance.shtml HTTP/1.0" 200 2046
209.185.143.98 - - [26/Feb/2000:08:49:47 +0000] "GET /partners/netalliance/puzzles/three/contents.html HTTP/1.0" 200 2787
209.185.143.138 - - [26/Feb/2000:08:49:59 +0000] "HEAD /partners/netalliance/installation/wordsearch/spacemusic.au HTTP/1.0" 200 0
202.188.56.198 - - [26/Feb/2000:08:53:49 +0000] "GET /partners/airflow/PFE/requirements_7.shtml HTTP/1.1" 200 4326
202.188.56.198 - - [26/Feb/2000:08:53:51 +0000] "GET /images/pe.gif HTTP/1.1" 200 417
202.188.56.198 - - [26/Feb/2000:08:53:52 +0000] "GET /javascript/floater.js HTTP/1.1" 200 2611
209.185.143.98 - - [26/Feb/2000:08:57:58 +0000] "GET /partners/hoop/bmc/ HTTP/1.0" 200 1845
198.103.104.11 - - [26/Feb/2000:08:58:40 +0000] "GET /system/technology/webmacro/api/tree.html HTTP/1.0" 200 2084
198.103.104.11 - - [26/Feb/2000:08:58:52 +0000] "GET /system/technology/webmacro/api/org.paneris.util.DataCache.html HTTP/1.0" 200 6385
128.177.243.155 - - [26/Feb/2000:09:00:52 +0000] "GET /partners/context/acm/messages/4.htm HTTP/1.0" 404 188
209.185.143.138 - - [26/Feb/2000:09:01:58 +0000] "HEAD /partners/netalliance/installation/wordsearch/gong.au HTTP/1.0" 200 0
211.45.245.162 - - [26/Feb/2000:09:02:14 +0000] "GET /system/PMS/subject.shtml HTTP/1.0" 200 1683
209.185.143.98 - - [26/Feb/2000:09:06:48 +0000] "GET /partners/hoop/whitewilson/site/links/logo.html HTTP/1.0" 200 1088
211.45.245.162 - - [26/Feb/2000:09:21:16 +0000] "GET /system/PMS/subject.shtml HTTP/1.0" 200 1683
216.35.116.54 - - [26/Feb/2000:09:23:40 +0000] "GET /partners/iway/impaired_life/charts/netcharts/doc/Boxchart.html HTTP/1.0" 401 350
194.149.182.1 - - [26/Feb/2000:09:24:28 +0000] "GET /system/messages/178.shtml HTTP/1.1" 200 7631
128.177.243.155 - - [26/Feb/2000:09:26:35 +0000] "GET /partners/netalliance/puzzles/three/dos.html HTTP/1.0" 200 11074
216.35.116.54 - - [26/Feb/2000:09:28:40 +0000] "GET /system/tools_2.htm HTTP/1.0" 404 171
209.185.143.96 - - [26/Feb/2000:09:31:04 +0000] "GET /people/colinr/logo_4.html HTTP/1.0" 200 1039
212.155.198.228 - - [26/Feb/2000:09:31:08 +0000] "GET /convert.htm HTTP/1.0" 200 814
209.185.143.95 - - [26/Feb/2000:09:31:50 +0000] "GET /partners/context/archive/acm/subject.shtml HTTP/1.0" 200 664
216.35.116.74 - - [26/Feb/2000:09:33:36 +0000] "GET /house/kitchen/subject_2.shtml HTTP/1.0" 200 607
63.10.61.236 - - [26/Feb/2000:09:37:34 +0000] "GET /partners/hoop/betrothed/site/directory/tiaras.htm HTTP/1.1" 200 9762
216.35.116.56 - - [26/Feb/2000:09:38:07 +0000] "GET /tim/diary/1996/19960929/ HTTP/1.0" 200 1927
216.35.116.63 - - [26/Feb/2000:09:38:34 +0000] "GET /system/technology/html/dos.html HTTP/1.0" 200 6940
216.35.116.55 - - [26/Feb/2000:09:39:24 +0000] "GET /partners/tsl/editsys/prototype/paneris_view.html HTTP/1.0" 200 1858
216.35.116.66 - - [26/Feb/2000:09:39:56 +0000] "GET /companies/iway/usn/messages/11.htm HTTP/1.0" 404 187
211.45.245.162 - - [26/Feb/2000:09:40:20 +0000] "GET /system/PMS/subject.shtml HTTP/1.0" 200 1683
216.35.116.68 - - [26/Feb/2000:09:43:21 +0000] "GET /partners/airflow/PFE/db_structurePage13.html HTTP/1.0" 200 13253
216.35.116.74 - - [26/Feb/2000:09:44:06 +0000] "GET /partners/airflow/silvermans/subject_15.shtml HTTP/1.0" 200 4166
129.187.254.51 - - [26/Feb/2000:09:47:21 +0000] "GET /system/messages/178.shtml HTTP/1.0" 200 7612
209.185.143.95 - - [26/Feb/2000:09:49:10 +0000] "GET /people/williams/todo.dat HTTP/1.0" 200 125
209.185.143.98 - - [26/Feb/2000:09:50:47 +0000] "GET /sales/customer.html HTTP/1.0" 200 1910
216.35.116.77 - - [26/Feb/2000:09:52:14 +0000] "GET /partners/iway/impaired_life/charts/netcharts/doc/NFSpacing.html HTTP/1.0" 401 350
216.35.116.72 - - [26/Feb/2000:09:52:47 +0000] "GET /people/krugerd/actions.shtml HTTP/1.0" 200 18373
209.185.143.96 - - [26/Feb/2000:09:52:53 +0000] "GET /people/colinr/colin_cv.html HTTP/1.0" 200 2231
209.185.143.138 - - [26/Feb/2000:09:54:22 +0000] "HEAD /partners/netalliance/wordsearch/gong.au HTTP/1.0" 200 0
216.35.116.66 - - [26/Feb/2000:09:55:59 +0000] "GET /partners/context/DXpress/qxtorc_4.shtml HTTP/1.0" 404 192
209.185.143.138 - - [26/Feb/2000:09:57:20 +0000] "HEAD /people/patrickg/cards/frame2.au HTTP/1.0" 200 0
211.45.245.162 - - [26/Feb/2000:09:59:21 +0000] "GET /system/PMS/subject.shtml HTTP/1.0" 200 1683
148.245.233.77 - - [26/Feb/2000:09:59:59 +0000] "GET /system/messages/178.shtml HTTP/1.1" 200 7631
195.249.181.194 - - [26/Feb/2000:10:01:47 +0000] "GET /partners/JPS/commonwealth/report HTTP/1.1" 301 223
195.249.181.194 - - [26/Feb/2000:10:01:47 +0000] "GET /partners/JPS/commonwealth/report/ HTTP/1.1" 200 8622
195.249.181.194 - - [26/Feb/2000:10:01:48 +0000] "GET /partners/JPS/commonwealth/report/gifs/header-index.gif HTTP/1.1" 200 7135
195.249.181.194 - - [26/Feb/2000:10:01:48 +0000] "GET /partners/JPS/commonwealth/report/gifs/acp.gif HTTP/1.1" 200 1308
